{"id":97350,"date":"2016-12-02T16:49:17","date_gmt":"2016-12-02T15:49:17","guid":{"rendered":"http:\/\/www.mvtpaix.org\/wordpress\/?page_id=97350"},"modified":"2016-12-02T18:27:01","modified_gmt":"2016-12-02T17:27:01","slug":"urgence-paix","status":"publish","type":"page","link":"https:\/\/www.mvtpaix.org\/wordpress\/urgence-paix\/","title":{"rendered":"Urgence Paix !"},"content":{"rendered":"<p style=\"text-align: justify;\"><a href=\"http:\/\/www.mvtpaix.org\/utils\/formulairedadhesion.php\" target=\"_blank\"><img loading=\"lazy\" class=\"aligncenter wp-image-97351 size-full\" src=\"https:\/\/www.mvtpaix.org\/wordpress\/wp-content\/uploads\/2016\/12\/Banderole-unitaire.png\" alt=\"banderole-unitaire\" width=\"1513\" height=\"357\" srcset=\"https:\/\/www.mvtpaix.org\/wordpress\/wp-content\/uploads\/2016\/12\/Banderole-unitaire.png 1513w, https:\/\/www.mvtpaix.org\/wordpress\/wp-content\/uploads\/2016\/12\/Banderole-unitaire-300x70.png 300w, https:\/\/www.mvtpaix.org\/wordpress\/wp-content\/uploads\/2016\/12\/Banderole-unitaire-1024x241.png 1024w\" sizes=\"(max-width: 1513px) 100vw, 1513px\" \/><\/a><\/p>\n<h3 style=\"text-align: center;\">Participez \u00e0 la d\u00e9fense de la paix en permettant <br \/>au Mouvement de la Paix de vivre et d\u2019amplifier ses actions !<\/h3>\n<p style=\"text-align: justify;\"><em><br \/>Ch\u00e8res amies, Chers amis,<\/em><\/p>\n<p style=\"text-align: justify;\">Soyons d\u2019embl\u00e9e clairs et directs\u00a0: nous avons besoin de votre aide.<\/p>\n<p style=\"text-align: justify;\"><a href=\"http:\/\/www.mvtpaix.org\/utils\/formulairedadhesion.php\"><img loading=\"lazy\" class=\"alignright size-medium wp-image-89429\" src=\"https:\/\/www.mvtpaix.org\/wordpress\/wp-content\/uploads\/2016\/07\/paix-chanteurs-300x212.jpg\" alt=\"paix-chanteurs\" width=\"300\" height=\"212\" \/><\/a>Vous faites partie des milliers de personnes que nous informons r\u00e9guli\u00e8rement de l\u2019actualit\u00e9 nationale et internationale pour la paix. Beaucoup d\u2019entre vous soutiennent nos actions.<\/p>\n<p style=\"text-align: justify; padding-left: 30px;\">Mais nous sommes \u00e0 peine 3000 membres du Mouvement de la Paix. C\u2019est trop peu pour mener toutes les actions n\u00e9cessaires au regard des enjeux et de la force du lobby militaro-industriel (de ses moyens financiers et m\u00e9diatiques etc.).<\/p>\n<p style=\"text-align: justify;\"><strong>Nous avons besoin de vous<\/strong> pour mener nos campagnes et les gagner.<br \/> <strong>Nous avons besoin de votre soutien financier<\/strong> car la quasi-totalit\u00e9 de nos ressources provient des moyens que nous donnent nos adh\u00e9rents.<\/p>\n<p style=\"text-align: justify; padding-left: 30px;\">Actuellement, sur cinq emplois, nous b\u00e9n\u00e9ficions de quatre emplois aid\u00e9s absolument n\u00e9cessaires au fonctionnement du Mouvement. Pour pouvoir conserver ces emplois qui vont \u00eatre prochainement en totalit\u00e9 \u00e0 notre charge, il nous faut au minimum 60.000 \u20ac de recettes suppl\u00e9mentaires par an.<\/p>\n<p style=\"text-align: justify;\"><strong>Pour tout cela il faut que nous doublions le nombre de nos membres.<\/strong><\/p>\n<p style=\"text-align: justify; padding-left: 30px;\">C\u2019est la <strong>solution n\u00e9cessaire<\/strong> pour construire un Mouvement de la Paix \u00e0 hauteur des enjeux de notre \u00e9poque. C\u2019est <strong>la solution juste et d\u00e9mocratique<\/strong> qui permet de sauvegarder nos moyens tout en permettant \u00e0 plus de personnes de prendre part \u00e0 la vie du Mouvement de la Paix et d\u2019obtenir des r\u00e9sultats dans nos luttes communes pour la paix.<\/p>\n<p style=\"text-align: justify;\"><strong>Vous \u00eates la solution. Il n\u2019y en a pas d\u2019autres et il y a urgence<\/strong>\u00a0!<br \/><strong>Si chacun de vous<\/strong> r\u00e9pond positivement \u00e0 notre appel et rejoint le Mouvement de la Paix en versant au moins 12 \u20ac, nous serons \u00e0 m\u00eame de conserver ces emplois en 2017.<\/p>\n<p style=\"text-align: justify; padding-left: 30px;\"><strong>Nos actions pass\u00e9es t\u00e9moignent que nous m\u00e9ritons votre confiance et votre soutien.<\/strong><\/p>\n<p style=\"text-align: justify;\"><strong>Ne reportez pas votre d\u00e9cision, rejoignez-nous\u00a0d\u00e8s maintenant ! <\/strong><\/p>\n<p style=\"text-align: justify; padding-left: 30px;\"><strong>L\u2019urgence est l\u00e0<\/strong>. Merci par avance de votre aide et votre engagement pour la paix.<\/p>\n<p style=\"text-align: justify; padding-left: 30px;\">Sans la paix il n&#8217;y aura pas de solutions aux grands probl\u00e8mes pos\u00e9s \u00e0 l&#8217;humanit\u00e9 et aux probl\u00e8mes de notre pays.<\/p>\n<p>&nbsp;<\/p>\n<h3 style=\"text-align: center;\"><a href=\"http:\/\/www.mvtpaix.org\/utils\/formulairedadhesion.php\" target=\"_blank\"><strong>Rejoignez le Mouvement de la Paix<\/strong>, en cliquant sur ce lien !<\/a><\/h3>\n<h3 style=\"text-align: center;\"><strong><a href=\"http:\/\/www.mvtpaix.org\/utils\/formulairededonsmvtpaix.php\" target=\"_blank\">Faites un don si vous \u00eates d\u00e9j\u00e0 membre<\/a><\/strong><\/h3>\n<p>&nbsp;<\/p>\n<p style=\"text-align: right;\">Cordialement et pacifiquement,<\/p>\n<p style=\"text-align: right;\"><strong>Le Mouvement de la Paix<\/strong><\/p>\n<p>&nbsp;<\/p>\n<ul style=\"list-style-type: disc;\">\n<li style=\"text-align: justify;\">Si vous payez des imp\u00f4ts, en proc\u00e9dant \u00e0 votre versement avant le 30 d\u00e9cembre 2016 vous pourrez d\u00e9duire 66 % de cette somme d\u00e8s 2017\u00a0! (si vous versez 100 \u20ac il vous en co\u00fbtera seulement 34 \u20ac apr\u00e8s d\u00e9duction fiscale, pour 20 \u20ac il vous en co\u00fbtera seulement 6, 80 \u20ac). Une attestation de versement de don vous sera d\u00e9livr\u00e9e d\u00e8s votre versement d\u00e9bit\u00e9.<\/li>\n<\/ul>\n<p style=\"text-align: justify;\">PS\u00a0: Merci de diffuser notre appel dans vos r\u00e9seaux et aupr\u00e8s de vos amis.<\/p>\n<p style=\"text-align: center;\"><a href=\"http:\/\/www.mvtpaix.org\/utils\/formulairedadhesion.php\" target=\"_blank\"><img loading=\"lazy\" class=\"aligncenter wp-image-97352 size-full\" src=\"https:\/\/www.mvtpaix.org\/wordpress\/wp-content\/uploads\/2016\/12\/pellicule-photos.jpg\" alt=\"pellicule-photos\" width=\"1772\" height=\"384\" srcset=\"https:\/\/www.mvtpaix.org\/wordpress\/wp-content\/uploads\/2016\/12\/pellicule-photos.jpg 1772w, https:\/\/www.mvtpaix.org\/wordpress\/wp-content\/uploads\/2016\/12\/pellicule-photos-300x65.jpg 300w, https:\/\/www.mvtpaix.org\/wordpress\/wp-content\/uploads\/2016\/12\/pellicule-photos-1024x221.jpg 1024w\" sizes=\"(max-width: 1772px) 100vw, 1772px\" \/><\/a><\/p>\n<a class=\"synved-social-button synved-social-button-share synved-social-size-32 synved-social-resolution-single synved-social-provider-facebook nolightbox\" data-provider=\"facebook\" target=\"_blank\" rel=\"nofollow\" title=\"Partagez cette page sur Facebook\" href=\"https:\/\/www.facebook.com\/sharer.php?u=https%3A%2F%2Fwww.mvtpaix.org%2Fwordpress%2Fwp-json%2Fwp%2Fv2%2Fpages%2F97350&#038;t=Urgence%20Paix%20%21&#038;s=100&#038;p&#091;url&#093;=https%3A%2F%2Fwww.mvtpaix.org%2Fwordpress%2Fwp-json%2Fwp%2Fv2%2Fpages%2F97350&#038;p&#091;images&#093;&#091;0&#093;=https%3A%2F%2Fwww.mvtpaix.org%2Fwordpress%2Fwp-content%2Fuploads%2F2014%2F06%2Ffond-neutre.gif&#038;p&#091;title&#093;=Urgence%20Paix%20%21\" style=\"font-size: 0px; width:32px;height:32px;margin:0;margin-bottom:5px;margin-right:5px;\"><img alt=\"Facebook\" title=\"Partagez cette page sur Facebook\" class=\"synved-share-image synved-social-image synved-social-image-share\" width=\"32\" height=\"32\" style=\"display: inline; width:32px;height:32px; margin: 0; padding: 0; border: none; box-shadow: none;\" src=\"https:\/\/www.mvtpaix.org\/wordpress\/wp-content\/plugins\/social-media-feather\/synved-social\/image\/social\/regular\/64x64\/facebook.png\" \/><\/a><a class=\"synved-social-button synved-social-button-share synved-social-size-32 synved-social-resolution-single synved-social-provider-twitter nolightbox\" data-provider=\"twitter\" target=\"_blank\" rel=\"nofollow\" title=\"Partagez cette page sur Twitter\" href=\"https:\/\/twitter.com\/intent\/tweet?url=https%3A%2F%2Fwww.mvtpaix.org%2Fwordpress%2Fwp-json%2Fwp%2Fv2%2Fpages%2F97350&#038;text=Suivez%20le%20Mouvement%20de%20la%20Paix%20\" style=\"font-size: 0px; width:32px;height:32px;margin:0;margin-bottom:5px;margin-right:5px;\"><img alt=\"twitter\" title=\"Partagez cette page sur Twitter\" class=\"synved-share-image synved-social-image synved-social-image-share\" width=\"32\" height=\"32\" style=\"display: inline; width:32px;height:32px; margin: 0; padding: 0; border: none; box-shadow: none;\" src=\"https:\/\/www.mvtpaix.org\/wordpress\/wp-content\/plugins\/social-media-feather\/synved-social\/image\/social\/regular\/64x64\/twitter.png\" \/><\/a><a class=\"synved-social-button synved-social-button-share synved-social-size-32 synved-social-resolution-single synved-social-provider-mail nolightbox\" data-provider=\"mail\" rel=\"nofollow\" title=\"Partagez-nous par email\" href=\"mailto:?subject=Urgence%20Paix%20%21&#038;body=Suivez%20le%20Mouvement%20de%20la%20Paix%20:%20https%3A%2F%2Fwww.mvtpaix.org%2Fwordpress%2Fwp-json%2Fwp%2Fv2%2Fpages%2F97350\" style=\"font-size: 0px; width:32px;height:32px;margin:0;margin-bottom:5px;\"><img alt=\"mail\" title=\"Partagez-nous par email\" class=\"synved-share-image synved-social-image synved-social-image-share\" width=\"32\" height=\"32\" style=\"display: inline; width:32px;height:32px; margin: 0; padding: 0; border: none; box-shadow: none;\" src=\"https:\/\/www.mvtpaix.org\/wordpress\/wp-content\/plugins\/social-media-feather\/synved-social\/image\/social\/regular\/64x64\/mail.png\" \/><\/a>","protected":false},"excerpt":{"rendered":"<p>Participez \u00e0 la d\u00e9fense de la paix en permettant au Mouvement de la Paix de vivre et d\u2019amplifier ses actions ! Ch\u00e8res amies, Chers amis, Soyons d\u2019embl\u00e9e clairs et directs\u00a0: nous avons besoin de votre aide. Vous faites partie des milliers de personnes que nous informons r\u00e9guli\u00e8rement de l\u2019actualit\u00e9 nationale et internationale pour la paix. [&hellip;]<\/p>\n","protected":false},"author":1,"featured_media":89771,"parent":0,"menu_order":0,"comment_status":"closed","ping_status":"closed","template":"page-full-width.php","meta":[],"categories":[38,156],"tags":[],"_links":{"self":[{"href":"https:\/\/www.mvtpaix.org\/wordpress\/wp-json\/wp\/v2\/pages\/97350"}],"collection":[{"href":"https:\/\/www.mvtpaix.org\/wordpress\/wp-json\/wp\/v2\/pages"}],"about":[{"href":"https:\/\/www.mvtpaix.org\/wordpress\/wp-json\/wp\/v2\/types\/page"}],"author":[{"embeddable":true,"href":"https:\/\/www.mvtpaix.org\/wordpress\/wp-json\/wp\/v2\/users\/1"}],"replies":[{"embeddable":true,"href":"https:\/\/www.mvtpaix.org\/wordpress\/wp-json\/wp\/v2\/comments?post=97350"}],"version-history":[{"count":12,"href":"https:\/\/www.mvtpaix.org\/wordpress\/wp-json\/wp\/v2\/pages\/97350\/revisions"}],"predecessor-version":[{"id":97366,"href":"https:\/\/www.mvtpaix.org\/wordpress\/wp-json\/wp\/v2\/pages\/97350\/revisions\/97366"}],"wp:featuredmedia":[{"embeddable":true,"href":"https:\/\/www.mvtpaix.org\/wordpress\/wp-json\/wp\/v2\/media\/89771"}],"wp:attachment":[{"href":"https:\/\/www.mvtpaix.org\/wordpress\/wp-json\/wp\/v2\/media?parent=97350"}],"wp:term":[{"taxonomy":"category","embeddable":true,"href":"https:\/\/www.mvtpaix.org\/wordpress\/wp-json\/wp\/v2\/categories?post=97350"},{"taxonomy":"post_tag","embeddable":true,"href":"https:\/\/www.mvtpaix.org\/wordpress\/wp-json\/wp\/v2\/tags?post=97350"}],"curies":[{"name":"wp","href":"https:\/\/api.w.org\/{rel}","templated":true}]}}

<p style="text-align: justify;"><a href="http://www.mvtpaix.org/utils/formulairedadhesion.php" target="_blank"><img loading="lazy" class="aligncenter wp-image-97351 size-full" src="https://www.mvtpaix.org/wordpress/wp-content/uploads/2016/12/Banderole-unitaire.png" alt="banderole-unitaire" width="1513" height="357" srcset="https://www.mvtpaix.org/wordpress/wp-content/uploads/2016/12/Banderole-unitaire.png 1513w, https://www.mvtpaix.org/wordpress/wp-content/uploads/2016/12/Banderole-unitaire-300x70.png 300w, https://www.mvtpaix.org/wordpress/wp-content/uploads/2016/12/Banderole-unitaire-1024x241.png 1024w" sizes="(max-width: 1513px) 100vw, 1513px" /></a></p>
<h3 style="text-align: center;">Participez à la défense de la paix en permettant <br />au Mouvement de la Paix de vivre et d’amplifier ses actions !</h3>
<p style="text-align: justify;"><em><br />Chères amies, Chers amis,</em></p>
<p style="text-align: justify;">Soyons d’emblée clairs et directs : nous avons besoin de votre aide.</p>
<p style="text-align: justify;"><a href="http://www.mvtpaix.org/utils/formulairedadhesion.php"><img loading="lazy" class="alignright size-medium wp-image-89429" src="https://www.mvtpaix.org/wordpress/wp-content/uploads/2016/07/paix-chanteurs-300x212.jpg" alt="paix-chanteurs" width="300" height="212" /></a>Vous faites partie des milliers de personnes que nous informons régulièrement de l’actualité nationale et internationale pour la paix. Beaucoup d’entre vous soutiennent nos actions.</p>
<p style="text-align: justify; padding-left: 30px;">Mais nous sommes à peine 3000 membres du Mouvement de la Paix. C’est trop peu pour mener toutes les actions nécessaires au regard des enjeux et de la force du lobby militaro-industriel (de ses moyens financiers et médiatiques etc.).</p>
<p style="text-align: justify;"><strong>Nous avons besoin de vous</strong> pour mener nos campagnes et les gagner.<br /> <strong>Nous avons besoin de votre soutien financier</strong> car la quasi-totalité de nos ressources provient des moyens que nous donnent nos adhérents.</p>
<p style="text-align: justify; padding-left: 30px;">Actuellement, sur cinq emplois, nous bénéficions de quatre emplois aidés absolument nécessaires au fonctionnement du Mouvement. Pour pouvoir conserver ces emplois qui vont être prochainement en totalité à notre charge, il nous faut au minimum 60.000 € de recettes supplémentaires par an.</p>
<p style="text-align: justify;"><strong>Pour tout cela il faut que nous doublions le nombre de nos membres.</strong></p>
<p style="text-align: justify; padding-left: 30px;">C’est la <strong>solution nécessaire</strong> pour construire un Mouvement de la Paix à hauteur des enjeux de notre époque. C’est <strong>la solution juste et démocratique</strong> qui permet de sauvegarder nos moyens tout en permettant à plus de personnes de prendre part à la vie du Mouvement de la Paix et d’obtenir des résultats dans nos luttes communes pour la paix.</p>
<p style="text-align: justify;"><strong>Vous êtes la solution. Il n’y en a pas d’autres et il y a urgence</strong> !<br /><strong>Si chacun de vous</strong> répond positivement à notre appel et rejoint le Mouvement de la Paix en versant au moins 12 €, nous serons à même de conserver ces emplois en 2017.</p>
<p style="text-align: justify; padding-left: 30px;"><strong>Nos actions passées témoignent que nous méritons votre confiance et votre soutien.</strong></p>
<p style="text-align: justify;"><strong>Ne reportez pas votre décision, rejoignez-nous dès maintenant ! </strong></p>
<p style="text-align: justify; padding-left: 30px;"><strong>L’urgence est là</strong>. Merci par avance de votre aide et votre engagement pour la paix.</p>
<p style="text-align: justify; padding-left: 30px;">Sans la paix il n&#8217;y aura pas de solutions aux grands problèmes posés à l&#8217;humanité et aux problèmes de notre pays.</p>
<p>&nbsp;</p>
<h3 style="text-align: center;"><a href="http://www.mvtpaix.org/utils/formulairedadhesion.php" target="_blank"><strong>Rejoignez le Mouvement de la Paix</strong>, en cliquant sur ce lien !</a></h3>
<h3 style="text-align: center;"><strong><a href="http://www.mvtpaix.org/utils/formulairededonsmvtpaix.php" target="_blank">Faites un don si vous êtes déjà membre</a></strong></h3>
<p>&nbsp;</p>
<p style="text-align: right;">Cordialement et pacifiquement,</p>
<p style="text-align: right;"><strong>Le Mouvement de la Paix</strong></p>
<p>&nbsp;</p>
<ul style="list-style-type: disc;">
<li style="text-align: justify;">Si vous payez des impôts, en procédant à votre versement avant le 30 décembre 2016 vous pourrez déduire 66 % de cette somme dès 2017 ! (si vous versez 100 € il vous en coûtera seulement 34 € après déduction fiscale, pour 20 € il vous en coûtera seulement 6, 80 €). Une attestation de versement de don vous sera délivrée dès votre versement débité.</li>
</ul>
<p style="text-align: justify;">PS : Merci de diffuser notre appel dans vos réseaux et auprès de vos amis.</p>
<p style="text-align: center;"><a href="http://www.mvtpaix.org/utils/formulairedadhesion.php" target="_blank"><img loading="lazy" class="aligncenter wp-image-97352 size-full" src="https://www.mvtpaix.org/wordpress/wp-content/uploads/2016/12/pellicule-photos.jpg" alt="pellicule-photos" width="1772" height="384" srcset="https://www.mvtpaix.org/wordpress/wp-content/uploads/2016/12/pellicule-photos.jpg 1772w, https://www.mvtpaix.org/wordpress/wp-content/uploads/2016/12/pellicule-photos-300x65.jpg 300w, https://www.mvtpaix.org/wordpress/wp-content/uploads/2016/12/pellicule-photos-1024x221.jpg 1024w" sizes="(max-width: 1772px) 100vw, 1772px" /></a></p>
<a class="synved-social-button synved-social-button-share synved-social-size-32 synved-social-resolution-single synved-social-provider-facebook nolightbox" data-provider="facebook" target="_blank" rel="nofollow" title="Partagez cette page sur Facebook" href="https://www.facebook.com/sharer.php?u=https%3A%2F%2Fwww.mvtpaix.org%2Fwordpress%2Fwp-json%2Fwp%2Fv2%2Fpages%2F97350&#038;t=Urgence%20Paix%20%21&#038;s=100&#038;p&#091;url&#093;=https%3A%2F%2Fwww.mvtpaix.org%2Fwordpress%2Fwp-json%2Fwp%2Fv2%2Fpages%2F97350&#038;p&#091;images&#093;&#091;0&#093;=https%3A%2F%2Fwww.mvtpaix.org%2Fwordpress%2Fwp-content%2Fuploads%2F2014%2F06%2Ffond-neutre.gif&#038;p&#091;title&#093;=Urgence%20Paix%20%21" style="font-size: 0px; width:32px;height:32px;margin:0;margin-bottom:5px;margin-right:5px;"><img alt="Facebook" title="Partagez cette page sur Facebook" class="synved-share-image synved-social-image synved-social-image-share" width="32" height="32" style="display: inline; width:32px;height:32px; margin: 0; padding: 0; border: none; box-shadow: none;" src="https://www.mvtpaix.org/wordpress/wp-content/plugins/social-media-feather/synved-social/image/social/regular/64x64/facebook.png" /></a><a class="synved-social-button synved-social-button-share synved-social-size-32 synved-social-resolution-single synved-social-provider-twitter nolightbox" data-provider="twitter" target="_blank" rel="nofollow" title="Partagez cette page sur Twitter" href="https://twitter.com/intent/tweet?url=https%3A%2F%2Fwww.mvtpaix.org%2Fwordpress%2Fwp-json%2Fwp%2Fv2%2Fpages%2F97350&#038;text=Suivez%20le%20Mouvement%20de%20la%20Paix%20" style="font-size: 0px; width:32px;height:32px;margin:0;margin-bottom:5px;margin-right:5px;"><img alt="twitter" title="Partagez cette page sur Twitter" class="synved-share-image synved-social-image synved-social-image-share" width="32" height="32" style="display: inline; width:32px;height:32px; margin: 0; padding: 0; border: none; box-shadow: none;" src="https://www.mvtpaix.org/wordpress/wp-content/plugins/social-media-feather/synved-social/image/social/regular/64x64/twitter.png" /></a><a class="synved-social-button synved-social-button-share synved-social-size-32 synved-social-resolution-single synved-social-provider-mail nolightbox" data-provider="mail" rel="nofollow" title="Partagez-nous par email" href="mailto:?subject=Urgence%20Paix%20%21&#038;body=Suivez%20le%20Mouvement%20de%20la%20Paix%20:%20https%3A%2F%2Fwww.mvtpaix.org%2Fwordpress%2Fwp-json%2Fwp%2Fv2%2Fpages%2F97350" style="font-size: 0px; width:32px;height:32px;margin:0;margin-bottom:5px;"><img alt="mail" title="Partagez-nous par email" class="synved-share-image synved-social-image synved-social-image-share" width="32" height="32" style="display: inline; width:32px;height:32px; margin: 0; padding: 0; border: none; box-shadow: none;" src="https://www.mvtpaix.org/wordpress/wp-content/plugins/social-media-feather/synved-social/image/social/regular/64x64/mail.png" /></a>

<p>Participez à la défense de la paix en permettant au Mouvement de la Paix de vivre et d’amplifier ses actions ! Chères amies, Chers amis, Soyons d’emblée clairs et directs : nous avons besoin de votre aide. Vous faites partie des milliers de personnes que nous informons régulièrement de l’actualité nationale et internationale pour la paix. [&hellip;]</p>
