{"id":89216,"date":"2016-07-01T17:48:25","date_gmt":"2016-07-01T15:48:25","guid":{"rendered":"http:\/\/www.mvtpaix.org\/wordpress\/?page_id=89216"},"modified":"2016-07-01T17:55:52","modified_gmt":"2016-07-01T15:55:52","slug":"reaction-du-mouvement-de-la-paix-au-tir-du-m51","status":"publish","type":"page","link":"https:\/\/www.mvtpaix.org\/wordpress\/reaction-du-mouvement-de-la-paix-au-tir-du-m51\/","title":{"rendered":"R\u00e9action du Mouvement de la Paix au tir du M51"},"content":{"rendered":"<p style=\"text-align: justify;\"><span style=\"font-family: Helvetica,Arial,sans-serif;\"><b>Apr\u00e8s le tir du Missile nucl\u00e9aire M51, le Mouvement de la Paix indique que l\u2019exigence de l\u2019\u00e9limination des armes nucl\u00e9aires sera aussi port\u00e9e par les marches pour la paix organis\u00e9es en France le samedi 24 septembre 2016.<\/b>\n<\/span><\/p>\n<p style=\"text-align: justify;\"><a href=\"https:\/\/www.mvtpaix.org\/wordpress\/wp-content\/uploads\/2016\/07\/Tir-M51-1er-juillet.jpg\"><img loading=\"lazy\" class=\"aligncenter size-large wp-image-89214\" src=\"https:\/\/www.mvtpaix.org\/wordpress\/wp-content\/uploads\/2016\/07\/Tir-M51-1er-juillet-1024x512.jpg\" alt=\"Tir M51 1er juillet\" width=\"640\" height=\"320\" srcset=\"https:\/\/www.mvtpaix.org\/wordpress\/wp-content\/uploads\/2016\/07\/Tir-M51-1er-juillet-1024x512.jpg 1024w, https:\/\/www.mvtpaix.org\/wordpress\/wp-content\/uploads\/2016\/07\/Tir-M51-1er-juillet-300x150.jpg 300w, https:\/\/www.mvtpaix.org\/wordpress\/wp-content\/uploads\/2016\/07\/Tir-M51-1er-juillet.jpg 1280w\" sizes=\"(max-width: 640px) 100vw, 640px\" \/><\/a><\/p>\n<p><div id=\"attachment_89116\" style=\"width: 146px\" class=\"wp-caption alignright\"><a href=\"https:\/\/www.mvtpaix.org\/wordpress\/wp-content\/uploads\/2016\/07\/CP-R\u00e9action-tir-M51.pdf\"><img aria-describedby=\"caption-attachment-89116\" loading=\"lazy\" class=\"wp-image-89116\" src=\"https:\/\/www.mvtpaix.org\/wordpress\/wp-content\/uploads\/2016\/06\/PDF.jpg\" alt=\"\" width=\"136\" height=\"136\" \/><\/a><p id=\"caption-attachment-89116\" class=\"wp-caption-text\"><strong><a href=\"https:\/\/www.mvtpaix.org\/wordpress\/wp-content\/uploads\/2016\/07\/CP-R\u00e9action-tir-M51.pdf\" target=\"_blank\">T\u00e9l\u00e9charger le fichier en .PDF<\/a><\/strong><\/p><\/div><\/p>\n<p style=\"text-align: justify;\"><span style=\"font-family: Helvetica,Arial,sans-serif;\">Le nouveau tir du Missile M51 attendu depuis plusieurs semaines a eu lieu ce matin du 1 juillet 2016. Ce tir du missile M51 illustre la politique dangereuse et irresponsable de la France de poursuivre sa politique de \u00ab modernisation \u00bb de ses armes atomiques.<\/span><\/p>\n<p style=\"text-align: justify;\"><span style=\"font-family: Helvetica,Arial,sans-serif;\">Le gouvernement fran\u00e7ais confirme ainsi sa volont\u00e9 de ne pas s\u2019inscrire dans le mouvement mondial en faveur du d\u00e9sarmement nucl\u00e9aire, et de ne pas respecter ses propres engagements internationaux d\u00e9coulant de l\u2019article 6 du Trait\u00e9 sur la non-prolif\u00e9ration des armes nucl\u00e9aires. <\/span><\/p>\n<p style=\"text-align: justify;\"><span style=\"font-family: Helvetica,Arial,sans-serif;\">Aussi, au moment o\u00f9 plusieurs voix politiques proposent d\u2019augmenter de 40 \u00e0 60 % les d\u00e9penses consacr\u00e9es au budget de la France pour les armes nucl\u00e9aires (+ 40% pour l\u2019actuel ministre de la d\u00e9fense et + 60 % pour Sarkozy) le Mouvement de la Paix estime que c\u2019est \u00e0 la population d\u2019agir pour exiger le respect du droit international.<\/span><\/p>\n<p style=\"text-align: justify;\"><span style=\"font-family: Helvetica,Arial,sans-serif;\">C\u2019est pourquoi, le Mouvement de la Paix appelle \u00e0 participer le samedi 24 septembre 2016 aux Marches pour la paix organis\u00e9es dans 11 p\u00f4les de rassemblements en France par le Collectif \u00ab En marche pour la paix \u00bb pour obtenir des politiques sociales, \u00e9conomiques, culturelles et de paix s&#8217;inspirant de la charte des Nations Unies et des huit domaines de la culture de la paix d\u00e9finis par l&#8217;Unesco afin de contribuer \u00e0 la construction d&#8217;un monde\u00a0 de justice, de solidarit\u00e9, de fraternit\u00e9, de Paix, d\u00e9barrass\u00e9 de la menace des armes nucl\u00e9aires.<\/span><\/p>\n<div align=\"right\"><span style=\"font-family: Helvetica,Arial,sans-serif;\"><i>Le 1er juillet 2016<\/i><i>\n<\/i><br \/><i>\n<\/i><i>Le Mouvement de la Paix<\/i><br \/>\n<\/span><\/div>\n<p><span style=\"font-family: Helvetica,Arial,sans-serif;\">\n<span style=\"text-decoration: underline;\">Note<\/span> : voir <span style=\"text-decoration: underline;\"><a href=\"https:\/\/www.mvtpaix.org\/wordpress\/non-a-un-nouveau-tir-du-missile-nucleaire-m51-non-au-developpement-de-larsenal-nucleaire\/\">notre communiqu\u00e9 du 9 juin 2016<\/a><\/span><br \/>\nEt les infos sur <span style=\"text-decoration: underline;\"><a href=\"https:\/\/www.mvtpaix.org\/wordpress\/blog\/2016\/06\/13\/comite-de-bretagne-a-penmarchh-contre-le-m51\/\">notre rassemblement \u00e0 Penmarc\u2019h contre ce tir<\/a><\/span><\/span><\/p>\n<a class=\"synved-social-button synved-social-button-share synved-social-size-32 synved-social-resolution-single synved-social-provider-facebook nolightbox\" data-provider=\"facebook\" target=\"_blank\" rel=\"nofollow\" title=\"Partagez cette page sur Facebook\" href=\"https:\/\/www.facebook.com\/sharer.php?u=https%3A%2F%2Fwww.mvtpaix.org%2Fwordpress%2Fwp-json%2Fwp%2Fv2%2Fpages%2F89216&#038;t=R%C3%A9action%20du%20Mouvement%20de%20la%20Paix%20au%20tir%20du%20M51&#038;s=100&#038;p&#091;url&#093;=https%3A%2F%2Fwww.mvtpaix.org%2Fwordpress%2Fwp-json%2Fwp%2Fv2%2Fpages%2F89216&#038;p&#091;images&#093;&#091;0&#093;=https%3A%2F%2Fwww.mvtpaix.org%2Fwordpress%2Fwp-content%2Fuploads%2F2014%2F06%2Ffond-neutre.gif&#038;p&#091;title&#093;=R%C3%A9action%20du%20Mouvement%20de%20la%20Paix%20au%20tir%20du%20M51\" style=\"font-size: 0px; width:32px;height:32px;margin:0;margin-bottom:5px;margin-right:5px;\"><img alt=\"Facebook\" title=\"Partagez cette page sur Facebook\" class=\"synved-share-image synved-social-image synved-social-image-share\" width=\"32\" height=\"32\" style=\"display: inline; width:32px;height:32px; margin: 0; padding: 0; border: none; box-shadow: none;\" src=\"https:\/\/www.mvtpaix.org\/wordpress\/wp-content\/plugins\/social-media-feather\/synved-social\/image\/social\/regular\/64x64\/facebook.png\" \/><\/a><a class=\"synved-social-button synved-social-button-share synved-social-size-32 synved-social-resolution-single synved-social-provider-twitter nolightbox\" data-provider=\"twitter\" target=\"_blank\" rel=\"nofollow\" title=\"Partagez cette page sur Twitter\" href=\"https:\/\/twitter.com\/intent\/tweet?url=https%3A%2F%2Fwww.mvtpaix.org%2Fwordpress%2Fwp-json%2Fwp%2Fv2%2Fpages%2F89216&#038;text=Suivez%20le%20Mouvement%20de%20la%20Paix%20\" style=\"font-size: 0px; width:32px;height:32px;margin:0;margin-bottom:5px;margin-right:5px;\"><img alt=\"twitter\" title=\"Partagez cette page sur Twitter\" class=\"synved-share-image synved-social-image synved-social-image-share\" width=\"32\" height=\"32\" style=\"display: inline; width:32px;height:32px; margin: 0; padding: 0; border: none; box-shadow: none;\" src=\"https:\/\/www.mvtpaix.org\/wordpress\/wp-content\/plugins\/social-media-feather\/synved-social\/image\/social\/regular\/64x64\/twitter.png\" \/><\/a><a class=\"synved-social-button synved-social-button-share synved-social-size-32 synved-social-resolution-single synved-social-provider-mail nolightbox\" data-provider=\"mail\" rel=\"nofollow\" title=\"Partagez-nous par email\" href=\"mailto:?subject=R%C3%A9action%20du%20Mouvement%20de%20la%20Paix%20au%20tir%20du%20M51&#038;body=Suivez%20le%20Mouvement%20de%20la%20Paix%20:%20https%3A%2F%2Fwww.mvtpaix.org%2Fwordpress%2Fwp-json%2Fwp%2Fv2%2Fpages%2F89216\" style=\"font-size: 0px; width:32px;height:32px;margin:0;margin-bottom:5px;\"><img alt=\"mail\" title=\"Partagez-nous par email\" class=\"synved-share-image synved-social-image synved-social-image-share\" width=\"32\" height=\"32\" style=\"display: inline; width:32px;height:32px; margin: 0; padding: 0; border: none; box-shadow: none;\" src=\"https:\/\/www.mvtpaix.org\/wordpress\/wp-content\/plugins\/social-media-feather\/synved-social\/image\/social\/regular\/64x64\/mail.png\" \/><\/a>","protected":false},"excerpt":{"rendered":"<p>Apr\u00e8s le tir du Missile nucl\u00e9aire M51, le Mouvement de la Paix indique que l\u2019exigence de l\u2019\u00e9limination des armes nucl\u00e9aires sera aussi port\u00e9e par les marches pour la paix organis\u00e9es en France le samedi 24 septembre 2016. Le nouveau tir du Missile M51 attendu depuis plusieurs semaines a eu lieu ce matin du 1 juillet [&hellip;]<\/p>\n","protected":false},"author":1,"featured_media":89771,"parent":0,"menu_order":0,"comment_status":"open","ping_status":"open","template":"","meta":[],"categories":[3],"tags":[668,501,502],"_links":{"self":[{"href":"https:\/\/www.mvtpaix.org\/wordpress\/wp-json\/wp\/v2\/pages\/89216"}],"collection":[{"href":"https:\/\/www.mvtpaix.org\/wordpress\/wp-json\/wp\/v2\/pages"}],"about":[{"href":"https:\/\/www.mvtpaix.org\/wordpress\/wp-json\/wp\/v2\/types\/page"}],"author":[{"embeddable":true,"href":"https:\/\/www.mvtpaix.org\/wordpress\/wp-json\/wp\/v2\/users\/1"}],"replies":[{"embeddable":true,"href":"https:\/\/www.mvtpaix.org\/wordpress\/wp-json\/wp\/v2\/comments?post=89216"}],"version-history":[{"count":3,"href":"https:\/\/www.mvtpaix.org\/wordpress\/wp-json\/wp\/v2\/pages\/89216\/revisions"}],"predecessor-version":[{"id":89220,"href":"https:\/\/www.mvtpaix.org\/wordpress\/wp-json\/wp\/v2\/pages\/89216\/revisions\/89220"}],"wp:featuredmedia":[{"embeddable":true,"href":"https:\/\/www.mvtpaix.org\/wordpress\/wp-json\/wp\/v2\/media\/89771"}],"wp:attachment":[{"href":"https:\/\/www.mvtpaix.org\/wordpress\/wp-json\/wp\/v2\/media?parent=89216"}],"wp:term":[{"taxonomy":"category","embeddable":true,"href":"https:\/\/www.mvtpaix.org\/wordpress\/wp-json\/wp\/v2\/categories?post=89216"},{"taxonomy":"post_tag","embeddable":true,"href":"https:\/\/www.mvtpaix.org\/wordpress\/wp-json\/wp\/v2\/tags?post=89216"}],"curies":[{"name":"wp","href":"https:\/\/api.w.org\/{rel}","templated":true}]}}

Réaction du Mouvement de la Paix au tir du M51

<p style="text-align: justify;"><span style="font-family: Helvetica,Arial,sans-serif;"><b>Après le tir du Missile nucléaire M51, le Mouvement de la Paix indique que l’exigence de l’élimination des armes nucléaires sera aussi portée par les marches pour la paix organisées en France le samedi 24 septembre 2016.</b>
</span></p>
<p style="text-align: justify;"><a href="https://www.mvtpaix.org/wordpress/wp-content/uploads/2016/07/Tir-M51-1er-juillet.jpg"><img loading="lazy" class="aligncenter size-large wp-image-89214" src="https://www.mvtpaix.org/wordpress/wp-content/uploads/2016/07/Tir-M51-1er-juillet-1024x512.jpg" alt="Tir M51 1er juillet" width="640" height="320" srcset="https://www.mvtpaix.org/wordpress/wp-content/uploads/2016/07/Tir-M51-1er-juillet-1024x512.jpg 1024w, https://www.mvtpaix.org/wordpress/wp-content/uploads/2016/07/Tir-M51-1er-juillet-300x150.jpg 300w, https://www.mvtpaix.org/wordpress/wp-content/uploads/2016/07/Tir-M51-1er-juillet.jpg 1280w" sizes="(max-width: 640px) 100vw, 640px" /></a></p>
<p><div id="attachment_89116" style="width: 146px" class="wp-caption alignright"><a href="https://www.mvtpaix.org/wordpress/wp-content/uploads/2016/07/CP-Réaction-tir-M51.pdf"><img aria-describedby="caption-attachment-89116" loading="lazy" class="wp-image-89116" src="https://www.mvtpaix.org/wordpress/wp-content/uploads/2016/06/PDF.jpg" alt="" width="136" height="136" /></a><p id="caption-attachment-89116" class="wp-caption-text"><strong><a href="https://www.mvtpaix.org/wordpress/wp-content/uploads/2016/07/CP-Réaction-tir-M51.pdf" target="_blank">Télécharger le fichier en .PDF</a></strong></p></div></p>
<p style="text-align: justify;"><span style="font-family: Helvetica,Arial,sans-serif;">Le nouveau tir du Missile M51 attendu depuis plusieurs semaines a eu lieu ce matin du 1 juillet 2016. Ce tir du missile M51 illustre la politique dangereuse et irresponsable de la France de poursuivre sa politique de « modernisation » de ses armes atomiques.</span></p>
<p style="text-align: justify;"><span style="font-family: Helvetica,Arial,sans-serif;">Le gouvernement français confirme ainsi sa volonté de ne pas s’inscrire dans le mouvement mondial en faveur du désarmement nucléaire, et de ne pas respecter ses propres engagements internationaux découlant de l’article 6 du Traité sur la non-prolifération des armes nucléaires. </span></p>
<p style="text-align: justify;"><span style="font-family: Helvetica,Arial,sans-serif;">Aussi, au moment où plusieurs voix politiques proposent d’augmenter de 40 à 60 % les dépenses consacrées au budget de la France pour les armes nucléaires (+ 40% pour l’actuel ministre de la défense et + 60 % pour Sarkozy) le Mouvement de la Paix estime que c’est à la population d’agir pour exiger le respect du droit international.</span></p>
<p style="text-align: justify;"><span style="font-family: Helvetica,Arial,sans-serif;">C’est pourquoi, le Mouvement de la Paix appelle à participer le samedi 24 septembre 2016 aux Marches pour la paix organisées dans 11 pôles de rassemblements en France par le Collectif « En marche pour la paix » pour obtenir des politiques sociales, économiques, culturelles et de paix s&#8217;inspirant de la charte des Nations Unies et des huit domaines de la culture de la paix définis par l&#8217;Unesco afin de contribuer à la construction d&#8217;un monde  de justice, de solidarité, de fraternité, de Paix, débarrassé de la menace des armes nucléaires.</span></p>
<div align="right"><span style="font-family: Helvetica,Arial,sans-serif;"><i>Le 1er juillet 2016</i><i>
</i><br /><i>
</i><i>Le Mouvement de la Paix</i><br />
</span></div>
<p><span style="font-family: Helvetica,Arial,sans-serif;">
<span style="text-decoration: underline;">Note</span> : voir <span style="text-decoration: underline;"><a href="https://www.mvtpaix.org/wordpress/non-a-un-nouveau-tir-du-missile-nucleaire-m51-non-au-developpement-de-larsenal-nucleaire/">notre communiqué du 9 juin 2016</a></span><br />
Et les infos sur <span style="text-decoration: underline;"><a href="https://www.mvtpaix.org/wordpress/blog/2016/06/13/comite-de-bretagne-a-penmarchh-contre-le-m51/">notre rassemblement à Penmarc’h contre ce tir</a></span></span></p>
<a class="synved-social-button synved-social-button-share synved-social-size-32 synved-social-resolution-single synved-social-provider-facebook nolightbox" data-provider="facebook" target="_blank" rel="nofollow" title="Partagez cette page sur Facebook" href="https://www.facebook.com/sharer.php?u=https%3A%2F%2Fwww.mvtpaix.org%2Fwordpress%2Fwp-json%2Fwp%2Fv2%2Fpages%2F89216&#038;t=R%C3%A9action%20du%20Mouvement%20de%20la%20Paix%20au%20tir%20du%20M51&#038;s=100&#038;p&#091;url&#093;=https%3A%2F%2Fwww.mvtpaix.org%2Fwordpress%2Fwp-json%2Fwp%2Fv2%2Fpages%2F89216&#038;p&#091;images&#093;&#091;0&#093;=https%3A%2F%2Fwww.mvtpaix.org%2Fwordpress%2Fwp-content%2Fuploads%2F2014%2F06%2Ffond-neutre.gif&#038;p&#091;title&#093;=R%C3%A9action%20du%20Mouvement%20de%20la%20Paix%20au%20tir%20du%20M51" style="font-size: 0px; width:32px;height:32px;margin:0;margin-bottom:5px;margin-right:5px;"><img alt="Facebook" title="Partagez cette page sur Facebook" class="synved-share-image synved-social-image synved-social-image-share" width="32" height="32" style="display: inline; width:32px;height:32px; margin: 0; padding: 0; border: none; box-shadow: none;" src="https://www.mvtpaix.org/wordpress/wp-content/plugins/social-media-feather/synved-social/image/social/regular/64x64/facebook.png" /></a><a class="synved-social-button synved-social-button-share synved-social-size-32 synved-social-resolution-single synved-social-provider-twitter nolightbox" data-provider="twitter" target="_blank" rel="nofollow" title="Partagez cette page sur Twitter" href="https://twitter.com/intent/tweet?url=https%3A%2F%2Fwww.mvtpaix.org%2Fwordpress%2Fwp-json%2Fwp%2Fv2%2Fpages%2F89216&#038;text=Suivez%20le%20Mouvement%20de%20la%20Paix%20" style="font-size: 0px; width:32px;height:32px;margin:0;margin-bottom:5px;margin-right:5px;"><img alt="twitter" title="Partagez cette page sur Twitter" class="synved-share-image synved-social-image synved-social-image-share" width="32" height="32" style="display: inline; width:32px;height:32px; margin: 0; padding: 0; border: none; box-shadow: none;" src="https://www.mvtpaix.org/wordpress/wp-content/plugins/social-media-feather/synved-social/image/social/regular/64x64/twitter.png" /></a><a class="synved-social-button synved-social-button-share synved-social-size-32 synved-social-resolution-single synved-social-provider-mail nolightbox" data-provider="mail" rel="nofollow" title="Partagez-nous par email" href="mailto:?subject=R%C3%A9action%20du%20Mouvement%20de%20la%20Paix%20au%20tir%20du%20M51&#038;body=Suivez%20le%20Mouvement%20de%20la%20Paix%20:%20https%3A%2F%2Fwww.mvtpaix.org%2Fwordpress%2Fwp-json%2Fwp%2Fv2%2Fpages%2F89216" style="font-size: 0px; width:32px;height:32px;margin:0;margin-bottom:5px;"><img alt="mail" title="Partagez-nous par email" class="synved-share-image synved-social-image synved-social-image-share" width="32" height="32" style="display: inline; width:32px;height:32px; margin: 0; padding: 0; border: none; box-shadow: none;" src="https://www.mvtpaix.org/wordpress/wp-content/plugins/social-media-feather/synved-social/image/social/regular/64x64/mail.png" /></a>

<p>Après le tir du Missile nucléaire M51, le Mouvement de la Paix indique que l’exigence de l’élimination des armes nucléaires sera aussi portée par les marches pour la paix organisées en France le samedi 24 septembre 2016. Le nouveau tir du Missile M51 attendu depuis plusieurs semaines a eu lieu ce matin du 1 juillet [&hellip;]</p>
