{"id":872,"date":"2013-01-13T17:22:50","date_gmt":"2013-01-13T16:22:50","guid":{"rendered":"http:\/\/www.mvtpaix.org\/wordpress\/index.php\/mali-2013\/"},"modified":"2014-10-21T01:18:19","modified_gmt":"2014-10-20T23:18:19","slug":"mali-2013","status":"publish","type":"page","link":"https:\/\/www.mvtpaix.org\/wordpress\/mali-2013\/","title":{"rendered":"Mali : Condamnons l\u2019\u00e9tat de guerre, exigeons l\u2019\u00e9tat de Paix !"},"content":{"rendered":"<div align=\"left\">\n<div align=\"justify\">\n<table border=\"0\" width=\"340\" cellspacing=\"10\" cellpadding=\"0\" align=\"right\">\n<tbody>\n<tr>\n<td>\n<div align=\"center\"><img loading=\"lazy\" src=\"https:\/\/www.mvtpaix.org\/wordpress\/wp-content\/uploads\/2014\/06\/vigipirate-tour-eiffel-2010.jpg\" alt=\"\" width=\"400\" height=\"266\" hspace=\"12\" vspace=\"3\" \/>\n<span class=\"Style392\">Le plan Vigipirate, un climat de peur permanente<\/span><\/div>\n<\/td>\n<\/tr>\n<\/tbody>\n<\/table>\n<p class=\"moyen\"><strong>Le gouvernement fran\u00e7ais a d\u00e9cid\u00e9 une intervention militaire au Mali ce vendredi 11 janvier, sans consultation du Parlement.<\/strong><\/p>\n<p>Le Mouvement de la Paix refuse l\u2019argumentaire permanent du caract\u00e8re in\u00e9luctable des interventions militaires. Celui-ci place les citoyens devant une politique du fait accompli, induit par l\u2019urgence d\u2019une situation pour laquelle la communaut\u00e9 internationale ne s\u2019est pas dot\u00e9e des moyens de pr\u00e9vention n\u00e9cessaires.<\/p>\n<p class=\"Style391\">Le Mouvement de la Paix exprime toute sa solidarit\u00e9 avec le peuple malien qui souffre depuis plusieurs mois d\u2019inacceptables violences perp\u00e9tr\u00e9es par des groupes arm\u00e9s se r\u00e9clamant de l\u2019islam radical.<\/p>\n<p class=\"Style391\">L\u2019histoire r\u00e9cente d\u00e9montre clairement que rajouter la guerre \u00e0 la guerre n\u2019apporte aucune solution \u00e0 un quelconque conflit. L\u2019exemple libyen, grandement responsable de l\u2019actuelle situation au Mali, oblige la France et la communaut\u00e9 internationale \u00e0 repenser leurs strat\u00e9gies, en vue de r\u00e9ellement prot\u00e9ger les populations.<\/p>\n<p class=\"Style391\">Les interventions militaires ext\u00e9rieures ont des effets directs sur la population fran\u00e7aise, prise en otage par l\u2019instauration d\u2019un climat de peur permanente de l\u2019ennemi invisible, et donnant lieu au maintien et au renforcement du plan Vigipirate avec le d\u00e9voiement continuel de la pr\u00e9sence de l\u2019arm\u00e9e sur le territoire impliquant une situation de guerre sans fin.<\/p>\n<p class=\"Style391\">Pour le Mouvement de la Paix, l\u2019urgence absolue est de permettre le d\u00e9ploiement d\u2019une force d\u2019interposition internationale mandat\u00e9e par les Nations unies pour mettre fin aux conqu\u00eates des groupes arm\u00e9s et prot\u00e9ger les populations civiles en proie \u00e0 la terreur des combats.<\/p>\n<p>&nbsp;<\/p>\n<p style=\"text-align: right;\">Le Mouvement de la Paix<\/p>\n<p style=\"text-align: right;\">Saint-Ouen, le 13 janvier 2013<\/p>\n<p>&nbsp;<\/p>\n<p>&nbsp;<\/p>\n<p class=\"Style391\" align=\"right\"><span class=\"moyen\">Contact presse :<\/span><\/p>\n<p style=\"text-align: right;\">&#99;&#x61;&#116;&#x68;&#101;&#x72;i&#x6e;e&#x2e;r&#105;&#x6f;&#64;&#x6d;&#118;&#x74;&#112;&#x61;i&#x78;&#46;&#x6f;r&#103; &#8211;\n01 40 12 72 35<\/p>\n<p style=\"text-align: right;\">\n<\/div>\n<p style=\"text-align: right;\">LE MOUVEMENT DE LA PAIX<\/p>\n<p style=\"text-align: right;\">MAISON DE LA PAIX, 9 rue Dulcie September \u2013 93400 Saint-Ouen<\/p>\n<p style=\"text-align: right;\">Tel : 01 40 12 09 12 &#8211; Fax : 01 40 11 57 87<\/p>\n<p style=\"text-align: right;\">Site web : www.mvtpaix.org &#8211; mail : &#110;&#x61;&#116;&#x69;&#111;&#x6e;&#97;&#x6c;&#64;&#x6d;&#118;&#x74;&#112;&#x61;&#105;&#x78;&#46;&#x6f;&#114;&#x67;<\/p>\n<p style=\"text-align: right;\">Agr\u00e9\u00e9 Association Nationale de la Jeunesse et d\u2019Education Populaire<\/p>\n<\/div>\n<a class=\"synved-social-button synved-social-button-share synved-social-size-32 synved-social-resolution-single synved-social-provider-facebook nolightbox\" data-provider=\"facebook\" target=\"_blank\" rel=\"nofollow\" title=\"Partagez cette page sur Facebook\" href=\"https:\/\/www.facebook.com\/sharer.php?u=https%3A%2F%2Fwww.mvtpaix.org%2Fwordpress%2Fwp-json%2Fwp%2Fv2%2Fpages%2F872&#038;t=Mali%20%3A%20Condamnons%20l%E2%80%99%C3%A9tat%20de%20guerre%2C%20exigeons%20l%E2%80%99%C3%A9tat%20de%20Paix%20%21&#038;s=100&#038;p&#091;url&#093;=https%3A%2F%2Fwww.mvtpaix.org%2Fwordpress%2Fwp-json%2Fwp%2Fv2%2Fpages%2F872&#038;p&#091;images&#093;&#091;0&#093;=https%3A%2F%2Fwww.mvtpaix.org%2Fwordpress%2Fwp-content%2Fuploads%2F2014%2F06%2Ffond-neutre.gif&#038;p&#091;title&#093;=Mali%20%3A%20Condamnons%20l%E2%80%99%C3%A9tat%20de%20guerre%2C%20exigeons%20l%E2%80%99%C3%A9tat%20de%20Paix%20%21\" style=\"font-size: 0px; width:32px;height:32px;margin:0;margin-bottom:5px;margin-right:5px;\"><img alt=\"Facebook\" title=\"Partagez cette page sur Facebook\" class=\"synved-share-image synved-social-image synved-social-image-share\" width=\"32\" height=\"32\" style=\"display: inline; width:32px;height:32px; margin: 0; padding: 0; border: none; box-shadow: none;\" src=\"https:\/\/www.mvtpaix.org\/wordpress\/wp-content\/plugins\/social-media-feather\/synved-social\/image\/social\/regular\/64x64\/facebook.png\" \/><\/a><a class=\"synved-social-button synved-social-button-share synved-social-size-32 synved-social-resolution-single synved-social-provider-twitter nolightbox\" data-provider=\"twitter\" target=\"_blank\" rel=\"nofollow\" title=\"Partagez cette page sur Twitter\" href=\"https:\/\/twitter.com\/intent\/tweet?url=https%3A%2F%2Fwww.mvtpaix.org%2Fwordpress%2Fwp-json%2Fwp%2Fv2%2Fpages%2F872&#038;text=Suivez%20le%20Mouvement%20de%20la%20Paix%20\" style=\"font-size: 0px; width:32px;height:32px;margin:0;margin-bottom:5px;margin-right:5px;\"><img alt=\"twitter\" title=\"Partagez cette page sur Twitter\" class=\"synved-share-image synved-social-image synved-social-image-share\" width=\"32\" height=\"32\" style=\"display: inline; width:32px;height:32px; margin: 0; padding: 0; border: none; box-shadow: none;\" src=\"https:\/\/www.mvtpaix.org\/wordpress\/wp-content\/plugins\/social-media-feather\/synved-social\/image\/social\/regular\/64x64\/twitter.png\" \/><\/a><a class=\"synved-social-button synved-social-button-share synved-social-size-32 synved-social-resolution-single synved-social-provider-mail nolightbox\" data-provider=\"mail\" rel=\"nofollow\" title=\"Partagez-nous par email\" href=\"mailto:?subject=Mali%20%3A%20Condamnons%20l%E2%80%99%C3%A9tat%20de%20guerre%2C%20exigeons%20l%E2%80%99%C3%A9tat%20de%20Paix%20%21&#038;body=Suivez%20le%20Mouvement%20de%20la%20Paix%20:%20https%3A%2F%2Fwww.mvtpaix.org%2Fwordpress%2Fwp-json%2Fwp%2Fv2%2Fpages%2F872\" style=\"font-size: 0px; width:32px;height:32px;margin:0;margin-bottom:5px;\"><img alt=\"mail\" title=\"Partagez-nous par email\" class=\"synved-share-image synved-social-image synved-social-image-share\" width=\"32\" height=\"32\" style=\"display: inline; width:32px;height:32px; margin: 0; padding: 0; border: none; box-shadow: none;\" src=\"https:\/\/www.mvtpaix.org\/wordpress\/wp-content\/plugins\/social-media-feather\/synved-social\/image\/social\/regular\/64x64\/mail.png\" \/><\/a>","protected":false},"excerpt":{"rendered":"<p>Le plan Vigipirate, un climat de peur permanente Le gouvernement fran\u00e7ais a d\u00e9cid\u00e9 une intervention militaire au Mali ce vendredi 11 janvier, sans consultation du Parlement. Le Mouvement de la Paix refuse l\u2019argumentaire permanent du caract\u00e8re in\u00e9luctable des interventions militaires. Celui-ci place les citoyens devant une politique du fait accompli, induit par l\u2019urgence d\u2019une situation [&hellip;]<\/p>\n","protected":false},"author":1,"featured_media":89771,"parent":0,"menu_order":0,"comment_status":"closed","ping_status":"closed","template":"","meta":[],"categories":[3],"tags":[85,88],"_links":{"self":[{"href":"https:\/\/www.mvtpaix.org\/wordpress\/wp-json\/wp\/v2\/pages\/872"}],"collection":[{"href":"https:\/\/www.mvtpaix.org\/wordpress\/wp-json\/wp\/v2\/pages"}],"about":[{"href":"https:\/\/www.mvtpaix.org\/wordpress\/wp-json\/wp\/v2\/types\/page"}],"author":[{"embeddable":true,"href":"https:\/\/www.mvtpaix.org\/wordpress\/wp-json\/wp\/v2\/users\/1"}],"replies":[{"embeddable":true,"href":"https:\/\/www.mvtpaix.org\/wordpress\/wp-json\/wp\/v2\/comments?post=872"}],"version-history":[{"count":4,"href":"https:\/\/www.mvtpaix.org\/wordpress\/wp-json\/wp\/v2\/pages\/872\/revisions"}],"predecessor-version":[{"id":22563,"href":"https:\/\/www.mvtpaix.org\/wordpress\/wp-json\/wp\/v2\/pages\/872\/revisions\/22563"}],"wp:featuredmedia":[{"embeddable":true,"href":"https:\/\/www.mvtpaix.org\/wordpress\/wp-json\/wp\/v2\/media\/89771"}],"wp:attachment":[{"href":"https:\/\/www.mvtpaix.org\/wordpress\/wp-json\/wp\/v2\/media?parent=872"}],"wp:term":[{"taxonomy":"category","embeddable":true,"href":"https:\/\/www.mvtpaix.org\/wordpress\/wp-json\/wp\/v2\/categories?post=872"},{"taxonomy":"post_tag","embeddable":true,"href":"https:\/\/www.mvtpaix.org\/wordpress\/wp-json\/wp\/v2\/tags?post=872"}],"curies":[{"name":"wp","href":"https:\/\/api.w.org\/{rel}","templated":true}]}}

Mali : Condamnons l’état de guerre, exigeons l’état de Paix !

<div align="left">
<div align="justify">
<table border="0" width="340" cellspacing="10" cellpadding="0" align="right">
<tbody>
<tr>
<td>
<div align="center"><img loading="lazy" src="https://www.mvtpaix.org/wordpress/wp-content/uploads/2014/06/vigipirate-tour-eiffel-2010.jpg" alt="" width="400" height="266" hspace="12" vspace="3" />
<span class="Style392">Le plan Vigipirate, un climat de peur permanente</span></div>
</td>
</tr>
</tbody>
</table>
<p class="moyen"><strong>Le gouvernement français a décidé une intervention militaire au Mali ce vendredi 11 janvier, sans consultation du Parlement.</strong></p>
<p>Le Mouvement de la Paix refuse l’argumentaire permanent du caractère inéluctable des interventions militaires. Celui-ci place les citoyens devant une politique du fait accompli, induit par l’urgence d’une situation pour laquelle la communauté internationale ne s’est pas dotée des moyens de prévention nécessaires.</p>
<p class="Style391">Le Mouvement de la Paix exprime toute sa solidarité avec le peuple malien qui souffre depuis plusieurs mois d’inacceptables violences perpétrées par des groupes armés se réclamant de l’islam radical.</p>
<p class="Style391">L’histoire récente démontre clairement que rajouter la guerre à la guerre n’apporte aucune solution à un quelconque conflit. L’exemple libyen, grandement responsable de l’actuelle situation au Mali, oblige la France et la communauté internationale à repenser leurs stratégies, en vue de réellement protéger les populations.</p>
<p class="Style391">Les interventions militaires extérieures ont des effets directs sur la population française, prise en otage par l’instauration d’un climat de peur permanente de l’ennemi invisible, et donnant lieu au maintien et au renforcement du plan Vigipirate avec le dévoiement continuel de la présence de l’armée sur le territoire impliquant une situation de guerre sans fin.</p>
<p class="Style391">Pour le Mouvement de la Paix, l’urgence absolue est de permettre le déploiement d’une force d’interposition internationale mandatée par les Nations unies pour mettre fin aux conquêtes des groupes armés et protéger les populations civiles en proie à la terreur des combats.</p>
<p>&nbsp;</p>
<p style="text-align: right;">Le Mouvement de la Paix</p>
<p style="text-align: right;">Saint-Ouen, le 13 janvier 2013</p>
<p>&nbsp;</p>
<p>&nbsp;</p>
<p class="Style391" align="right"><span class="moyen">Contact presse :</span></p>
<p style="text-align: right;">&#99;&#x61;&#116;&#x68;&#101;&#x72;i&#x6e;e&#x2e;r&#105;&#x6f;&#64;&#x6d;&#118;&#x74;&#112;&#x61;i&#x78;&#46;&#x6f;r&#103; &#8211;
01 40 12 72 35</p>
<p style="text-align: right;">
</div>
<p style="text-align: right;">LE MOUVEMENT DE LA PAIX</p>
<p style="text-align: right;">MAISON DE LA PAIX, 9 rue Dulcie September – 93400 Saint-Ouen</p>
<p style="text-align: right;">Tel : 01 40 12 09 12 &#8211; Fax : 01 40 11 57 87</p>
<p style="text-align: right;">Site web : www.mvtpaix.org &#8211; mail : &#110;&#x61;&#116;&#x69;&#111;&#x6e;&#97;&#x6c;&#64;&#x6d;&#118;&#x74;&#112;&#x61;&#105;&#x78;&#46;&#x6f;&#114;&#x67;</p>
<p style="text-align: right;">Agréé Association Nationale de la Jeunesse et d’Education Populaire</p>
</div>
<a class="synved-social-button synved-social-button-share synved-social-size-32 synved-social-resolution-single synved-social-provider-facebook nolightbox" data-provider="facebook" target="_blank" rel="nofollow" title="Partagez cette page sur Facebook" href="https://www.facebook.com/sharer.php?u=https%3A%2F%2Fwww.mvtpaix.org%2Fwordpress%2Fwp-json%2Fwp%2Fv2%2Fpages%2F872&#038;t=Mali%20%3A%20Condamnons%20l%E2%80%99%C3%A9tat%20de%20guerre%2C%20exigeons%20l%E2%80%99%C3%A9tat%20de%20Paix%20%21&#038;s=100&#038;p&#091;url&#093;=https%3A%2F%2Fwww.mvtpaix.org%2Fwordpress%2Fwp-json%2Fwp%2Fv2%2Fpages%2F872&#038;p&#091;images&#093;&#091;0&#093;=https%3A%2F%2Fwww.mvtpaix.org%2Fwordpress%2Fwp-content%2Fuploads%2F2014%2F06%2Ffond-neutre.gif&#038;p&#091;title&#093;=Mali%20%3A%20Condamnons%20l%E2%80%99%C3%A9tat%20de%20guerre%2C%20exigeons%20l%E2%80%99%C3%A9tat%20de%20Paix%20%21" style="font-size: 0px; width:32px;height:32px;margin:0;margin-bottom:5px;margin-right:5px;"><img alt="Facebook" title="Partagez cette page sur Facebook" class="synved-share-image synved-social-image synved-social-image-share" width="32" height="32" style="display: inline; width:32px;height:32px; margin: 0; padding: 0; border: none; box-shadow: none;" src="https://www.mvtpaix.org/wordpress/wp-content/plugins/social-media-feather/synved-social/image/social/regular/64x64/facebook.png" /></a><a class="synved-social-button synved-social-button-share synved-social-size-32 synved-social-resolution-single synved-social-provider-twitter nolightbox" data-provider="twitter" target="_blank" rel="nofollow" title="Partagez cette page sur Twitter" href="https://twitter.com/intent/tweet?url=https%3A%2F%2Fwww.mvtpaix.org%2Fwordpress%2Fwp-json%2Fwp%2Fv2%2Fpages%2F872&#038;text=Suivez%20le%20Mouvement%20de%20la%20Paix%20" style="font-size: 0px; width:32px;height:32px;margin:0;margin-bottom:5px;margin-right:5px;"><img alt="twitter" title="Partagez cette page sur Twitter" class="synved-share-image synved-social-image synved-social-image-share" width="32" height="32" style="display: inline; width:32px;height:32px; margin: 0; padding: 0; border: none; box-shadow: none;" src="https://www.mvtpaix.org/wordpress/wp-content/plugins/social-media-feather/synved-social/image/social/regular/64x64/twitter.png" /></a><a class="synved-social-button synved-social-button-share synved-social-size-32 synved-social-resolution-single synved-social-provider-mail nolightbox" data-provider="mail" rel="nofollow" title="Partagez-nous par email" href="mailto:?subject=Mali%20%3A%20Condamnons%20l%E2%80%99%C3%A9tat%20de%20guerre%2C%20exigeons%20l%E2%80%99%C3%A9tat%20de%20Paix%20%21&#038;body=Suivez%20le%20Mouvement%20de%20la%20Paix%20:%20https%3A%2F%2Fwww.mvtpaix.org%2Fwordpress%2Fwp-json%2Fwp%2Fv2%2Fpages%2F872" style="font-size: 0px; width:32px;height:32px;margin:0;margin-bottom:5px;"><img alt="mail" title="Partagez-nous par email" class="synved-share-image synved-social-image synved-social-image-share" width="32" height="32" style="display: inline; width:32px;height:32px; margin: 0; padding: 0; border: none; box-shadow: none;" src="https://www.mvtpaix.org/wordpress/wp-content/plugins/social-media-feather/synved-social/image/social/regular/64x64/mail.png" /></a>

<p>Le plan Vigipirate, un climat de peur permanente Le gouvernement français a décidé une intervention militaire au Mali ce vendredi 11 janvier, sans consultation du Parlement. Le Mouvement de la Paix refuse l’argumentaire permanent du caractère inéluctable des interventions militaires. Celui-ci place les citoyens devant une politique du fait accompli, induit par l’urgence d’une situation [&hellip;]</p>
