{"id":85092,"date":"2015-09-09T17:57:44","date_gmt":"2015-09-09T15:57:44","guid":{"rendered":"http:\/\/www.mvtpaix.org\/wordpress\/?page_id=85092"},"modified":"2020-01-14T13:06:16","modified_gmt":"2020-01-14T12:06:16","slug":"la-solidarite-humaine-et-institutionnelle-aux-refugies-doit-saccompagner-dinitiatives-pour-des-solutions-politiques-et-economiques-durables","status":"publish","type":"page","link":"https:\/\/www.mvtpaix.org\/wordpress\/la-solidarite-humaine-et-institutionnelle-aux-refugies-doit-saccompagner-dinitiatives-pour-des-solutions-politiques-et-economiques-durables\/","title":{"rendered":"La solidarit\u00e9 humaine et institutionnelle aux r\u00e9fugi\u00e9s doit s\u2019accompagner d\u2019initiatives pour des solutions politiques et \u00e9conomiques durables"},"content":{"rendered":"<p style=\"text-align: justify;\">Le Mouvement de la paix se r\u00e9jouit de l\u2019\u00e9lan de solidarit\u00e9 qui se manifeste dans les populations \u00e0 l\u2019endroit des r\u00e9fugi\u00e9s.<\/p>\n<p style=\"text-align: justify;\">Cet \u00e9lan doit se traduire par un engagement fort de l\u2019Etat et des pouvoirs publics accompagn\u00e9 partout par des mesures au niveau des Communes, D\u00e9partements et R\u00e9gions pour concr\u00e9tiser cette n\u00e9cessaire solidarit\u00e9 humaine avec ceux qui souffrent des affres de la guerre et des d\u00e9sastres que connaissent les r\u00e9gions dont ils sont issus. Ces mesures doivent rendre humain l\u2019accueil des r\u00e9fugi\u00e9s tout en cr\u00e9ant les conditions du vivre ensemble avec toutes les personnes r\u00e9sidant en France.<\/p>\n<p style=\"text-align: justify;\">Mais au-del\u00e0 de cette premi\u00e8re urgence<strong>, la r\u00e9flexion doit s\u2019engager sur les raisons qui ont conduit \u00e0 cette situation.<\/strong><\/p>\n<p style=\"text-align: justify;\">Force est de constater que les <strong>interventions militaires et les guerres<\/strong> <strong>sont toujours des \u00e9checs<\/strong>. Elles am\u00e8nent toujours de nouveaux conflits sans jamais permettre de construire une paix durable.<\/p>\n<p style=\"text-align: justify;\">Par ailleurs, le sous-d\u00e9veloppement, l\u2019ins\u00e9curit\u00e9 alimentaire, la mis\u00e8re, le ch\u00f4mage, les injustices, le manque de d\u00e9mocratie et les dictatures qui \u00e9crasent leurs peuples, les r\u00e9priment et portent atteintes aux droits fondamentaux, l\u2019analphab\u00e9tisme, constituent des facteurs de d\u00e9structuration des Etats, d\u2019ins\u00e9curit\u00e9 et de conflits.<\/p>\n<p style=\"text-align: justify;\">Les populations civiles qui ne demandent qu\u2019\u00e0 vivre en paix sont les principales victimes<strong>.<\/strong><\/p>\n<p style=\"text-align: justify;\"><strong> La guerre et les in\u00e9galit\u00e9s de d\u00e9veloppement conduisent au chaos et enfantent des monstruosit\u00e9s.<\/strong> Le quotidien tragique des populations au Moyen-Orient et dans nombre de r\u00e9gions subsahariennes est proprement invivable, inacceptable et rel\u00e8ve de ces monstruosit\u00e9s tout comme l\u2019\u00e9mergence de Daesh, Boko Haram etc<\/p>\n<p style=\"text-align: justify;\">Sur la p\u00e9riode r\u00e9cente, les puissances en particulier celles qui sont membres de l\u2019Otan, qui ont conduit des guerres, ill\u00e9galement en 2003 en Irak (USA, GB ) et en 2013 en Libye en violant la r\u00e9solution initiale des Nations Unies, portent une immense responsabilit\u00e9 dans la succession d&#8217;horreurs subies par les populations de ces r\u00e9gions et l\u2019aggravation g\u00e9n\u00e9rale de la situation au Moyen 0rient<\/p>\n<p style=\"text-align: justify;\">Le prix pay\u00e9 par les peuples en raison des guerres, de la mis\u00e8re, du mal d\u00e9veloppement \u00e9conomique social etc, est si lourd qu\u2019il contraint \u00e0 l\u2019exil des centaines de milliers d\u2019hommes et de femmes qui n\u2019auraient jamais souhait\u00e9 quitter leur pays. Les cadavres rejet\u00e9s sur les c\u00f4tes m\u00e9diterran\u00e9ennes sont la cons\u00e9quence de cette situation, qui est aussi le r\u00e9sultat de choix politiques et \u00e9conomiques catastrophiques se traduisant par deux chiffres monstrueux\u00a0: <strong>1800 milliards de dollars de d\u00e9penses militaires<\/strong> dans le Monde en 2014 contre <strong>8,4 milliards de dollars pour les op\u00e9rations de Paix de l\u2019ONU.<\/strong><\/p>\n<p style=\"text-align: justify;\"><strong>La France et l\u2019Europe doivent reconsid\u00e9rer\u00a0 leurs relations \u00e9conomiques et financi\u00e8res avec les pays du Sud, car elles sont profond\u00e9ment in\u00e9galitaires au d\u00e9triment de ces derniers. Des mesures d\u2019annulation de la dette<\/strong>\u00a0des pays pauvres s&#8217;imposent pour r\u00e9pondre \u00e0 leurs besoins sociaux, sanitaires, \u00e9ducatifs et de d\u00e9veloppement humain. Il y a n\u00e9cessit\u00e9 de mettre\u00a0 en place des coop\u00e9rations pacifiques et mutuellement b\u00e9n\u00e9fiques<strong>.<\/strong><\/p>\n<p style=\"text-align: justify;\">Dans ce contexte la protection des populations, dont le peuple kurde durement agress\u00e9 de toutes parts, doit aller de pair avec <strong>l\u2019arr\u00eat des ventes d\u2019armes.<\/strong><\/p>\n<p style=\"text-align: justify;\"><strong>Le Mouvement de la paix demande<\/strong> que la France prenne des initiatives pour des solutions politiques et \u00e9conomiques durables. Ces initiatives doivent favoriser le r\u00e8glement pacifique de tous les conflits en cours et en particulier l\u2019instauration d\u2019une paix durable au proche et au Moyen Orient, mais aussi cr\u00e9er les conditions d\u2019un monde \u00e9conomiquement juste et solidaire.<\/p>\n<p style=\"text-align: justify;\">Ces initiatives pourraient s\u2019exprimer lors de l\u2019ouverture dans quelques jours de la 70\u00e8me session des Nations Unies et \u00eatre mises en \u0153uvre sous l\u2019\u00e9gide de l\u2019ONU.<\/p>\n<p style=\"text-align: justify;\">Le 9 Septembre 2015<\/p>\n<p style=\"text-align: right;\">Le Mouvement de la Paix<\/p>\n<p style=\"text-align: right;\">Contact\u00a0: Roland Nivet, co-secr\u00e9taire national et porte-parole<\/p>\n<p style=\"text-align: right;\">Lire aussi : <strong><a href=\"https:\/\/www.mvtpaix.org\/wordpress\/accueillir-les-migrants-et-eradiquer-toute-la-misere-dans-le-monde\/\">Le communiqu\u00e9 du 26 juin dernier<\/a><\/strong><\/p>\n<a class=\"synved-social-button synved-social-button-share synved-social-size-32 synved-social-resolution-single synved-social-provider-facebook nolightbox\" data-provider=\"facebook\" target=\"_blank\" rel=\"nofollow\" title=\"Partagez cette page sur Facebook\" href=\"https:\/\/www.facebook.com\/sharer.php?u=https%3A%2F%2Fwww.mvtpaix.org%2Fwordpress%2Fwp-json%2Fwp%2Fv2%2Fpages%2F85092&#038;t=La%20solidarit%C3%A9%20humaine%20et%20institutionnelle%20aux%20r%C3%A9fugi%C3%A9s%20doit%20s%E2%80%99accompagner%20d%E2%80%99initiatives%20pour%20des%20solutions%20politiques%20et%20%C3%A9conomiques%20durables&#038;s=100&#038;p&#091;url&#093;=https%3A%2F%2Fwww.mvtpaix.org%2Fwordpress%2Fwp-json%2Fwp%2Fv2%2Fpages%2F85092&#038;p&#091;images&#093;&#091;0&#093;=https%3A%2F%2Fwww.mvtpaix.org%2Fwordpress%2Fwp-content%2Fuploads%2F2014%2F06%2Ffond-neutre.gif&#038;p&#091;title&#093;=La%20solidarit%C3%A9%20humaine%20et%20institutionnelle%20aux%20r%C3%A9fugi%C3%A9s%20doit%20s%E2%80%99accompagner%20d%E2%80%99initiatives%20pour%20des%20solutions%20politiques%20et%20%C3%A9conomiques%20durables\" style=\"font-size: 0px; width:32px;height:32px;margin:0;margin-bottom:5px;margin-right:5px;\"><img alt=\"Facebook\" title=\"Partagez cette page sur Facebook\" class=\"synved-share-image synved-social-image synved-social-image-share\" width=\"32\" height=\"32\" style=\"display: inline; width:32px;height:32px; margin: 0; padding: 0; border: none; box-shadow: none;\" src=\"https:\/\/www.mvtpaix.org\/wordpress\/wp-content\/plugins\/social-media-feather\/synved-social\/image\/social\/regular\/64x64\/facebook.png\" \/><\/a><a class=\"synved-social-button synved-social-button-share synved-social-size-32 synved-social-resolution-single synved-social-provider-twitter nolightbox\" data-provider=\"twitter\" target=\"_blank\" rel=\"nofollow\" title=\"Partagez cette page sur Twitter\" href=\"https:\/\/twitter.com\/intent\/tweet?url=https%3A%2F%2Fwww.mvtpaix.org%2Fwordpress%2Fwp-json%2Fwp%2Fv2%2Fpages%2F85092&#038;text=Suivez%20le%20Mouvement%20de%20la%20Paix%20\" style=\"font-size: 0px; width:32px;height:32px;margin:0;margin-bottom:5px;margin-right:5px;\"><img alt=\"twitter\" title=\"Partagez cette page sur Twitter\" class=\"synved-share-image synved-social-image synved-social-image-share\" width=\"32\" height=\"32\" style=\"display: inline; width:32px;height:32px; margin: 0; padding: 0; border: none; box-shadow: none;\" src=\"https:\/\/www.mvtpaix.org\/wordpress\/wp-content\/plugins\/social-media-feather\/synved-social\/image\/social\/regular\/64x64\/twitter.png\" \/><\/a><a class=\"synved-social-button synved-social-button-share synved-social-size-32 synved-social-resolution-single synved-social-provider-mail nolightbox\" data-provider=\"mail\" rel=\"nofollow\" title=\"Partagez-nous par email\" href=\"mailto:?subject=La%20solidarit%C3%A9%20humaine%20et%20institutionnelle%20aux%20r%C3%A9fugi%C3%A9s%20doit%20s%E2%80%99accompagner%20d%E2%80%99initiatives%20pour%20des%20solutions%20politiques%20et%20%C3%A9conomiques%20durables&#038;body=Suivez%20le%20Mouvement%20de%20la%20Paix%20:%20https%3A%2F%2Fwww.mvtpaix.org%2Fwordpress%2Fwp-json%2Fwp%2Fv2%2Fpages%2F85092\" style=\"font-size: 0px; width:32px;height:32px;margin:0;margin-bottom:5px;\"><img alt=\"mail\" title=\"Partagez-nous par email\" class=\"synved-share-image synved-social-image synved-social-image-share\" width=\"32\" height=\"32\" style=\"display: inline; width:32px;height:32px; margin: 0; padding: 0; border: none; box-shadow: none;\" src=\"https:\/\/www.mvtpaix.org\/wordpress\/wp-content\/plugins\/social-media-feather\/synved-social\/image\/social\/regular\/64x64\/mail.png\" \/><\/a>","protected":false},"excerpt":{"rendered":"<p>Le Mouvement de la paix se r\u00e9jouit de l\u2019\u00e9lan de solidarit\u00e9 qui se manifeste dans les populations \u00e0 l\u2019endroit des r\u00e9fugi\u00e9s. Cet \u00e9lan doit se traduire par un engagement fort de l\u2019Etat et des pouvoirs publics accompagn\u00e9 partout par des mesures au niveau des Communes, D\u00e9partements et R\u00e9gions pour concr\u00e9tiser cette n\u00e9cessaire solidarit\u00e9 humaine avec [&hellip;]<\/p>\n","protected":false},"author":1,"featured_media":89771,"parent":0,"menu_order":0,"comment_status":"open","ping_status":"closed","template":"","meta":[],"categories":[3],"tags":[224],"_links":{"self":[{"href":"https:\/\/www.mvtpaix.org\/wordpress\/wp-json\/wp\/v2\/pages\/85092"}],"collection":[{"href":"https:\/\/www.mvtpaix.org\/wordpress\/wp-json\/wp\/v2\/pages"}],"about":[{"href":"https:\/\/www.mvtpaix.org\/wordpress\/wp-json\/wp\/v2\/types\/page"}],"author":[{"embeddable":true,"href":"https:\/\/www.mvtpaix.org\/wordpress\/wp-json\/wp\/v2\/users\/1"}],"replies":[{"embeddable":true,"href":"https:\/\/www.mvtpaix.org\/wordpress\/wp-json\/wp\/v2\/comments?post=85092"}],"version-history":[{"count":4,"href":"https:\/\/www.mvtpaix.org\/wordpress\/wp-json\/wp\/v2\/pages\/85092\/revisions"}],"predecessor-version":[{"id":85103,"href":"https:\/\/www.mvtpaix.org\/wordpress\/wp-json\/wp\/v2\/pages\/85092\/revisions\/85103"}],"wp:featuredmedia":[{"embeddable":true,"href":"https:\/\/www.mvtpaix.org\/wordpress\/wp-json\/wp\/v2\/media\/89771"}],"wp:attachment":[{"href":"https:\/\/www.mvtpaix.org\/wordpress\/wp-json\/wp\/v2\/media?parent=85092"}],"wp:term":[{"taxonomy":"category","embeddable":true,"href":"https:\/\/www.mvtpaix.org\/wordpress\/wp-json\/wp\/v2\/categories?post=85092"},{"taxonomy":"post_tag","embeddable":true,"href":"https:\/\/www.mvtpaix.org\/wordpress\/wp-json\/wp\/v2\/tags?post=85092"}],"curies":[{"name":"wp","href":"https:\/\/api.w.org\/{rel}","templated":true}]}}

La solidarité humaine et institutionnelle aux réfugiés doit s’accompagner d’initiatives pour des solutions politiques et économiques durables

<p style="text-align: justify;">Le Mouvement de la paix se réjouit de l’élan de solidarité qui se manifeste dans les populations à l’endroit des réfugiés.</p>
<p style="text-align: justify;">Cet élan doit se traduire par un engagement fort de l’Etat et des pouvoirs publics accompagné partout par des mesures au niveau des Communes, Départements et Régions pour concrétiser cette nécessaire solidarité humaine avec ceux qui souffrent des affres de la guerre et des désastres que connaissent les régions dont ils sont issus. Ces mesures doivent rendre humain l’accueil des réfugiés tout en créant les conditions du vivre ensemble avec toutes les personnes résidant en France.</p>
<p style="text-align: justify;">Mais au-delà de cette première urgence<strong>, la réflexion doit s’engager sur les raisons qui ont conduit à cette situation.</strong></p>
<p style="text-align: justify;">Force est de constater que les <strong>interventions militaires et les guerres</strong> <strong>sont toujours des échecs</strong>. Elles amènent toujours de nouveaux conflits sans jamais permettre de construire une paix durable.</p>
<p style="text-align: justify;">Par ailleurs, le sous-développement, l’insécurité alimentaire, la misère, le chômage, les injustices, le manque de démocratie et les dictatures qui écrasent leurs peuples, les répriment et portent atteintes aux droits fondamentaux, l’analphabétisme, constituent des facteurs de déstructuration des Etats, d’insécurité et de conflits.</p>
<p style="text-align: justify;">Les populations civiles qui ne demandent qu’à vivre en paix sont les principales victimes<strong>.</strong></p>
<p style="text-align: justify;"><strong> La guerre et les inégalités de développement conduisent au chaos et enfantent des monstruosités.</strong> Le quotidien tragique des populations au Moyen-Orient et dans nombre de régions subsahariennes est proprement invivable, inacceptable et relève de ces monstruosités tout comme l’émergence de Daesh, Boko Haram etc</p>
<p style="text-align: justify;">Sur la période récente, les puissances en particulier celles qui sont membres de l’Otan, qui ont conduit des guerres, illégalement en 2003 en Irak (USA, GB ) et en 2013 en Libye en violant la résolution initiale des Nations Unies, portent une immense responsabilité dans la succession d&#8217;horreurs subies par les populations de ces régions et l’aggravation générale de la situation au Moyen 0rient</p>
<p style="text-align: justify;">Le prix payé par les peuples en raison des guerres, de la misère, du mal développement économique social etc, est si lourd qu’il contraint à l’exil des centaines de milliers d’hommes et de femmes qui n’auraient jamais souhaité quitter leur pays. Les cadavres rejetés sur les côtes méditerranéennes sont la conséquence de cette situation, qui est aussi le résultat de choix politiques et économiques catastrophiques se traduisant par deux chiffres monstrueux : <strong>1800 milliards de dollars de dépenses militaires</strong> dans le Monde en 2014 contre <strong>8,4 milliards de dollars pour les opérations de Paix de l’ONU.</strong></p>
<p style="text-align: justify;"><strong>La France et l’Europe doivent reconsidérer  leurs relations économiques et financières avec les pays du Sud, car elles sont profondément inégalitaires au détriment de ces derniers. Des mesures d’annulation de la dette</strong> des pays pauvres s&#8217;imposent pour répondre à leurs besoins sociaux, sanitaires, éducatifs et de développement humain. Il y a nécessité de mettre  en place des coopérations pacifiques et mutuellement bénéfiques<strong>.</strong></p>
<p style="text-align: justify;">Dans ce contexte la protection des populations, dont le peuple kurde durement agressé de toutes parts, doit aller de pair avec <strong>l’arrêt des ventes d’armes.</strong></p>
<p style="text-align: justify;"><strong>Le Mouvement de la paix demande</strong> que la France prenne des initiatives pour des solutions politiques et économiques durables. Ces initiatives doivent favoriser le règlement pacifique de tous les conflits en cours et en particulier l’instauration d’une paix durable au proche et au Moyen Orient, mais aussi créer les conditions d’un monde économiquement juste et solidaire.</p>
<p style="text-align: justify;">Ces initiatives pourraient s’exprimer lors de l’ouverture dans quelques jours de la 70ème session des Nations Unies et être mises en œuvre sous l’égide de l’ONU.</p>
<p style="text-align: justify;">Le 9 Septembre 2015</p>
<p style="text-align: right;">Le Mouvement de la Paix</p>
<p style="text-align: right;">Contact : Roland Nivet, co-secrétaire national et porte-parole</p>
<p style="text-align: right;">Lire aussi : <strong><a href="https://www.mvtpaix.org/wordpress/accueillir-les-migrants-et-eradiquer-toute-la-misere-dans-le-monde/">Le communiqué du 26 juin dernier</a></strong></p>
<a class="synved-social-button synved-social-button-share synved-social-size-32 synved-social-resolution-single synved-social-provider-facebook nolightbox" data-provider="facebook" target="_blank" rel="nofollow" title="Partagez cette page sur Facebook" href="https://www.facebook.com/sharer.php?u=https%3A%2F%2Fwww.mvtpaix.org%2Fwordpress%2Fwp-json%2Fwp%2Fv2%2Fpages%2F85092&#038;t=La%20solidarit%C3%A9%20humaine%20et%20institutionnelle%20aux%20r%C3%A9fugi%C3%A9s%20doit%20s%E2%80%99accompagner%20d%E2%80%99initiatives%20pour%20des%20solutions%20politiques%20et%20%C3%A9conomiques%20durables&#038;s=100&#038;p&#091;url&#093;=https%3A%2F%2Fwww.mvtpaix.org%2Fwordpress%2Fwp-json%2Fwp%2Fv2%2Fpages%2F85092&#038;p&#091;images&#093;&#091;0&#093;=https%3A%2F%2Fwww.mvtpaix.org%2Fwordpress%2Fwp-content%2Fuploads%2F2014%2F06%2Ffond-neutre.gif&#038;p&#091;title&#093;=La%20solidarit%C3%A9%20humaine%20et%20institutionnelle%20aux%20r%C3%A9fugi%C3%A9s%20doit%20s%E2%80%99accompagner%20d%E2%80%99initiatives%20pour%20des%20solutions%20politiques%20et%20%C3%A9conomiques%20durables" style="font-size: 0px; width:32px;height:32px;margin:0;margin-bottom:5px;margin-right:5px;"><img alt="Facebook" title="Partagez cette page sur Facebook" class="synved-share-image synved-social-image synved-social-image-share" width="32" height="32" style="display: inline; width:32px;height:32px; margin: 0; padding: 0; border: none; box-shadow: none;" src="https://www.mvtpaix.org/wordpress/wp-content/plugins/social-media-feather/synved-social/image/social/regular/64x64/facebook.png" /></a><a class="synved-social-button synved-social-button-share synved-social-size-32 synved-social-resolution-single synved-social-provider-twitter nolightbox" data-provider="twitter" target="_blank" rel="nofollow" title="Partagez cette page sur Twitter" href="https://twitter.com/intent/tweet?url=https%3A%2F%2Fwww.mvtpaix.org%2Fwordpress%2Fwp-json%2Fwp%2Fv2%2Fpages%2F85092&#038;text=Suivez%20le%20Mouvement%20de%20la%20Paix%20" style="font-size: 0px; width:32px;height:32px;margin:0;margin-bottom:5px;margin-right:5px;"><img alt="twitter" title="Partagez cette page sur Twitter" class="synved-share-image synved-social-image synved-social-image-share" width="32" height="32" style="display: inline; width:32px;height:32px; margin: 0; padding: 0; border: none; box-shadow: none;" src="https://www.mvtpaix.org/wordpress/wp-content/plugins/social-media-feather/synved-social/image/social/regular/64x64/twitter.png" /></a><a class="synved-social-button synved-social-button-share synved-social-size-32 synved-social-resolution-single synved-social-provider-mail nolightbox" data-provider="mail" rel="nofollow" title="Partagez-nous par email" href="mailto:?subject=La%20solidarit%C3%A9%20humaine%20et%20institutionnelle%20aux%20r%C3%A9fugi%C3%A9s%20doit%20s%E2%80%99accompagner%20d%E2%80%99initiatives%20pour%20des%20solutions%20politiques%20et%20%C3%A9conomiques%20durables&#038;body=Suivez%20le%20Mouvement%20de%20la%20Paix%20:%20https%3A%2F%2Fwww.mvtpaix.org%2Fwordpress%2Fwp-json%2Fwp%2Fv2%2Fpages%2F85092" style="font-size: 0px; width:32px;height:32px;margin:0;margin-bottom:5px;"><img alt="mail" title="Partagez-nous par email" class="synved-share-image synved-social-image synved-social-image-share" width="32" height="32" style="display: inline; width:32px;height:32px; margin: 0; padding: 0; border: none; box-shadow: none;" src="https://www.mvtpaix.org/wordpress/wp-content/plugins/social-media-feather/synved-social/image/social/regular/64x64/mail.png" /></a>

<p>Le Mouvement de la paix se réjouit de l’élan de solidarité qui se manifeste dans les populations à l’endroit des réfugiés. Cet élan doit se traduire par un engagement fort de l’Etat et des pouvoirs publics accompagné partout par des mesures au niveau des Communes, Départements et Régions pour concrétiser cette nécessaire solidarité humaine avec [&hellip;]</p>
