{"id":50625,"date":"2015-01-22T15:02:09","date_gmt":"2015-01-22T15:02:09","guid":{"rendered":"http:\/\/www.mvtpaix.org\/wordpress\/forums-sociaux-2\/appels-forums-sociaux\/appel-mouvements-sociaux-fse2003\/"},"modified":"2015-02-05T19:01:45","modified_gmt":"2015-02-05T18:01:45","slug":"appel-mouvements-sociaux-fse2003","status":"publish","type":"page","link":"https:\/\/www.mvtpaix.org\/wordpress\/forums-sociaux-2\/appels-forums-sociaux\/appel-mouvements-sociaux-fse2003\/","title":{"rendered":"Appel de l&#8217;assembl\u00e9e des acteurs et mouvements sociaux du FSE 2003"},"content":{"rendered":"<p class=\"Style282 Style420\" style=\"text-align: justify;\">Nous venons des mouvements sociaux et citoyens de toutes les r\u00e9gions d&#8217;Europe, de l&#8217;Est \u00e0 l&#8217;Ouest et du Nord au Sud. Apr\u00e8s Florence et Porto Alegre, nous nous rencontrons au 2\u00e8me Forum social europ\u00e9en \u00e0 la suite d&#8217;une ann\u00e9e de mobilisations contre le mod\u00e8le n\u00e9olib\u00e9ral dans de nombreux pays d&#8217;Europe &#8211; contre la r\u00e9forme des retraites, pour la d\u00e9fense des services publics, contre les politiques agricoles, pour les droits des femmes, contre l&#8217;extr\u00eame droite, le racisme et la x\u00e9nophobie ainsi que contre les politiques s\u00e9curitaires -, <strong>et contre la guerre contre l&#8217;Irak, notamment le 15 f\u00e9vrier 2003 <\/strong>. Nous sommes divers et pluriels, et c&#8217;est ce qui fait notre force.<\/p>\n<p class=\"Style421\" style=\"text-align: justify;\"><strong>En ce moment s&#8217;\u00e9labore un projet de Constitution europ\u00e9enne en marge de la soci\u00e9t\u00e9 civile <\/strong>. Il &#8220;constitutionnalise&#8221; le lib\u00e9ralisme comme doctrine officielle de l&#8217;UE\u00a0; il consacre la concurrence comme fondement du droit communautaire et de toutes les activit\u00e9s humaines et ne tient aucun compte des objectifs de l&#8217;\u00e9cod\u00e9veloppement ; <strong>il accorde un r\u00f4le \u00e0 l&#8217;OTAN sur les politiques \u00e9trang\u00e8res et de d\u00e9fense europ\u00e9ennes et pousse \u00e0 la militarisation de l&#8217;Union <\/strong>\u00a0; enfin, il maintient le social dans le statut de pi\u00e8ce rapport\u00e9e d&#8217;une construction europ\u00e9enne fond\u00e9e sur le primat du march\u00e9, et acte, de fait, le d\u00e9mant\u00e8lement d\u00e9j\u00e0 programm\u00e9 des services publics. <strong>Ce projet de Constitution ne r\u00e9pond pas \u00e0 nos aspirations. <\/strong><\/p>\n<p class=\"Style421\" style=\"text-align: justify;\"><strong>Nous luttons pour une autre Europe <\/strong>. Nos mobilisations portent l&#8217;espoir d&#8217;une Europe sans ch\u00f4mage ni pr\u00e9carit\u00e9, dot\u00e9e d&#8217;une agriculture paysanne qui assure la souverainet\u00e9 alimentaire, pr\u00e9serve les emplois, l&#8217;environnement et la qualit\u00e9 de l&#8217;alimentation, d&#8217;une Europe ouverte sur le monde qui permette \u00e0 chacun d&#8217;y circuler librement, qui reconna\u00eet la citoyennet\u00e9 de r\u00e9sidence \u00e0 tous les \u00e9trangers y habitant et qui respecte le droit d&#8217;asile, d&#8217;une Europe qui met en \u009cuvre une \u00e9galit\u00e9 r\u00e9elle entre les femmes et les hommes, qui promeut la diversit\u00e9 culturelle et le droit des peuples \u00e0 l&#8217;autod\u00e9termination, c&#8217;est-\u00e0-dire de d\u00e9cider de leur futur de fa\u00e7on d\u00e9mocratique.<\/p>\n<p class=\"Style421\" style=\"text-align: justify;\"><strong>Nous luttons pour une Europe qui refuse la guerre, favorise la solidarit\u00e9 internationale <\/strong> et un d\u00e9veloppement \u00e9cologiquement durable. <strong>Nous nous battons pour que les droits des \u00eatres humains<\/strong>, les droits sociaux, \u00e9conomiques, politiques, culturels et \u00e9cologiques l&#8217;emportent sur le droit de la concurrence, la logique du profit et l&#8217;asservissement par la dette.<\/p>\n<p class=\"Style421\" style=\"text-align: justify;\"><strong>C&#8217;est pour toutes ces raisons que nous lan\u00e7ons un appel aux peuples d&#8217;Europe pour qu&#8217;ils se mobilisent contre le mod\u00e8le n\u00e9olib\u00e9ral et la guerre <\/strong>. <strong>Nous nous battons pour le retrait des troupes d&#8217;occupation de l&#8217;Irak ainsi que la restitution imm\u00e9diate de la souverainet\u00e9 au peuple irakien <\/strong>. <strong>Nous nous battons pour le retrait des territoires occup\u00e9s par Isra\u00ebl et pour l&#8217;arr\u00eat de la construction du mur et sa destruction. Nous soutenons les mouvements isra\u00e9lien et palestinien qui se battent pour une paix juste et durable. Nous nous battons pour le retrait des troupes d&#8217;occupation russes de la Tch\u00e9tch\u00e9nie. C&#8217;est pour cela que nous nous joignons \u00e0 l&#8217;appel international lanc\u00e9 aux Etats-Unis par le mouvement anti-guerre et que nous appelons \u00e0 la journ\u00e9e d&#8217;action du 20 mars prochain. <\/strong><\/p>\n<p class=\"Style421\" style=\"text-align: justify;\">Pour parvenir \u00e0 une Europe bas\u00e9e sur la reconnaissance des droits sociaux, politiques, \u00e9conomiques, culturels et \u00e9cologiques, tant individuels que collectifs, des femmes comme des hommes, nous nous engageons \u00e0 prendre partout des initiatives <strong>. Il nous faut construire pas \u00e0 pas un processus de mobilisation qui permette l&#8217;implication de tous les peuples d&#8217;Europe <\/strong>. Nous nous engageons \u00e0 \u00eatre partie prenante de toutes les actions organis\u00e9es par les mouvements sociaux, en particulier \u00e0 construire un jour commun d&#8217;action soutenu par les mouvements sociaux, notamment par le mouvement syndical europ\u00e9en. Nous appelons tous les mouvements sociaux \u00e0 faire culminer cette dynamique de mobilisations en une journ\u00e9e d&#8217;action pour une autre Europe, des droits des citoyens et des citoyennes et des peuples, le 9 mai, date pr\u00e9vue de la ratification de la Constitution europ\u00e9enne.<\/p>\n<p class=\"Style421\" align=\"right\">Le 16 novembre 2003<\/p>\n<p>&nbsp;<\/p>\n<p><a class=\"style24 Style422\" href=\"http:\/\/www.mvtpaix.org\/fichiersdownload\/textes-reference\/forums-sociaux\/appel-mouvements-sociaux-fse2003.zip\">T\u00e9l\u00e9charger le communiqu\u00e9<\/a><\/p>\n<p>&nbsp;<\/p>\n<a class=\"synved-social-button synved-social-button-share synved-social-size-32 synved-social-resolution-single synved-social-provider-facebook nolightbox\" data-provider=\"facebook\" target=\"_blank\" rel=\"nofollow\" title=\"Partagez cette page sur Facebook\" href=\"https:\/\/www.facebook.com\/sharer.php?u=https%3A%2F%2Fwww.mvtpaix.org%2Fwordpress%2Fwp-json%2Fwp%2Fv2%2Fpages%2F50625&#038;t=Appel%20de%20l%E2%80%99assembl%C3%A9e%20des%20acteurs%20et%20mouvements%20sociaux%20du%20FSE%202003&#038;s=100&#038;p&#091;url&#093;=https%3A%2F%2Fwww.mvtpaix.org%2Fwordpress%2Fwp-json%2Fwp%2Fv2%2Fpages%2F50625&#038;p&#091;images&#093;&#091;0&#093;=https%3A%2F%2Fwww.mvtpaix.org%2Fwordpress%2Fwp-content%2Fuploads%2F2014%2F06%2Ffond-neutre.gif&#038;p&#091;title&#093;=Appel%20de%20l%E2%80%99assembl%C3%A9e%20des%20acteurs%20et%20mouvements%20sociaux%20du%20FSE%202003\" style=\"font-size: 0px; width:32px;height:32px;margin:0;margin-bottom:5px;margin-right:5px;\"><img alt=\"Facebook\" title=\"Partagez cette page sur Facebook\" class=\"synved-share-image synved-social-image synved-social-image-share\" width=\"32\" height=\"32\" style=\"display: inline; width:32px;height:32px; margin: 0; padding: 0; border: none; box-shadow: none;\" src=\"https:\/\/www.mvtpaix.org\/wordpress\/wp-content\/plugins\/social-media-feather\/synved-social\/image\/social\/regular\/64x64\/facebook.png\" \/><\/a><a class=\"synved-social-button synved-social-button-share synved-social-size-32 synved-social-resolution-single synved-social-provider-twitter nolightbox\" data-provider=\"twitter\" target=\"_blank\" rel=\"nofollow\" title=\"Partagez cette page sur Twitter\" href=\"https:\/\/twitter.com\/intent\/tweet?url=https%3A%2F%2Fwww.mvtpaix.org%2Fwordpress%2Fwp-json%2Fwp%2Fv2%2Fpages%2F50625&#038;text=Suivez%20le%20Mouvement%20de%20la%20Paix%20\" style=\"font-size: 0px; width:32px;height:32px;margin:0;margin-bottom:5px;margin-right:5px;\"><img alt=\"twitter\" title=\"Partagez cette page sur Twitter\" class=\"synved-share-image synved-social-image synved-social-image-share\" width=\"32\" height=\"32\" style=\"display: inline; width:32px;height:32px; margin: 0; padding: 0; border: none; box-shadow: none;\" src=\"https:\/\/www.mvtpaix.org\/wordpress\/wp-content\/plugins\/social-media-feather\/synved-social\/image\/social\/regular\/64x64\/twitter.png\" \/><\/a><a class=\"synved-social-button synved-social-button-share synved-social-size-32 synved-social-resolution-single synved-social-provider-mail nolightbox\" data-provider=\"mail\" rel=\"nofollow\" title=\"Partagez-nous par email\" href=\"mailto:?subject=Appel%20de%20l%E2%80%99assembl%C3%A9e%20des%20acteurs%20et%20mouvements%20sociaux%20du%20FSE%202003&#038;body=Suivez%20le%20Mouvement%20de%20la%20Paix%20:%20https%3A%2F%2Fwww.mvtpaix.org%2Fwordpress%2Fwp-json%2Fwp%2Fv2%2Fpages%2F50625\" style=\"font-size: 0px; width:32px;height:32px;margin:0;margin-bottom:5px;\"><img alt=\"mail\" title=\"Partagez-nous par email\" class=\"synved-share-image synved-social-image synved-social-image-share\" width=\"32\" height=\"32\" style=\"display: inline; width:32px;height:32px; margin: 0; padding: 0; border: none; box-shadow: none;\" src=\"https:\/\/www.mvtpaix.org\/wordpress\/wp-content\/plugins\/social-media-feather\/synved-social\/image\/social\/regular\/64x64\/mail.png\" \/><\/a>","protected":false},"excerpt":{"rendered":"<p>Nous venons des mouvements sociaux et citoyens de toutes les r\u00e9gions d&#8217;Europe, de l&#8217;Est \u00e0 l&#8217;Ouest et du Nord au Sud. Apr\u00e8s Florence et Porto Alegre, nous nous rencontrons au 2\u00e8me Forum social europ\u00e9en \u00e0 la suite d&#8217;une ann\u00e9e de mobilisations contre le mod\u00e8le n\u00e9olib\u00e9ral dans de nombreux pays d&#8217;Europe &#8211; contre la r\u00e9forme des [&hellip;]<\/p>\n","protected":false},"author":1,"featured_media":89771,"parent":50624,"menu_order":0,"comment_status":"closed","ping_status":"open","template":"","meta":[],"categories":[36],"tags":[],"_links":{"self":[{"href":"https:\/\/www.mvtpaix.org\/wordpress\/wp-json\/wp\/v2\/pages\/50625"}],"collection":[{"href":"https:\/\/www.mvtpaix.org\/wordpress\/wp-json\/wp\/v2\/pages"}],"about":[{"href":"https:\/\/www.mvtpaix.org\/wordpress\/wp-json\/wp\/v2\/types\/page"}],"author":[{"embeddable":true,"href":"https:\/\/www.mvtpaix.org\/wordpress\/wp-json\/wp\/v2\/users\/1"}],"replies":[{"embeddable":true,"href":"https:\/\/www.mvtpaix.org\/wordpress\/wp-json\/wp\/v2\/comments?post=50625"}],"version-history":[{"count":2,"href":"https:\/\/www.mvtpaix.org\/wordpress\/wp-json\/wp\/v2\/pages\/50625\/revisions"}],"predecessor-version":[{"id":54686,"href":"https:\/\/www.mvtpaix.org\/wordpress\/wp-json\/wp\/v2\/pages\/50625\/revisions\/54686"}],"up":[{"embeddable":true,"href":"https:\/\/www.mvtpaix.org\/wordpress\/wp-json\/wp\/v2\/pages\/50624"}],"wp:featuredmedia":[{"embeddable":true,"href":"https:\/\/www.mvtpaix.org\/wordpress\/wp-json\/wp\/v2\/media\/89771"}],"wp:attachment":[{"href":"https:\/\/www.mvtpaix.org\/wordpress\/wp-json\/wp\/v2\/media?parent=50625"}],"wp:term":[{"taxonomy":"category","embeddable":true,"href":"https:\/\/www.mvtpaix.org\/wordpress\/wp-json\/wp\/v2\/categories?post=50625"},{"taxonomy":"post_tag","embeddable":true,"href":"https:\/\/www.mvtpaix.org\/wordpress\/wp-json\/wp\/v2\/tags?post=50625"}],"curies":[{"name":"wp","href":"https:\/\/api.w.org\/{rel}","templated":true}]}}

Appel de l&#8217;assemblée des acteurs et mouvements sociaux du FSE 2003

<p class="Style282 Style420" style="text-align: justify;">Nous venons des mouvements sociaux et citoyens de toutes les régions d&#8217;Europe, de l&#8217;Est à l&#8217;Ouest et du Nord au Sud. Après Florence et Porto Alegre, nous nous rencontrons au 2ème Forum social européen à la suite d&#8217;une année de mobilisations contre le modèle néolibéral dans de nombreux pays d&#8217;Europe &#8211; contre la réforme des retraites, pour la défense des services publics, contre les politiques agricoles, pour les droits des femmes, contre l&#8217;extrême droite, le racisme et la xénophobie ainsi que contre les politiques sécuritaires -, <strong>et contre la guerre contre l&#8217;Irak, notamment le 15 février 2003 </strong>. Nous sommes divers et pluriels, et c&#8217;est ce qui fait notre force.</p>
<p class="Style421" style="text-align: justify;"><strong>En ce moment s&#8217;élabore un projet de Constitution européenne en marge de la société civile </strong>. Il &#8220;constitutionnalise&#8221; le libéralisme comme doctrine officielle de l&#8217;UE ; il consacre la concurrence comme fondement du droit communautaire et de toutes les activités humaines et ne tient aucun compte des objectifs de l&#8217;écodéveloppement ; <strong>il accorde un rôle à l&#8217;OTAN sur les politiques étrangères et de défense européennes et pousse à la militarisation de l&#8217;Union </strong> ; enfin, il maintient le social dans le statut de pièce rapportée d&#8217;une construction européenne fondée sur le primat du marché, et acte, de fait, le démantèlement déjà programmé des services publics. <strong>Ce projet de Constitution ne répond pas à nos aspirations. </strong></p>
<p class="Style421" style="text-align: justify;"><strong>Nous luttons pour une autre Europe </strong>. Nos mobilisations portent l&#8217;espoir d&#8217;une Europe sans chômage ni précarité, dotée d&#8217;une agriculture paysanne qui assure la souveraineté alimentaire, préserve les emplois, l&#8217;environnement et la qualité de l&#8217;alimentation, d&#8217;une Europe ouverte sur le monde qui permette à chacun d&#8217;y circuler librement, qui reconnaît la citoyenneté de résidence à tous les étrangers y habitant et qui respecte le droit d&#8217;asile, d&#8217;une Europe qui met en uvre une égalité réelle entre les femmes et les hommes, qui promeut la diversité culturelle et le droit des peuples à l&#8217;autodétermination, c&#8217;est-à-dire de décider de leur futur de façon démocratique.</p>
<p class="Style421" style="text-align: justify;"><strong>Nous luttons pour une Europe qui refuse la guerre, favorise la solidarité internationale </strong> et un développement écologiquement durable. <strong>Nous nous battons pour que les droits des êtres humains</strong>, les droits sociaux, économiques, politiques, culturels et écologiques l&#8217;emportent sur le droit de la concurrence, la logique du profit et l&#8217;asservissement par la dette.</p>
<p class="Style421" style="text-align: justify;"><strong>C&#8217;est pour toutes ces raisons que nous lançons un appel aux peuples d&#8217;Europe pour qu&#8217;ils se mobilisent contre le modèle néolibéral et la guerre </strong>. <strong>Nous nous battons pour le retrait des troupes d&#8217;occupation de l&#8217;Irak ainsi que la restitution immédiate de la souveraineté au peuple irakien </strong>. <strong>Nous nous battons pour le retrait des territoires occupés par Israël et pour l&#8217;arrêt de la construction du mur et sa destruction. Nous soutenons les mouvements israélien et palestinien qui se battent pour une paix juste et durable. Nous nous battons pour le retrait des troupes d&#8217;occupation russes de la Tchétchénie. C&#8217;est pour cela que nous nous joignons à l&#8217;appel international lancé aux Etats-Unis par le mouvement anti-guerre et que nous appelons à la journée d&#8217;action du 20 mars prochain. </strong></p>
<p class="Style421" style="text-align: justify;">Pour parvenir à une Europe basée sur la reconnaissance des droits sociaux, politiques, économiques, culturels et écologiques, tant individuels que collectifs, des femmes comme des hommes, nous nous engageons à prendre partout des initiatives <strong>. Il nous faut construire pas à pas un processus de mobilisation qui permette l&#8217;implication de tous les peuples d&#8217;Europe </strong>. Nous nous engageons à être partie prenante de toutes les actions organisées par les mouvements sociaux, en particulier à construire un jour commun d&#8217;action soutenu par les mouvements sociaux, notamment par le mouvement syndical européen. Nous appelons tous les mouvements sociaux à faire culminer cette dynamique de mobilisations en une journée d&#8217;action pour une autre Europe, des droits des citoyens et des citoyennes et des peuples, le 9 mai, date prévue de la ratification de la Constitution européenne.</p>
<p class="Style421" align="right">Le 16 novembre 2003</p>
<p>&nbsp;</p>
<p><a class="style24 Style422" href="http://www.mvtpaix.org/fichiersdownload/textes-reference/forums-sociaux/appel-mouvements-sociaux-fse2003.zip">Télécharger le communiqué</a></p>
<p>&nbsp;</p>
<a class="synved-social-button synved-social-button-share synved-social-size-32 synved-social-resolution-single synved-social-provider-facebook nolightbox" data-provider="facebook" target="_blank" rel="nofollow" title="Partagez cette page sur Facebook" href="https://www.facebook.com/sharer.php?u=https%3A%2F%2Fwww.mvtpaix.org%2Fwordpress%2Fwp-json%2Fwp%2Fv2%2Fpages%2F50625&#038;t=Appel%20de%20l%E2%80%99assembl%C3%A9e%20des%20acteurs%20et%20mouvements%20sociaux%20du%20FSE%202003&#038;s=100&#038;p&#091;url&#093;=https%3A%2F%2Fwww.mvtpaix.org%2Fwordpress%2Fwp-json%2Fwp%2Fv2%2Fpages%2F50625&#038;p&#091;images&#093;&#091;0&#093;=https%3A%2F%2Fwww.mvtpaix.org%2Fwordpress%2Fwp-content%2Fuploads%2F2014%2F06%2Ffond-neutre.gif&#038;p&#091;title&#093;=Appel%20de%20l%E2%80%99assembl%C3%A9e%20des%20acteurs%20et%20mouvements%20sociaux%20du%20FSE%202003" style="font-size: 0px; width:32px;height:32px;margin:0;margin-bottom:5px;margin-right:5px;"><img alt="Facebook" title="Partagez cette page sur Facebook" class="synved-share-image synved-social-image synved-social-image-share" width="32" height="32" style="display: inline; width:32px;height:32px; margin: 0; padding: 0; border: none; box-shadow: none;" src="https://www.mvtpaix.org/wordpress/wp-content/plugins/social-media-feather/synved-social/image/social/regular/64x64/facebook.png" /></a><a class="synved-social-button synved-social-button-share synved-social-size-32 synved-social-resolution-single synved-social-provider-twitter nolightbox" data-provider="twitter" target="_blank" rel="nofollow" title="Partagez cette page sur Twitter" href="https://twitter.com/intent/tweet?url=https%3A%2F%2Fwww.mvtpaix.org%2Fwordpress%2Fwp-json%2Fwp%2Fv2%2Fpages%2F50625&#038;text=Suivez%20le%20Mouvement%20de%20la%20Paix%20" style="font-size: 0px; width:32px;height:32px;margin:0;margin-bottom:5px;margin-right:5px;"><img alt="twitter" title="Partagez cette page sur Twitter" class="synved-share-image synved-social-image synved-social-image-share" width="32" height="32" style="display: inline; width:32px;height:32px; margin: 0; padding: 0; border: none; box-shadow: none;" src="https://www.mvtpaix.org/wordpress/wp-content/plugins/social-media-feather/synved-social/image/social/regular/64x64/twitter.png" /></a><a class="synved-social-button synved-social-button-share synved-social-size-32 synved-social-resolution-single synved-social-provider-mail nolightbox" data-provider="mail" rel="nofollow" title="Partagez-nous par email" href="mailto:?subject=Appel%20de%20l%E2%80%99assembl%C3%A9e%20des%20acteurs%20et%20mouvements%20sociaux%20du%20FSE%202003&#038;body=Suivez%20le%20Mouvement%20de%20la%20Paix%20:%20https%3A%2F%2Fwww.mvtpaix.org%2Fwordpress%2Fwp-json%2Fwp%2Fv2%2Fpages%2F50625" style="font-size: 0px; width:32px;height:32px;margin:0;margin-bottom:5px;"><img alt="mail" title="Partagez-nous par email" class="synved-share-image synved-social-image synved-social-image-share" width="32" height="32" style="display: inline; width:32px;height:32px; margin: 0; padding: 0; border: none; box-shadow: none;" src="https://www.mvtpaix.org/wordpress/wp-content/plugins/social-media-feather/synved-social/image/social/regular/64x64/mail.png" /></a>

<p>Nous venons des mouvements sociaux et citoyens de toutes les régions d&#8217;Europe, de l&#8217;Est à l&#8217;Ouest et du Nord au Sud. Après Florence et Porto Alegre, nous nous rencontrons au 2ème Forum social européen à la suite d&#8217;une année de mobilisations contre le modèle néolibéral dans de nombreux pays d&#8217;Europe &#8211; contre la réforme des [&hellip;]</p>
