{"id":1447,"date":"2009-06-12T17:21:03","date_gmt":"2009-06-12T16:21:03","guid":{"rendered":"http:\/\/www.mvtpaix.org\/wordpress\/index.php\/g20-2009\/"},"modified":"2014-09-30T19:07:35","modified_gmt":"2014-09-30T18:07:35","slug":"g20-2009","status":"publish","type":"page","link":"https:\/\/www.mvtpaix.org\/wordpress\/g20-2009\/","title":{"rendered":"Nous ne paierons ni pour leurs crises ni pour leurs guerres"},"content":{"rendered":"<p>&nbsp;<\/p>\n<div class=\"style7\" align=\"justify\">\n<div align=\"justify\">\n<table border=\"0\" width=\"220\" cellspacing=\"0\" cellpadding=\"14\" align=\"right\">\n<tbody>\n<tr>\n<td>\n<div align=\"center\">\n<p>&nbsp;<\/p>\n<p><img loading=\"lazy\" src=\"https:\/\/www.mvtpaix.org\/wordpress\/wp-content\/uploads\/2014\/06\/stopG20.jpg\" alt=\"\" width=\"146\" height=\"220\" \/><\/p>\n<p>&nbsp;<\/p>\n<\/div>\n<\/td>\n<\/tr>\n<\/tbody>\n<\/table>\n<p class=\"Style488\"><strong>Le G20 (19 pays plus l\u2019UE), nouveau club priv\u00e9 des pays les plus riches, se r\u00e9unira pour la deuxi\u00e8me fois depuis novembre, le 2 avril \u00e0 Londres, \u00e0 la veille du sommet du 60\u00e8me anniversaire de l\u2019Otan, avec la pr\u00e9tention d\u2019apporter des r\u00e9ponses \u00e0 la crise qu\u2019ils ont eux-m\u00eames caus\u00e9e et aliment\u00e9e ces derni\u00e8res ann\u00e9es.<\/strong><\/p>\n<p>&nbsp;<\/p>\n<p>Ce nouveau club, auto-d\u00e9sign\u00e9, en incluant les grands pays \u00e9mergeants, se veut un peu plus d\u00e9mocratique que le G8, mais exclut de fait les 172 autres pays membres de l\u2019Organisation des Nations Unies. Il pr\u00e9tend imposer ses solutions face \u00e0 la crise financi\u00e8re, \u00e0 l\u2019ensemble de la plan\u00e8te.<\/p>\n<p>&nbsp;<\/p>\n<p>Si nous connaissons les d\u00e9g\u00e2ts et les ravages des politiques ultra lib\u00e9rales qui nous ont \u00e9t\u00e9 impos\u00e9es, fond\u00e9es sur le laisser-faire, nous percevons moins qu\u2019elles sont le fer de lance de la militarisation des rapports internationaux&#8230;<\/p>\n<p>&nbsp;<\/p>\n<p>7 pays sont membres de l\u2019Otan sans compter l\u2019UE, elle-m\u00eame compos\u00e9e d\u2019une grande majorit\u00e9 d\u2019\u00e9tats membres de l\u2019Organisation, 6 sont des puissances nucl\u00e9aires, et un grand nombre d\u2019entre eux (Japon, Australie\u2026) participent aux exp\u00e9ditions militaires en Irak et en Afghanistan. Ces 20 pays repr\u00e9sentent plus de 87% des d\u00e9penses militaires mondiales et sont responsables de leurs augmentations sensibles : 1339 milliards en 2007 contre 850 milliards en 2002 soit 58% de progression en 5 ans et entre 2006 et 2007, c\u2019est 135 milliards de dollars suppl\u00e9mentaires ! C\u2019est le montant annuel estim\u00e9 par l\u2019ONU pour atteindre les objectifs du Mill\u00e9naire pour le d\u00e9veloppement (ODM) permettant de r\u00e9duire de moiti\u00e9 la pauvret\u00e9 en 10 ans. L\u2019argent du d\u00e9veloppement, de la sant\u00e9, de la survie de l\u2019humanit\u00e9 est odieusement dilapid\u00e9 pour pr\u00e9parer les prochaines guerres.<\/p>\n<p>&nbsp;<\/p>\n<p>Alors que nous avons connu des \u00e9meutes de la faim, que nous vivons une terrible crise financi\u00e8re, une crise \u00e9nerg\u00e9tique, climatique, \u00e9cologique profonde, que l\u2019activit\u00e9 militaire repr\u00e9sente 20% de la pollution mondiale, ces d\u00e9penses d\u2019armements sont profond\u00e9ment choquantes. Le monde a besoin d\u2019un nouveau syst\u00e8me d\u00e9mocratique fond\u00e9 sur le respect de tous les droits humains, la satisfaction des besoins sociaux et la s\u00e9curit\u00e9 et la paix pour tous. Or il n\u2019est pas question d\u2019aborder ces sujets lors de cette conf\u00e9rence.<\/p>\n<p>&nbsp;<\/p>\n<p>Il est donc important de faire entendre et d\u2019imposer d\u2019autres solutions pour sortir de la crise, redonner du cr\u00e9dit aux institutions internationales des nations unies et leur donner des moyens : le budget annuel de l\u2019ONU repr\u00e9sente 36 heures de celui du Pentagone.<\/p>\n<p>&nbsp;<\/p>\n<p>La sortie de la crise passe donc par une r\u00e9duction drastique des d\u00e9penses militaires et non par un renforcement d\u2019une alliance militaire issue de la guerre froide, qui appara\u00eet de plus en plus comme une milice priv\u00e9e des pays riches, face \u00e0 un monde qui s\u2019\u00e9mancipe de plus en plus des dominations politiques, \u00e9conomiques et financi\u00e8res des grandes puissances. N\u2019oublions pas que la guerre peut \u00eatre un recours pour certains.<\/p>\n<p>&nbsp;<\/p>\n<p align=\"right\"><em> Saint-Ouen, le 31 mars 2009<\/em><\/p>\n<p>&nbsp;<\/p>\n<p>&nbsp;<\/p>\n<p align=\"right\">Contacts : Arielle Denis : 06 87 14 89 33<\/p>\n<p>et &#99;&#x61;t&#104;&#x65;r&#x69;&#x6e;&#101;&#x2e;r&#105;&#x6f;&#64;&#109;&#x76;&#116;&#x70;a&#105;&#x78;&#46;&#111;&#x72;&#103; : 06 08 27 99 72<\/p>\n<p>&nbsp;<\/p>\n<\/div>\n<p>&nbsp;<\/p>\n<p class=\"Style507\" align=\"right\">\n<p>LE MOUVEMENT DE LA PAIX<\/p>\n<p>MAISON DE LA PAIX, 9 rue Dulcie September \u2013 93400 Saint-Ouen<\/p>\n<p>Tel : 01 40 12 09 12 &#8211; Fax : 01 40 11 57 87<\/p>\n<p>Site web : www.mvtpaix.org &#8211; mail : &#x6e;&#x61;&#116;i&#x6f;&#x6e;&#97;&#108;&#64;&#x6d;&#x76;&#116;&#112;a&#x69;&#x78;&#46;or&#x67;<\/p>\n<p>Agr\u00e9\u00e9 Association Nationale de la Jeunesse et d\u2019Education Populaire<em>\n<\/em><\/p>\n<\/div>\n<p>&nbsp;<\/p>\n<a class=\"synved-social-button synved-social-button-share synved-social-size-32 synved-social-resolution-single synved-social-provider-facebook nolightbox\" data-provider=\"facebook\" target=\"_blank\" rel=\"nofollow\" title=\"Partagez cette page sur Facebook\" href=\"https:\/\/www.facebook.com\/sharer.php?u=https%3A%2F%2Fwww.mvtpaix.org%2Fwordpress%2Fwp-json%2Fwp%2Fv2%2Fpages%2F1447&#038;t=Nous%20ne%20paierons%20ni%20pour%20leurs%20crises%20ni%20pour%20leurs%20guerres&#038;s=100&#038;p&#091;url&#093;=https%3A%2F%2Fwww.mvtpaix.org%2Fwordpress%2Fwp-json%2Fwp%2Fv2%2Fpages%2F1447&#038;p&#091;images&#093;&#091;0&#093;=https%3A%2F%2Fwww.mvtpaix.org%2Fwordpress%2Fwp-content%2Fuploads%2F2014%2F06%2Ffond-neutre.gif&#038;p&#091;title&#093;=Nous%20ne%20paierons%20ni%20pour%20leurs%20crises%20ni%20pour%20leurs%20guerres\" style=\"font-size: 0px; width:32px;height:32px;margin:0;margin-bottom:5px;margin-right:5px;\"><img alt=\"Facebook\" title=\"Partagez cette page sur Facebook\" class=\"synved-share-image synved-social-image synved-social-image-share\" width=\"32\" height=\"32\" style=\"display: inline; width:32px;height:32px; margin: 0; padding: 0; border: none; box-shadow: none;\" src=\"https:\/\/www.mvtpaix.org\/wordpress\/wp-content\/plugins\/social-media-feather\/synved-social\/image\/social\/regular\/64x64\/facebook.png\" \/><\/a><a class=\"synved-social-button synved-social-button-share synved-social-size-32 synved-social-resolution-single synved-social-provider-twitter nolightbox\" data-provider=\"twitter\" target=\"_blank\" rel=\"nofollow\" title=\"Partagez cette page sur Twitter\" href=\"https:\/\/twitter.com\/intent\/tweet?url=https%3A%2F%2Fwww.mvtpaix.org%2Fwordpress%2Fwp-json%2Fwp%2Fv2%2Fpages%2F1447&#038;text=Suivez%20le%20Mouvement%20de%20la%20Paix%20\" style=\"font-size: 0px; width:32px;height:32px;margin:0;margin-bottom:5px;margin-right:5px;\"><img alt=\"twitter\" title=\"Partagez cette page sur Twitter\" class=\"synved-share-image synved-social-image synved-social-image-share\" width=\"32\" height=\"32\" style=\"display: inline; width:32px;height:32px; margin: 0; padding: 0; border: none; box-shadow: none;\" src=\"https:\/\/www.mvtpaix.org\/wordpress\/wp-content\/plugins\/social-media-feather\/synved-social\/image\/social\/regular\/64x64\/twitter.png\" \/><\/a><a class=\"synved-social-button synved-social-button-share synved-social-size-32 synved-social-resolution-single synved-social-provider-mail nolightbox\" data-provider=\"mail\" rel=\"nofollow\" title=\"Partagez-nous par email\" href=\"mailto:?subject=Nous%20ne%20paierons%20ni%20pour%20leurs%20crises%20ni%20pour%20leurs%20guerres&#038;body=Suivez%20le%20Mouvement%20de%20la%20Paix%20:%20https%3A%2F%2Fwww.mvtpaix.org%2Fwordpress%2Fwp-json%2Fwp%2Fv2%2Fpages%2F1447\" style=\"font-size: 0px; width:32px;height:32px;margin:0;margin-bottom:5px;\"><img alt=\"mail\" title=\"Partagez-nous par email\" class=\"synved-share-image synved-social-image synved-social-image-share\" width=\"32\" height=\"32\" style=\"display: inline; width:32px;height:32px; margin: 0; padding: 0; border: none; box-shadow: none;\" src=\"https:\/\/www.mvtpaix.org\/wordpress\/wp-content\/plugins\/social-media-feather\/synved-social\/image\/social\/regular\/64x64\/mail.png\" \/><\/a>","protected":false},"excerpt":{"rendered":"<p>&nbsp; &nbsp; &nbsp; Le G20 (19 pays plus l\u2019UE), nouveau club priv\u00e9 des pays les plus riches, se r\u00e9unira pour la deuxi\u00e8me fois depuis novembre, le 2 avril \u00e0 Londres, \u00e0 la veille du sommet du 60\u00e8me anniversaire de l\u2019Otan, avec la pr\u00e9tention d\u2019apporter des r\u00e9ponses \u00e0 la crise qu\u2019ils ont eux-m\u00eames caus\u00e9e et aliment\u00e9e [&hellip;]<\/p>\n","protected":false},"author":1,"featured_media":89771,"parent":0,"menu_order":0,"comment_status":"closed","ping_status":"closed","template":"","meta":[],"categories":[3],"tags":[],"_links":{"self":[{"href":"https:\/\/www.mvtpaix.org\/wordpress\/wp-json\/wp\/v2\/pages\/1447"}],"collection":[{"href":"https:\/\/www.mvtpaix.org\/wordpress\/wp-json\/wp\/v2\/pages"}],"about":[{"href":"https:\/\/www.mvtpaix.org\/wordpress\/wp-json\/wp\/v2\/types\/page"}],"author":[{"embeddable":true,"href":"https:\/\/www.mvtpaix.org\/wordpress\/wp-json\/wp\/v2\/users\/1"}],"replies":[{"embeddable":true,"href":"https:\/\/www.mvtpaix.org\/wordpress\/wp-json\/wp\/v2\/comments?post=1447"}],"version-history":[{"count":4,"href":"https:\/\/www.mvtpaix.org\/wordpress\/wp-json\/wp\/v2\/pages\/1447\/revisions"}],"predecessor-version":[{"id":15817,"href":"https:\/\/www.mvtpaix.org\/wordpress\/wp-json\/wp\/v2\/pages\/1447\/revisions\/15817"}],"wp:featuredmedia":[{"embeddable":true,"href":"https:\/\/www.mvtpaix.org\/wordpress\/wp-json\/wp\/v2\/media\/89771"}],"wp:attachment":[{"href":"https:\/\/www.mvtpaix.org\/wordpress\/wp-json\/wp\/v2\/media?parent=1447"}],"wp:term":[{"taxonomy":"category","embeddable":true,"href":"https:\/\/www.mvtpaix.org\/wordpress\/wp-json\/wp\/v2\/categories?post=1447"},{"taxonomy":"post_tag","embeddable":true,"href":"https:\/\/www.mvtpaix.org\/wordpress\/wp-json\/wp\/v2\/tags?post=1447"}],"curies":[{"name":"wp","href":"https:\/\/api.w.org\/{rel}","templated":true}]}}

<p>&nbsp;</p>
<div class="style7" align="justify">
<div align="justify">
<table border="0" width="220" cellspacing="0" cellpadding="14" align="right">
<tbody>
<tr>
<td>
<div align="center">
<p>&nbsp;</p>
<p><img loading="lazy" src="https://www.mvtpaix.org/wordpress/wp-content/uploads/2014/06/stopG20.jpg" alt="" width="146" height="220" /></p>
<p>&nbsp;</p>
</div>
</td>
</tr>
</tbody>
</table>
<p class="Style488"><strong>Le G20 (19 pays plus l’UE), nouveau club privé des pays les plus riches, se réunira pour la deuxième fois depuis novembre, le 2 avril à Londres, à la veille du sommet du 60ème anniversaire de l’Otan, avec la prétention d’apporter des réponses à la crise qu’ils ont eux-mêmes causée et alimentée ces dernières années.</strong></p>
<p>&nbsp;</p>
<p>Ce nouveau club, auto-désigné, en incluant les grands pays émergeants, se veut un peu plus démocratique que le G8, mais exclut de fait les 172 autres pays membres de l’Organisation des Nations Unies. Il prétend imposer ses solutions face à la crise financière, à l’ensemble de la planète.</p>
<p>&nbsp;</p>
<p>Si nous connaissons les dégâts et les ravages des politiques ultra libérales qui nous ont été imposées, fondées sur le laisser-faire, nous percevons moins qu’elles sont le fer de lance de la militarisation des rapports internationaux&#8230;</p>
<p>&nbsp;</p>
<p>7 pays sont membres de l’Otan sans compter l’UE, elle-même composée d’une grande majorité d’états membres de l’Organisation, 6 sont des puissances nucléaires, et un grand nombre d’entre eux (Japon, Australie…) participent aux expéditions militaires en Irak et en Afghanistan. Ces 20 pays représentent plus de 87% des dépenses militaires mondiales et sont responsables de leurs augmentations sensibles : 1339 milliards en 2007 contre 850 milliards en 2002 soit 58% de progression en 5 ans et entre 2006 et 2007, c’est 135 milliards de dollars supplémentaires ! C’est le montant annuel estimé par l’ONU pour atteindre les objectifs du Millénaire pour le développement (ODM) permettant de réduire de moitié la pauvreté en 10 ans. L’argent du développement, de la santé, de la survie de l’humanité est odieusement dilapidé pour préparer les prochaines guerres.</p>
<p>&nbsp;</p>
<p>Alors que nous avons connu des émeutes de la faim, que nous vivons une terrible crise financière, une crise énergétique, climatique, écologique profonde, que l’activité militaire représente 20% de la pollution mondiale, ces dépenses d’armements sont profondément choquantes. Le monde a besoin d’un nouveau système démocratique fondé sur le respect de tous les droits humains, la satisfaction des besoins sociaux et la sécurité et la paix pour tous. Or il n’est pas question d’aborder ces sujets lors de cette conférence.</p>
<p>&nbsp;</p>
<p>Il est donc important de faire entendre et d’imposer d’autres solutions pour sortir de la crise, redonner du crédit aux institutions internationales des nations unies et leur donner des moyens : le budget annuel de l’ONU représente 36 heures de celui du Pentagone.</p>
<p>&nbsp;</p>
<p>La sortie de la crise passe donc par une réduction drastique des dépenses militaires et non par un renforcement d’une alliance militaire issue de la guerre froide, qui apparaît de plus en plus comme une milice privée des pays riches, face à un monde qui s’émancipe de plus en plus des dominations politiques, économiques et financières des grandes puissances. N’oublions pas que la guerre peut être un recours pour certains.</p>
<p>&nbsp;</p>
<p align="right"><em> Saint-Ouen, le 31 mars 2009</em></p>
<p>&nbsp;</p>
<p>&nbsp;</p>
<p align="right">Contacts : Arielle Denis : 06 87 14 89 33</p>
<p>et &#99;&#x61;t&#104;&#x65;r&#x69;&#x6e;&#101;&#x2e;r&#105;&#x6f;&#64;&#109;&#x76;&#116;&#x70;a&#105;&#x78;&#46;&#111;&#x72;&#103; : 06 08 27 99 72</p>
<p>&nbsp;</p>
</div>
<p>&nbsp;</p>
<p class="Style507" align="right">
<p>LE MOUVEMENT DE LA PAIX</p>
<p>MAISON DE LA PAIX, 9 rue Dulcie September – 93400 Saint-Ouen</p>
<p>Tel : 01 40 12 09 12 &#8211; Fax : 01 40 11 57 87</p>
<p>Site web : www.mvtpaix.org &#8211; mail : &#x6e;&#x61;&#116;i&#x6f;&#x6e;&#97;&#108;&#64;&#x6d;&#x76;&#116;&#112;a&#x69;&#x78;&#46;or&#x67;</p>
<p>Agréé Association Nationale de la Jeunesse et d’Education Populaire<em>
</em></p>
</div>
<p>&nbsp;</p>
<a class="synved-social-button synved-social-button-share synved-social-size-32 synved-social-resolution-single synved-social-provider-facebook nolightbox" data-provider="facebook" target="_blank" rel="nofollow" title="Partagez cette page sur Facebook" href="https://www.facebook.com/sharer.php?u=https%3A%2F%2Fwww.mvtpaix.org%2Fwordpress%2Fwp-json%2Fwp%2Fv2%2Fpages%2F1447&#038;t=Nous%20ne%20paierons%20ni%20pour%20leurs%20crises%20ni%20pour%20leurs%20guerres&#038;s=100&#038;p&#091;url&#093;=https%3A%2F%2Fwww.mvtpaix.org%2Fwordpress%2Fwp-json%2Fwp%2Fv2%2Fpages%2F1447&#038;p&#091;images&#093;&#091;0&#093;=https%3A%2F%2Fwww.mvtpaix.org%2Fwordpress%2Fwp-content%2Fuploads%2F2014%2F06%2Ffond-neutre.gif&#038;p&#091;title&#093;=Nous%20ne%20paierons%20ni%20pour%20leurs%20crises%20ni%20pour%20leurs%20guerres" style="font-size: 0px; width:32px;height:32px;margin:0;margin-bottom:5px;margin-right:5px;"><img alt="Facebook" title="Partagez cette page sur Facebook" class="synved-share-image synved-social-image synved-social-image-share" width="32" height="32" style="display: inline; width:32px;height:32px; margin: 0; padding: 0; border: none; box-shadow: none;" src="https://www.mvtpaix.org/wordpress/wp-content/plugins/social-media-feather/synved-social/image/social/regular/64x64/facebook.png" /></a><a class="synved-social-button synved-social-button-share synved-social-size-32 synved-social-resolution-single synved-social-provider-twitter nolightbox" data-provider="twitter" target="_blank" rel="nofollow" title="Partagez cette page sur Twitter" href="https://twitter.com/intent/tweet?url=https%3A%2F%2Fwww.mvtpaix.org%2Fwordpress%2Fwp-json%2Fwp%2Fv2%2Fpages%2F1447&#038;text=Suivez%20le%20Mouvement%20de%20la%20Paix%20" style="font-size: 0px; width:32px;height:32px;margin:0;margin-bottom:5px;margin-right:5px;"><img alt="twitter" title="Partagez cette page sur Twitter" class="synved-share-image synved-social-image synved-social-image-share" width="32" height="32" style="display: inline; width:32px;height:32px; margin: 0; padding: 0; border: none; box-shadow: none;" src="https://www.mvtpaix.org/wordpress/wp-content/plugins/social-media-feather/synved-social/image/social/regular/64x64/twitter.png" /></a><a class="synved-social-button synved-social-button-share synved-social-size-32 synved-social-resolution-single synved-social-provider-mail nolightbox" data-provider="mail" rel="nofollow" title="Partagez-nous par email" href="mailto:?subject=Nous%20ne%20paierons%20ni%20pour%20leurs%20crises%20ni%20pour%20leurs%20guerres&#038;body=Suivez%20le%20Mouvement%20de%20la%20Paix%20:%20https%3A%2F%2Fwww.mvtpaix.org%2Fwordpress%2Fwp-json%2Fwp%2Fv2%2Fpages%2F1447" style="font-size: 0px; width:32px;height:32px;margin:0;margin-bottom:5px;"><img alt="mail" title="Partagez-nous par email" class="synved-share-image synved-social-image synved-social-image-share" width="32" height="32" style="display: inline; width:32px;height:32px; margin: 0; padding: 0; border: none; box-shadow: none;" src="https://www.mvtpaix.org/wordpress/wp-content/plugins/social-media-feather/synved-social/image/social/regular/64x64/mail.png" /></a>

<p>&nbsp; &nbsp; &nbsp; Le G20 (19 pays plus l’UE), nouveau club privé des pays les plus riches, se réunira pour la deuxième fois depuis novembre, le 2 avril à Londres, à la veille du sommet du 60ème anniversaire de l’Otan, avec la prétention d’apporter des réponses à la crise qu’ils ont eux-mêmes causée et alimentée [&hellip;]</p>
