{"id":1329,"date":"2010-06-12T17:21:36","date_gmt":"2010-06-12T16:21:36","guid":{"rendered":"http:\/\/www.mvtpaix.org\/wordpress\/index.php\/appelgaza-2010\/"},"modified":"2014-09-30T19:12:17","modified_gmt":"2014-09-30T18:12:17","slug":"appelgaza-2010","status":"publish","type":"page","link":"https:\/\/www.mvtpaix.org\/wordpress\/appelgaza-2010\/","title":{"rendered":"Le Mouvement de la Paix soutient l\u2019appel pour Gaza"},"content":{"rendered":"<p><body><\/p>\n<div align=\"justify\">\n<div align=\"center\">&#13;<\/p>\n<div align=\"left\">&#13;<\/p>\n<div align=\"justify\">&#13;<\/p>\n<table width=\"200\" border=\"0\" align=\"right\" cellpadding=\"11\" cellspacing=\"0\">\n<tr>\n<td>\n<div align=\"center\"\/>&#13;\n                            <img loading=\"lazy\" src=\"https:\/\/www.mvtpaix.org\/wordpress\/wp-content\/uploads\/2014\/06\/gazafire05012009.jpg\" width=\"415\" height=\"275\"\/><\/td>\n<p>&#13;\n                        <\/tr>\n<\/table>\n<p class=\"Style506\">GAZA, on n&#8217;oublie pas ! <br\/>&#13;\n                        Rassemblement \u00e0 Paris dimanche 26 D\u00e9cembre 2010 <br\/>&#13;\n                      15h30 au Trocad\u00e9ro<\/p>\n<p>&#13;<\/p>\n<p class=\"Style391\">En janvier 2009, le monde entier s\u2019est indign\u00e9 face aux \u00e9v\u00e9nements meurtriers qui ont eu lieu \u00e0 Gaza. L&#8217;op\u00e9ration isra\u00e9lienne s&#8217;est sold\u00e9e par le massacre de 1400 Palestiniens, dont la plupart \u00e9taient des femmes et des enfants. Parmi les 5500 bless\u00e9s, un grand nombre ont \u00e9t\u00e9 amput\u00e9s et porteront toute leur vie les stigmates de l&#8217;agression. <\/p>\n<p>&#13;<\/p>\n<p class=\"Style391\">Le rapport Goldstone a fait \u00e9tat de &#8220;crimes de guerre et, vraisemblablement, de crimes contre l\u2019humanit\u00e9&#8221;. Ces \u00e9v\u00e9nements terribles ont \u00e9t\u00e9 suivis d&#8217;un grand nombre de rassemblements et de manifestations \u00e0 travers de nombreux pays traduisant ainsi le soutien de la communaut\u00e9 internationale au peuple palestinien. Nous \u00e9tions 300 000 dans plus de 100 villes en France le 10 Janvier 2010 pour demander la fin des violations du droit et pour des sanctions contre Isra\u00ebl. Cela fait 2 ans, et la situation \u00e0 Gaza ne s\u2019est pas am\u00e9lior\u00e9e. <\/p>\n<p>&#13;<\/p>\n<p class=\"Style391\">Les conditions des Palestiniens de Gaza restent catastrophiques, les droits humains les plus \u00e9l\u00e9mentaires sont bafou\u00e9s au m\u00eame titre que le droit international. Le blocus sur Gaza n\u2019a toujours pas \u00e9t\u00e9 bris\u00e9, les ONG internationales se voient toujours refuser l&#8217;acc\u00e8s \u00e0 ce territoire comme en t\u00e9moigne le raid isra\u00e9lien meurtrier contre la Flottille de la Libert\u00e9 partie pour Gaza en mai 2010.<\/p>\n<p>&#13;<\/p>\n<p class=\"Style391\">Il est n\u00e9cessaire de rester mobilis\u00e9s face \u00e0 l&#8217;impunit\u00e9 d&#8217;Isra\u00ebl et au silence complice de la communaut\u00e9 internationale, nous, jeunes citoyens solidaires, appelons \u00e0 un rassemblement national \u00e0 la veille de la date anniversaire du massacre, le dimanche 26 d\u00e9cembre 2010 <a href=\"#1\">(1)<\/a>. <\/p>\n<p>&#13;<\/p>\n<p align=\"center\" class=\"Style391\"><span class=\"moyen\">1400 bougies seront allum\u00e9es en hommage aux victimes de l\u2019op\u00e9ration \u00ab\u00a0Plomb durci\u00a0\u00bb<\/span><\/p>\n<p>&#13;<\/p>\n<p align=\"center\" class=\"Style391\">\u00a0<\/p>\n<p>&#13;<\/p>\n<p class=\"Style391\"><a href=\"http:\/\/www.unbateaupourgaza.fr\" target=\"_blank\"><img loading=\"lazy\" src=\"https:\/\/www.mvtpaix.org\/wordpress\/wp-content\/uploads\/2014\/06\/Un_bateau_pour_Gaza.jpg\" width=\"220\" height=\"202\" hspace=\"20\" vspace=\"4\" border=\"0\" align=\"right\"\/><\/a>A l\u2019occasion de ce triste anniversaire, le Mouvement de la Paix appelle &#13;\n  tous ses comit\u00e9s, toute la population \u00e0 s\u2019engager dans la campagne<span class=\"moyen\"> \u00ab\u00a0Un bateau fran\u00e7ais pour Gaza\u00a0\u00bb<\/span> du Collectif national pour une paix juste et durable entre Palestiniens et Isra\u00e9liens et de la Plateforme des ONG fran\u00e7aises pour la Palestine pour :<\/p>\n<p>&#13;<\/p>\n<p class=\"moyen\">&#8211; D\u00e9noncer et briser le si\u00e8ge isra\u00e9lien de Gaza<br\/>&#13;\n                      &#8211; Promouvoir et faire respecter le droit international<br\/>&#13;\n                      &#8211; R\u00e9pondre \u00e0 la crise humanitaire subie par un million &#13;\n                      et demi de Palestiniens de Gaza<\/p>\n<p>&#13;<\/p>\n<p class=\"moyen\">\u00a0<\/p>\n<p>&#13;<\/p>\n<p align=\"center\" class=\"moyen\"><a href=\"http:\/\/www.unbateaupourgaza.fr\" target=\"_blank\">www.unbateaupourgaza.fr<\/a><br\/><a href=\"http:\/\/www.mvtpaix.org\" target=\"_blank\">www.mvtpaix.org<\/a><\/p>\n<p>&#13;<\/p>\n<p align=\"right\" class=\"Style391\">\u00a0<\/p>\n<p>&#13;<\/p>\n<p align=\"right\" class=\"Style391\"><span class=\"Style392\">Le  Mouvement de la Paix<br\/>&#13;\n                      Saint Ouen, le 23 d\u00e9cembre 2010<\/span><\/p>\n<p>&#13;<\/p>\n<p align=\"right\" class=\"Style391\"><br\/><span class=\"moyen\">Contacts :<\/span><br\/><span class=\"Style391\">Nicole Bouexel\u00a0: 06 70 57 91 23<\/span><br\/>&#13;\n                      Presse : &#x63;&#x61;&#x74;&#x68;&#101;&#114;ine&#x2e;&#x72;&#x69;&#x6f;&#64;&#109;vtp&#x61;&#x69;&#x78;&#x2e;&#111;&#114;&#103; &#8211; &#13;\n                    01 40 12 72 35<\/p>\n<p>&#13;<\/p>\n<blockquote><p>&#13;<\/p>\n<p align=\"justify\" class=\"Style391\"><span class=\"Style397\">1<a name=\"1\"\/>: &#13;\n                          appel soutenu entre autres par ATTAC, CCIPPP, la F\u00e9d\u00e9ration des Tunisiens pour une Citoyennet\u00e9 des deux Rives (FTCR), la &#13;\n                          F\u00e9d\u00e9ration pour une Alternative Sociale et \u00c9cologique (FASE),  Palestinian Youth Network (PYN), Union Juive Fran\u00e7aise pour la Paix &#13;\n                          (UJFP), MRAP, ISM France, CPPI Saint-Denis, Union syndicale Solidaires, PCF, Les verts-Europe \u00e9cologie, Parti de gauche <\/span><br\/><\/p>\n<p>&#13;\n                      <\/p><\/blockquote>\n<p>&#13;<\/p>\n<p align=\"right\" class=\"Style391\"><br\/>&#13;\n                      LE MOUVEMENT DE LA PAIX<br\/>&#13;\n                      MAISON DE LA PAIX, 9 rue Dulcie September \u2013 93400 Saint-Ouen<br\/>&#13;\n                      Tel : 01 40 12 09 12 &#8211; Fax : 01 40 11 57 87<br\/>&#13;\n                      Site web : www.mvtpaix.org &#8211; mail : &#110;a&#x74;i&#x6f;n&#x61;l&#x40;m&#x76;t&#x70;&#97;&#x69;&#120;&#x2e;&#111;&#x72;&#103;<br\/>&#13;\n                      Agr\u00e9\u00e9 Association Nationale de la Jeunesse et d\u2019Education Populaire<\/p>\n<p>&#13;\n                    <\/p><\/div>\n<p>&#13;\n                <\/p><\/div>\n<p>&#13;\n                    <\/p><\/div>\n<p>&#13;<\/p>\n<div>&#13;<\/p>\n<div align=\"center\"\/>&#13;\n      <\/div>\n<p>&#13;\n              <\/p><\/div>\n<p>          <\/body><\/p>\n<a class=\"synved-social-button synved-social-button-share synved-social-size-32 synved-social-resolution-single synved-social-provider-facebook nolightbox\" data-provider=\"facebook\" target=\"_blank\" rel=\"nofollow\" title=\"Partagez cette page sur Facebook\" href=\"https:\/\/www.facebook.com\/sharer.php?u=https%3A%2F%2Fwww.mvtpaix.org%2Fwordpress%2Fwp-json%2Fwp%2Fv2%2Fpages%2F1329&#038;t=Le%20Mouvement%20de%20la%20Paix%20soutient%20l%E2%80%99appel%20pour%20Gaza&#038;s=100&#038;p&#091;url&#093;=https%3A%2F%2Fwww.mvtpaix.org%2Fwordpress%2Fwp-json%2Fwp%2Fv2%2Fpages%2F1329&#038;p&#091;images&#093;&#091;0&#093;=https%3A%2F%2Fwww.mvtpaix.org%2Fwordpress%2Fwp-content%2Fuploads%2F2014%2F06%2Ffond-neutre.gif&#038;p&#091;title&#093;=Le%20Mouvement%20de%20la%20Paix%20soutient%20l%E2%80%99appel%20pour%20Gaza\" style=\"font-size: 0px; width:32px;height:32px;margin:0;margin-bottom:5px;margin-right:5px;\"><img alt=\"Facebook\" title=\"Partagez cette page sur Facebook\" class=\"synved-share-image synved-social-image synved-social-image-share\" width=\"32\" height=\"32\" style=\"display: inline; width:32px;height:32px; margin: 0; padding: 0; border: none; box-shadow: none;\" src=\"https:\/\/www.mvtpaix.org\/wordpress\/wp-content\/plugins\/social-media-feather\/synved-social\/image\/social\/regular\/64x64\/facebook.png\" \/><\/a><a class=\"synved-social-button synved-social-button-share synved-social-size-32 synved-social-resolution-single synved-social-provider-twitter nolightbox\" data-provider=\"twitter\" target=\"_blank\" rel=\"nofollow\" title=\"Partagez cette page sur Twitter\" href=\"https:\/\/twitter.com\/intent\/tweet?url=https%3A%2F%2Fwww.mvtpaix.org%2Fwordpress%2Fwp-json%2Fwp%2Fv2%2Fpages%2F1329&#038;text=Suivez%20le%20Mouvement%20de%20la%20Paix%20\" style=\"font-size: 0px; width:32px;height:32px;margin:0;margin-bottom:5px;margin-right:5px;\"><img alt=\"twitter\" title=\"Partagez cette page sur Twitter\" class=\"synved-share-image synved-social-image synved-social-image-share\" width=\"32\" height=\"32\" style=\"display: inline; width:32px;height:32px; margin: 0; padding: 0; border: none; box-shadow: none;\" src=\"https:\/\/www.mvtpaix.org\/wordpress\/wp-content\/plugins\/social-media-feather\/synved-social\/image\/social\/regular\/64x64\/twitter.png\" \/><\/a><a class=\"synved-social-button synved-social-button-share synved-social-size-32 synved-social-resolution-single synved-social-provider-mail nolightbox\" data-provider=\"mail\" rel=\"nofollow\" title=\"Partagez-nous par email\" href=\"mailto:?subject=Le%20Mouvement%20de%20la%20Paix%20soutient%20l%E2%80%99appel%20pour%20Gaza&#038;body=Suivez%20le%20Mouvement%20de%20la%20Paix%20:%20https%3A%2F%2Fwww.mvtpaix.org%2Fwordpress%2Fwp-json%2Fwp%2Fv2%2Fpages%2F1329\" style=\"font-size: 0px; width:32px;height:32px;margin:0;margin-bottom:5px;\"><img alt=\"mail\" title=\"Partagez-nous par email\" class=\"synved-share-image synved-social-image synved-social-image-share\" width=\"32\" height=\"32\" style=\"display: inline; width:32px;height:32px; margin: 0; padding: 0; border: none; box-shadow: none;\" src=\"https:\/\/www.mvtpaix.org\/wordpress\/wp-content\/plugins\/social-media-feather\/synved-social\/image\/social\/regular\/64x64\/mail.png\" \/><\/a>","protected":false},"excerpt":{"rendered":"<p>&#13; &#13; &#13; &#13; &#13; GAZA, on n&#8217;oublie pas ! &#13; Rassemblement \u00e0 Paris dimanche 26 D\u00e9cembre 2010 &#13; 15h30 au Trocad\u00e9ro &#13; En janvier 2009, le monde entier s\u2019est indign\u00e9 face aux \u00e9v\u00e9nements meurtriers qui ont eu lieu \u00e0 Gaza. L&#8217;op\u00e9ration isra\u00e9lienne s&#8217;est sold\u00e9e par le massacre de 1400 Palestiniens, dont la plupart \u00e9taient [&hellip;]<\/p>\n","protected":false},"author":1,"featured_media":89771,"parent":0,"menu_order":0,"comment_status":"open","ping_status":"closed","template":"","meta":[],"categories":[3],"tags":[],"_links":{"self":[{"href":"https:\/\/www.mvtpaix.org\/wordpress\/wp-json\/wp\/v2\/pages\/1329"}],"collection":[{"href":"https:\/\/www.mvtpaix.org\/wordpress\/wp-json\/wp\/v2\/pages"}],"about":[{"href":"https:\/\/www.mvtpaix.org\/wordpress\/wp-json\/wp\/v2\/types\/page"}],"author":[{"embeddable":true,"href":"https:\/\/www.mvtpaix.org\/wordpress\/wp-json\/wp\/v2\/users\/1"}],"replies":[{"embeddable":true,"href":"https:\/\/www.mvtpaix.org\/wordpress\/wp-json\/wp\/v2\/comments?post=1329"}],"version-history":[{"count":2,"href":"https:\/\/www.mvtpaix.org\/wordpress\/wp-json\/wp\/v2\/pages\/1329\/revisions"}],"predecessor-version":[{"id":15243,"href":"https:\/\/www.mvtpaix.org\/wordpress\/wp-json\/wp\/v2\/pages\/1329\/revisions\/15243"}],"wp:featuredmedia":[{"embeddable":true,"href":"https:\/\/www.mvtpaix.org\/wordpress\/wp-json\/wp\/v2\/media\/89771"}],"wp:attachment":[{"href":"https:\/\/www.mvtpaix.org\/wordpress\/wp-json\/wp\/v2\/media?parent=1329"}],"wp:term":[{"taxonomy":"category","embeddable":true,"href":"https:\/\/www.mvtpaix.org\/wordpress\/wp-json\/wp\/v2\/categories?post=1329"},{"taxonomy":"post_tag","embeddable":true,"href":"https:\/\/www.mvtpaix.org\/wordpress\/wp-json\/wp\/v2\/tags?post=1329"}],"curies":[{"name":"wp","href":"https:\/\/api.w.org\/{rel}","templated":true}]}}

<p><body></p>
<div align="justify">
<div align="center">&#13;</p>
<div align="left">&#13;</p>
<div align="justify">&#13;</p>
<table width="200" border="0" align="right" cellpadding="11" cellspacing="0">
<tr>
<td>
<div align="center"/>&#13;
                            <img loading="lazy" src="https://www.mvtpaix.org/wordpress/wp-content/uploads/2014/06/gazafire05012009.jpg" width="415" height="275"/></td>
<p>&#13;
                        </tr>
</table>
<p class="Style506">GAZA, on n&#8217;oublie pas ! <br/>&#13;
                        Rassemblement à Paris dimanche 26 Décembre 2010 <br/>&#13;
                      15h30 au Trocadéro</p>
<p>&#13;</p>
<p class="Style391">En janvier 2009, le monde entier s’est indigné face aux événements meurtriers qui ont eu lieu à Gaza. L&#8217;opération israélienne s&#8217;est soldée par le massacre de 1400 Palestiniens, dont la plupart étaient des femmes et des enfants. Parmi les 5500 blessés, un grand nombre ont été amputés et porteront toute leur vie les stigmates de l&#8217;agression. </p>
<p>&#13;</p>
<p class="Style391">Le rapport Goldstone a fait état de &#8220;crimes de guerre et, vraisemblablement, de crimes contre l’humanité&#8221;. Ces événements terribles ont été suivis d&#8217;un grand nombre de rassemblements et de manifestations à travers de nombreux pays traduisant ainsi le soutien de la communauté internationale au peuple palestinien. Nous étions 300 000 dans plus de 100 villes en France le 10 Janvier 2010 pour demander la fin des violations du droit et pour des sanctions contre Israël. Cela fait 2 ans, et la situation à Gaza ne s’est pas améliorée. </p>
<p>&#13;</p>
<p class="Style391">Les conditions des Palestiniens de Gaza restent catastrophiques, les droits humains les plus élémentaires sont bafoués au même titre que le droit international. Le blocus sur Gaza n’a toujours pas été brisé, les ONG internationales se voient toujours refuser l&#8217;accès à ce territoire comme en témoigne le raid israélien meurtrier contre la Flottille de la Liberté partie pour Gaza en mai 2010.</p>
<p>&#13;</p>
<p class="Style391">Il est nécessaire de rester mobilisés face à l&#8217;impunité d&#8217;Israël et au silence complice de la communauté internationale, nous, jeunes citoyens solidaires, appelons à un rassemblement national à la veille de la date anniversaire du massacre, le dimanche 26 décembre 2010 <a href="#1">(1)</a>. </p>
<p>&#13;</p>
<p align="center" class="Style391"><span class="moyen">1400 bougies seront allumées en hommage aux victimes de l’opération « Plomb durci »</span></p>
<p>&#13;</p>
<p align="center" class="Style391"> </p>
<p>&#13;</p>
<p class="Style391"><a href="http://www.unbateaupourgaza.fr" target="_blank"><img loading="lazy" src="https://www.mvtpaix.org/wordpress/wp-content/uploads/2014/06/Un_bateau_pour_Gaza.jpg" width="220" height="202" hspace="20" vspace="4" border="0" align="right"/></a>A l’occasion de ce triste anniversaire, le Mouvement de la Paix appelle &#13;
  tous ses comités, toute la population à s’engager dans la campagne<span class="moyen"> « Un bateau français pour Gaza »</span> du Collectif national pour une paix juste et durable entre Palestiniens et Israéliens et de la Plateforme des ONG françaises pour la Palestine pour :</p>
<p>&#13;</p>
<p class="moyen">&#8211; Dénoncer et briser le siège israélien de Gaza<br/>&#13;
                      &#8211; Promouvoir et faire respecter le droit international<br/>&#13;
                      &#8211; Répondre à la crise humanitaire subie par un million &#13;
                      et demi de Palestiniens de Gaza</p>
<p>&#13;</p>
<p class="moyen"> </p>
<p>&#13;</p>
<p align="center" class="moyen"><a href="http://www.unbateaupourgaza.fr" target="_blank">www.unbateaupourgaza.fr</a><br/><a href="http://www.mvtpaix.org" target="_blank">www.mvtpaix.org</a></p>
<p>&#13;</p>
<p align="right" class="Style391"> </p>
<p>&#13;</p>
<p align="right" class="Style391"><span class="Style392">Le  Mouvement de la Paix<br/>&#13;
                      Saint Ouen, le 23 décembre 2010</span></p>
<p>&#13;</p>
<p align="right" class="Style391"><br/><span class="moyen">Contacts :</span><br/><span class="Style391">Nicole Bouexel : 06 70 57 91 23</span><br/>&#13;
                      Presse : &#x63;&#x61;&#x74;&#x68;&#101;&#114;ine&#x2e;&#x72;&#x69;&#x6f;&#64;&#109;vtp&#x61;&#x69;&#x78;&#x2e;&#111;&#114;&#103; &#8211; &#13;
                    01 40 12 72 35</p>
<p>&#13;</p>
<blockquote><p>&#13;</p>
<p align="justify" class="Style391"><span class="Style397">1<a name="1"/>: &#13;
                          appel soutenu entre autres par ATTAC, CCIPPP, la Fédération des Tunisiens pour une Citoyenneté des deux Rives (FTCR), la &#13;
                          Fédération pour une Alternative Sociale et Écologique (FASE),  Palestinian Youth Network (PYN), Union Juive Française pour la Paix &#13;
                          (UJFP), MRAP, ISM France, CPPI Saint-Denis, Union syndicale Solidaires, PCF, Les verts-Europe écologie, Parti de gauche </span><br/></p>
<p>&#13;
                      </p></blockquote>
<p>&#13;</p>
<p align="right" class="Style391"><br/>&#13;
                      LE MOUVEMENT DE LA PAIX<br/>&#13;
                      MAISON DE LA PAIX, 9 rue Dulcie September – 93400 Saint-Ouen<br/>&#13;
                      Tel : 01 40 12 09 12 &#8211; Fax : 01 40 11 57 87<br/>&#13;
                      Site web : www.mvtpaix.org &#8211; mail : &#110;a&#x74;i&#x6f;n&#x61;l&#x40;m&#x76;t&#x70;&#97;&#x69;&#120;&#x2e;&#111;&#x72;&#103;<br/>&#13;
                      Agréé Association Nationale de la Jeunesse et d’Education Populaire</p>
<p>&#13;
                    </p></div>
<p>&#13;
                </p></div>
<p>&#13;
                    </p></div>
<p>&#13;</p>
<div>&#13;</p>
<div align="center"/>&#13;
      </div>
<p>&#13;
              </p></div>
<p>          </body></p>
<a class="synved-social-button synved-social-button-share synved-social-size-32 synved-social-resolution-single synved-social-provider-facebook nolightbox" data-provider="facebook" target="_blank" rel="nofollow" title="Partagez cette page sur Facebook" href="https://www.facebook.com/sharer.php?u=https%3A%2F%2Fwww.mvtpaix.org%2Fwordpress%2Fwp-json%2Fwp%2Fv2%2Fpages%2F1329&#038;t=Le%20Mouvement%20de%20la%20Paix%20soutient%20l%E2%80%99appel%20pour%20Gaza&#038;s=100&#038;p&#091;url&#093;=https%3A%2F%2Fwww.mvtpaix.org%2Fwordpress%2Fwp-json%2Fwp%2Fv2%2Fpages%2F1329&#038;p&#091;images&#093;&#091;0&#093;=https%3A%2F%2Fwww.mvtpaix.org%2Fwordpress%2Fwp-content%2Fuploads%2F2014%2F06%2Ffond-neutre.gif&#038;p&#091;title&#093;=Le%20Mouvement%20de%20la%20Paix%20soutient%20l%E2%80%99appel%20pour%20Gaza" style="font-size: 0px; width:32px;height:32px;margin:0;margin-bottom:5px;margin-right:5px;"><img alt="Facebook" title="Partagez cette page sur Facebook" class="synved-share-image synved-social-image synved-social-image-share" width="32" height="32" style="display: inline; width:32px;height:32px; margin: 0; padding: 0; border: none; box-shadow: none;" src="https://www.mvtpaix.org/wordpress/wp-content/plugins/social-media-feather/synved-social/image/social/regular/64x64/facebook.png" /></a><a class="synved-social-button synved-social-button-share synved-social-size-32 synved-social-resolution-single synved-social-provider-twitter nolightbox" data-provider="twitter" target="_blank" rel="nofollow" title="Partagez cette page sur Twitter" href="https://twitter.com/intent/tweet?url=https%3A%2F%2Fwww.mvtpaix.org%2Fwordpress%2Fwp-json%2Fwp%2Fv2%2Fpages%2F1329&#038;text=Suivez%20le%20Mouvement%20de%20la%20Paix%20" style="font-size: 0px; width:32px;height:32px;margin:0;margin-bottom:5px;margin-right:5px;"><img alt="twitter" title="Partagez cette page sur Twitter" class="synved-share-image synved-social-image synved-social-image-share" width="32" height="32" style="display: inline; width:32px;height:32px; margin: 0; padding: 0; border: none; box-shadow: none;" src="https://www.mvtpaix.org/wordpress/wp-content/plugins/social-media-feather/synved-social/image/social/regular/64x64/twitter.png" /></a><a class="synved-social-button synved-social-button-share synved-social-size-32 synved-social-resolution-single synved-social-provider-mail nolightbox" data-provider="mail" rel="nofollow" title="Partagez-nous par email" href="mailto:?subject=Le%20Mouvement%20de%20la%20Paix%20soutient%20l%E2%80%99appel%20pour%20Gaza&#038;body=Suivez%20le%20Mouvement%20de%20la%20Paix%20:%20https%3A%2F%2Fwww.mvtpaix.org%2Fwordpress%2Fwp-json%2Fwp%2Fv2%2Fpages%2F1329" style="font-size: 0px; width:32px;height:32px;margin:0;margin-bottom:5px;"><img alt="mail" title="Partagez-nous par email" class="synved-share-image synved-social-image synved-social-image-share" width="32" height="32" style="display: inline; width:32px;height:32px; margin: 0; padding: 0; border: none; box-shadow: none;" src="https://www.mvtpaix.org/wordpress/wp-content/plugins/social-media-feather/synved-social/image/social/regular/64x64/mail.png" /></a>

<p>&#13; &#13; &#13; &#13; &#13; GAZA, on n&#8217;oublie pas ! &#13; Rassemblement à Paris dimanche 26 Décembre 2010 &#13; 15h30 au Trocadéro &#13; En janvier 2009, le monde entier s’est indigné face aux événements meurtriers qui ont eu lieu à Gaza. L&#8217;opération israélienne s&#8217;est soldée par le massacre de 1400 Palestiniens, dont la plupart étaient [&hellip;]</p>
