{"id":115857,"date":"2021-10-29T19:05:51","date_gmt":"2021-10-29T17:05:51","guid":{"rendered":"http:\/\/www.mvtpaix.org\/wordpress\/?page_id=115857"},"modified":"2021-10-29T19:15:04","modified_gmt":"2021-10-29T17:15:04","slug":"face-a-une-situation-internationale-marquee-par-de-nouvelles-tensions-et-une-exacerbation-du-defi-climatique-le-mouvement-de-la-paix-appelle-les-citoyens-a-se-remobiliser-pour-la-paix-le-clim","status":"publish","type":"page","link":"https:\/\/www.mvtpaix.org\/wordpress\/face-a-une-situation-internationale-marquee-par-de-nouvelles-tensions-et-une-exacerbation-du-defi-climatique-le-mouvement-de-la-paix-appelle-les-citoyens-a-se-remobiliser-pour-la-paix-le-clim\/","title":{"rendered":"\u00ab Face \u00e0 une situation internationale marqu\u00e9e par de nouvelles tensions et une exacerbation du d\u00e9fi climatique, le Mouvement de la Paix appelle les citoyens \u00e0 se remobiliser pour la paix, le climat et le d\u00e9sarmement \u00bb"},"content":{"rendered":"<p><strong>L<\/strong>a situation nationale et internationale du point de vue de la paix et des conflictualit\u00e9s existantes s\u2019est aggrav\u00e9e. Le d\u00e9fi climatique devient alarmant selon les rapports du GIEC. La crise sanitaire est toujours pr\u00e9sente.<\/p>\n<p>Les conflits ant\u00e9rieurs persistent malgr\u00e9 des appels de l\u2019Onu \u00e0 arr\u00eater les combats pendant la pand\u00e9mie. De nouveaux fronts de conflictualit\u00e9 sont apparus en Asie et \u00e0 l&#8217;Est de l&#8217;Europe. Ainsi la vente des sous-marins \u00e0 propulsion nucl\u00e9aire \u00e0 l&#8217;Australie a r\u00e9v\u00e9l\u00e9 que l&#8217;Otan souhaite augmenter son emprise sur le monde et resserrer les \u00e9taux autour de la Chine et de la Russie, en violation de ses propres engagements pris au moment de la chute du mur de Berlin. Cette situation suscite une nouvelle course aux armements y compris nucl\u00e9aire et en retour une augmentation corr\u00e9lative des budgets militaires de la Chine et de la Russie. Le risque d\u2019une relance de la prolif\u00e9ration nucl\u00e9aire est r\u00e9el.<\/p>\n<p>Dans le m\u00eame temps les cons\u00e9quences des guerres ill\u00e9gales de l&#8217;Otan en Afghanistan, en Irak et en Libye entra\u00eenent une extension des zones de conflits en particulier en Afrique subsaharienne, relan\u00e7ant ainsi les extr\u00e9mismes violents dans cette r\u00e9gion.<\/p>\n<p>Cette situation provoque un accroissement des migrations forc\u00e9es \u00e0 cause des conflits mais aussi de l&#8217;aggravation de l&#8217;ins\u00e9curit\u00e9 alimentaire, \u00e9conomique, sociale et climatique r\u00e9sultant de la persistance des in\u00e9galit\u00e9s de d\u00e9veloppement et des cons\u00e9quences des d\u00e9r\u00e8glements climatiques. Elle fait subir aux migrants des situations inacceptables.<\/p>\n<p>Les logiques de puissance et de militarisation, instill\u00e9e en particulier par l\u2019Otan, se d\u00e9veloppent dangereusement et cr\u00e9ent une situation o\u00f9 le multilat\u00e9ralisme facteur de paix et port\u00e9 par la Charte des Nations Unies est gravement menac\u00e9 par une croissance des outils militaires au d\u00e9triment des outils diplomatiques. Ainsi nous r\u00e9gressons vers des situations proches de la p\u00e9riode pr\u00e9c\u00e9dant la premi\u00e8re guerre mondiale o\u00f9 les affrontements d\u2019int\u00e9r\u00eats des Etats les plus puissants dominaient les relations internationales.<\/p>\n<p>Par contre les r\u00e9sistances s\u2019expriment et se structurent tant en Am\u00e9rique latine (Chili, Br\u00e9sil..) qu\u2019en Afrique. Ainsi le sommet africain de Montpellier a, au-del\u00e0 des vis\u00e9es \u00e9lectoralistes du Pr\u00e9sident de la R\u00e9publique, montr\u00e9 l\u2019existence d\u2019une soci\u00e9t\u00e9 civile africaine forte et d\u00e9termin\u00e9e \u00e0 agir pour ses droits, pour la justice, le respect des souverainet\u00e9s, la fin du n\u00e9ocolonialisme. Ce sommet a r\u00e9v\u00e9l\u00e9 un dynamisme r\u00e9jouissant en particulier chez les femmes et les jeunes.<\/p>\n<p>La lucidit\u00e9\u00a0impose de revenir aux fondamentaux du droit international tel qu&#8217;exprim\u00e9s par la Charte des Nations unies et les textes cons\u00e9quents.<\/p>\n<p>Or, si nous ne sommes pas encore sortis du choc de la crise sanitaire, en France aujourd&#8217;hui la reprise des activit\u00e9s militantes publiques est redevenue relativement possible. L\u2019heure est donc \u00e0 l\u2019action et au d\u00e9ploiement de nos activit\u00e9s pour la paix au sein de la population.<\/p>\n<p>Il convient donc d&#8217;accro\u00eetre les actions en faveur des objectifs et exigences suivants :<\/p>\n<ul>\n<li>R\u00e8glement pacifique des conflits<\/li>\n<li>Diminution des d\u00e9penses d&#8217;armement et arr\u00eat du commerce des armes<\/li>\n<li>Elimination d\u00e9finitive des armes de destruction massive \u00e0 travers la mise en \u0153uvre du Trait\u00e9 sur l\u2019interdiction des armes nucl\u00e9aires entr\u00e9 en vigueur le 22 janvier 2021.<\/li>\n<li>\u00a0Concr\u00e9tisation des droits \u00e9conomiques sociaux et environnementaux des peuples<\/li>\n<li>\u00a0Coop\u00e9rations internationales pour faire face au d\u00e9fi climatique avec des mesures \u00e0 la hauteur des enjeux et des objectifs fix\u00e9s par les conclusions de la conf\u00e9rence de Paris sur le climat et des r\u00e9sultats inqui\u00e9tants des travaux du Giec<\/li>\n<li>D\u00e9veloppement des solidarit\u00e9s et partenariats entre les peuples pour construire un monde de justice et de paix comme nous y invite la Charte des Nations unies, les r\u00e9solutions de l\u2019Onu relatives aux droits \u00e9conomiques et sociaux, \u00e0 la culture de la paix, aux Objectifs du D\u00e9veloppement durable (ODD)<\/li>\n<li>Solidarit\u00e9 accrue envers toutes les victimes des d\u00e9r\u00e8glements actuels et en particulier avec les migrants qui subissent des violences inacceptables.<\/li>\n<\/ul>\n<p>C\u2019est dans ce contexte, sur ces fondements et pour ces objectifs que le Mouvement de la paix appelle, \u00e0 l\u2019occasion de la semaine de l\u2019Onu pour le d\u00e9veloppement, \u00e0 agir dans les jours et semaines \u00e0 venir en particulier le 6 novembre \u00e0 l\u2019occasion de la Cop 26 sur le climat, mais aussi autour du 10 novembre \u00e0 l\u2019occasion de la journ\u00e9e mondiale de la science au service de la paix et du d\u00e9veloppement et du 10 d\u00e9cembre pour le droit de l\u2019homme \u00e0 la Paix.<\/p>\n<p>Plus que jamais la paix est doit \u00eatre le Projet pour l\u2019humanit\u00e9 pour faire face aux d\u00e9fis \u00e9conomiques, soci\u00e9taux, sanitaires, climatiques et faire face au militarisme.<\/p>\n<p><strong>Pour la paix, le climat, le d\u00e9sarmement et les droits humains le Mouvement de la paix a par ailleurs adopt\u00e9 un projet d\u2019action ambitieux pour les mois \u00e0 venir (<a href=\"https:\/\/www.mvtpaix.org\/wordpress\/projet-de-calendrier-dactions-pour-les-prochains-mois\/\">\u00e0 voir sur ce lien<\/a>)<\/strong><\/p>\n<p style=\"text-align: right;\"><strong>\u00a0<\/strong><\/p>\n<p style=\"text-align: right;\"><strong><u>Adopt\u00e9 par le bureau national du Mouvement de la Paix<br \/>\n le 23 octobre 2021<\/u><\/strong><\/p>\n<p style=\"text-align: right;\">\u00a0<\/p>\n<p style=\"text-align: right;\"><em>A Paris, le 29 octobre 2021<\/em><br \/>\n <em> <strong>Le Mouvement de la Paix<\/strong><\/em><\/p>\n<ul>\n<li><strong><a href=\"https:\/\/www.mvtpaix.org\/wordpress\/petition-pour-un-traite-dinterdiction-des-armes-nucleaires\/\">Signez la p\u00e9tition sur l&#8217;interdiction des armes nucl\u00e9aires<\/a><\/strong><\/li>\n<li><a href=\"https:\/\/www.mvtpaix.org\/wordpress\/petition-pour-la-limitation-des-ges-militaires-appel-international\/\"><strong>Signez la p\u00e9tition pour la limitation des gaz \u00e0 effet de serre militaires<\/strong><\/a><\/li>\n<\/ul>\n<p>&nbsp;<\/p>\n<p>&nbsp;<\/p>\n<h3 style=\"text-align: center;\"><a href=\"https:\/\/www.mvtpaix.org\/wordpress\/wp-content\/uploads\/2021\/10\/D\u00e9claration-du-Bureau-national-du-Mouvement-de-la-Paix.pdf\" target=\"_blank\" rel=\"noopener\"><strong>Voir cette d\u00e9claration en PDF<\/strong><\/a><\/h3>\n<a class=\"synved-social-button synved-social-button-share synved-social-size-32 synved-social-resolution-single synved-social-provider-facebook nolightbox\" data-provider=\"facebook\" target=\"_blank\" rel=\"nofollow\" title=\"Partagez cette page sur Facebook\" href=\"https:\/\/www.facebook.com\/sharer.php?u=https%3A%2F%2Fwww.mvtpaix.org%2Fwordpress%2Fwp-json%2Fwp%2Fv2%2Fpages%2F115857&#038;t=%C2%AB%20Face%20%C3%A0%20une%20situation%20internationale%20marqu%C3%A9e%20par%20de%20nouvelles%20tensions%20et%20une%20exacerbation%20du%20d%C3%A9fi%20climatique%2C%20le%20Mouvement%20de%20la%20Paix%20appelle%20les%20citoyens%20%C3%A0%20se%20remobiliser%20pour%20la%20paix%2C%20le%20climat%20et%20le%20d%C3%A9sarmement%20%C2%BB&#038;s=100&#038;p&#091;url&#093;=https%3A%2F%2Fwww.mvtpaix.org%2Fwordpress%2Fwp-json%2Fwp%2Fv2%2Fpages%2F115857&#038;p&#091;images&#093;&#091;0&#093;=&#038;p&#091;title&#093;=%C2%AB%20Face%20%C3%A0%20une%20situation%20internationale%20marqu%C3%A9e%20par%20de%20nouvelles%20tensions%20et%20une%20exacerbation%20du%20d%C3%A9fi%20climatique%2C%20le%20Mouvement%20de%20la%20Paix%20appelle%20les%20citoyens%20%C3%A0%20se%20remobiliser%20pour%20la%20paix%2C%20le%20climat%20et%20le%20d%C3%A9sarmement%20%C2%BB\" style=\"font-size: 0px; width:32px;height:32px;margin:0;margin-bottom:5px;margin-right:5px;\"><img alt=\"Facebook\" title=\"Partagez cette page sur Facebook\" class=\"synved-share-image synved-social-image synved-social-image-share\" width=\"32\" height=\"32\" style=\"display: inline; width:32px;height:32px; margin: 0; padding: 0; border: none; box-shadow: none;\" src=\"https:\/\/www.mvtpaix.org\/wordpress\/wp-content\/plugins\/social-media-feather\/synved-social\/image\/social\/regular\/64x64\/facebook.png\" \/><\/a><a class=\"synved-social-button synved-social-button-share synved-social-size-32 synved-social-resolution-single synved-social-provider-twitter nolightbox\" data-provider=\"twitter\" target=\"_blank\" rel=\"nofollow\" title=\"Partagez cette page sur Twitter\" href=\"https:\/\/twitter.com\/intent\/tweet?url=https%3A%2F%2Fwww.mvtpaix.org%2Fwordpress%2Fwp-json%2Fwp%2Fv2%2Fpages%2F115857&#038;text=Suivez%20le%20Mouvement%20de%20la%20Paix%20\" style=\"font-size: 0px; width:32px;height:32px;margin:0;margin-bottom:5px;margin-right:5px;\"><img alt=\"twitter\" title=\"Partagez cette page sur Twitter\" class=\"synved-share-image synved-social-image synved-social-image-share\" width=\"32\" height=\"32\" style=\"display: inline; width:32px;height:32px; margin: 0; padding: 0; border: none; box-shadow: none;\" src=\"https:\/\/www.mvtpaix.org\/wordpress\/wp-content\/plugins\/social-media-feather\/synved-social\/image\/social\/regular\/64x64\/twitter.png\" \/><\/a><a class=\"synved-social-button synved-social-button-share synved-social-size-32 synved-social-resolution-single synved-social-provider-mail nolightbox\" data-provider=\"mail\" rel=\"nofollow\" title=\"Partagez-nous par email\" href=\"mailto:?subject=%C2%AB%20Face%20%C3%A0%20une%20situation%20internationale%20marqu%C3%A9e%20par%20de%20nouvelles%20tensions%20et%20une%20exacerbation%20du%20d%C3%A9fi%20climatique%2C%20le%20Mouvement%20de%20la%20Paix%20appelle%20les%20citoyens%20%C3%A0%20se%20remobiliser%20pour%20la%20paix%2C%20le%20climat%20et%20le%20d%C3%A9sarmement%20%C2%BB&#038;body=Suivez%20le%20Mouvement%20de%20la%20Paix%20:%20https%3A%2F%2Fwww.mvtpaix.org%2Fwordpress%2Fwp-json%2Fwp%2Fv2%2Fpages%2F115857\" style=\"font-size: 0px; width:32px;height:32px;margin:0;margin-bottom:5px;\"><img alt=\"mail\" title=\"Partagez-nous par email\" class=\"synved-share-image synved-social-image synved-social-image-share\" width=\"32\" height=\"32\" style=\"display: inline; width:32px;height:32px; margin: 0; padding: 0; border: none; box-shadow: none;\" src=\"https:\/\/www.mvtpaix.org\/wordpress\/wp-content\/plugins\/social-media-feather\/synved-social\/image\/social\/regular\/64x64\/mail.png\" \/><\/a>","protected":false},"excerpt":{"rendered":"<p>La situation nationale et internationale du point de vue de la paix et des conflictualit\u00e9s existantes s\u2019est aggrav\u00e9e. Le d\u00e9fi climatique devient alarmant selon les rapports du GIEC. La crise sanitaire est toujours pr\u00e9sente. Les conflits ant\u00e9rieurs persistent malgr\u00e9 des appels de l\u2019Onu \u00e0 arr\u00eater les combats pendant la pand\u00e9mie. De nouveaux fronts de conflictualit\u00e9 [&hellip;]<\/p>\n","protected":false},"author":1,"featured_media":0,"parent":0,"menu_order":0,"comment_status":"open","ping_status":"open","template":"","meta":[],"categories":[3],"tags":[],"_links":{"self":[{"href":"https:\/\/www.mvtpaix.org\/wordpress\/wp-json\/wp\/v2\/pages\/115857"}],"collection":[{"href":"https:\/\/www.mvtpaix.org\/wordpress\/wp-json\/wp\/v2\/pages"}],"about":[{"href":"https:\/\/www.mvtpaix.org\/wordpress\/wp-json\/wp\/v2\/types\/page"}],"author":[{"embeddable":true,"href":"https:\/\/www.mvtpaix.org\/wordpress\/wp-json\/wp\/v2\/users\/1"}],"replies":[{"embeddable":true,"href":"https:\/\/www.mvtpaix.org\/wordpress\/wp-json\/wp\/v2\/comments?post=115857"}],"version-history":[{"count":6,"href":"https:\/\/www.mvtpaix.org\/wordpress\/wp-json\/wp\/v2\/pages\/115857\/revisions"}],"predecessor-version":[{"id":115865,"href":"https:\/\/www.mvtpaix.org\/wordpress\/wp-json\/wp\/v2\/pages\/115857\/revisions\/115865"}],"wp:attachment":[{"href":"https:\/\/www.mvtpaix.org\/wordpress\/wp-json\/wp\/v2\/media?parent=115857"}],"wp:term":[{"taxonomy":"category","embeddable":true,"href":"https:\/\/www.mvtpaix.org\/wordpress\/wp-json\/wp\/v2\/categories?post=115857"},{"taxonomy":"post_tag","embeddable":true,"href":"https:\/\/www.mvtpaix.org\/wordpress\/wp-json\/wp\/v2\/tags?post=115857"}],"curies":[{"name":"wp","href":"https:\/\/api.w.org\/{rel}","templated":true}]}}

« Face à une situation internationale marquée par de nouvelles tensions et une exacerbation du défi climatique, le Mouvement de la Paix appelle les citoyens à se remobiliser pour la paix, le climat et le désarmement »

<p><strong>L</strong>a situation nationale et internationale du point de vue de la paix et des conflictualités existantes s’est aggravée. Le défi climatique devient alarmant selon les rapports du GIEC. La crise sanitaire est toujours présente.</p>
<p>Les conflits antérieurs persistent malgré des appels de l’Onu à arrêter les combats pendant la pandémie. De nouveaux fronts de conflictualité sont apparus en Asie et à l&#8217;Est de l&#8217;Europe. Ainsi la vente des sous-marins à propulsion nucléaire à l&#8217;Australie a révélé que l&#8217;Otan souhaite augmenter son emprise sur le monde et resserrer les étaux autour de la Chine et de la Russie, en violation de ses propres engagements pris au moment de la chute du mur de Berlin. Cette situation suscite une nouvelle course aux armements y compris nucléaire et en retour une augmentation corrélative des budgets militaires de la Chine et de la Russie. Le risque d’une relance de la prolifération nucléaire est réel.</p>
<p>Dans le même temps les conséquences des guerres illégales de l&#8217;Otan en Afghanistan, en Irak et en Libye entraînent une extension des zones de conflits en particulier en Afrique subsaharienne, relançant ainsi les extrémismes violents dans cette région.</p>
<p>Cette situation provoque un accroissement des migrations forcées à cause des conflits mais aussi de l&#8217;aggravation de l&#8217;insécurité alimentaire, économique, sociale et climatique résultant de la persistance des inégalités de développement et des conséquences des dérèglements climatiques. Elle fait subir aux migrants des situations inacceptables.</p>
<p>Les logiques de puissance et de militarisation, instillée en particulier par l’Otan, se développent dangereusement et créent une situation où le multilatéralisme facteur de paix et porté par la Charte des Nations Unies est gravement menacé par une croissance des outils militaires au détriment des outils diplomatiques. Ainsi nous régressons vers des situations proches de la période précédant la première guerre mondiale où les affrontements d’intérêts des Etats les plus puissants dominaient les relations internationales.</p>
<p>Par contre les résistances s’expriment et se structurent tant en Amérique latine (Chili, Brésil..) qu’en Afrique. Ainsi le sommet africain de Montpellier a, au-delà des visées électoralistes du Président de la République, montré l’existence d’une société civile africaine forte et déterminée à agir pour ses droits, pour la justice, le respect des souverainetés, la fin du néocolonialisme. Ce sommet a révélé un dynamisme réjouissant en particulier chez les femmes et les jeunes.</p>
<p>La lucidité impose de revenir aux fondamentaux du droit international tel qu&#8217;exprimés par la Charte des Nations unies et les textes conséquents.</p>
<p>Or, si nous ne sommes pas encore sortis du choc de la crise sanitaire, en France aujourd&#8217;hui la reprise des activités militantes publiques est redevenue relativement possible. L’heure est donc à l’action et au déploiement de nos activités pour la paix au sein de la population.</p>
<p>Il convient donc d&#8217;accroître les actions en faveur des objectifs et exigences suivants :</p>
<ul>
<li>Règlement pacifique des conflits</li>
<li>Diminution des dépenses d&#8217;armement et arrêt du commerce des armes</li>
<li>Elimination définitive des armes de destruction massive à travers la mise en œuvre du Traité sur l’interdiction des armes nucléaires entré en vigueur le 22 janvier 2021.</li>
<li> Concrétisation des droits économiques sociaux et environnementaux des peuples</li>
<li> Coopérations internationales pour faire face au défi climatique avec des mesures à la hauteur des enjeux et des objectifs fixés par les conclusions de la conférence de Paris sur le climat et des résultats inquiétants des travaux du Giec</li>
<li>Développement des solidarités et partenariats entre les peuples pour construire un monde de justice et de paix comme nous y invite la Charte des Nations unies, les résolutions de l’Onu relatives aux droits économiques et sociaux, à la culture de la paix, aux Objectifs du Développement durable (ODD)</li>
<li>Solidarité accrue envers toutes les victimes des dérèglements actuels et en particulier avec les migrants qui subissent des violences inacceptables.</li>
</ul>
<p>C’est dans ce contexte, sur ces fondements et pour ces objectifs que le Mouvement de la paix appelle, à l’occasion de la semaine de l’Onu pour le développement, à agir dans les jours et semaines à venir en particulier le 6 novembre à l’occasion de la Cop 26 sur le climat, mais aussi autour du 10 novembre à l’occasion de la journée mondiale de la science au service de la paix et du développement et du 10 décembre pour le droit de l’homme à la Paix.</p>
<p>Plus que jamais la paix est doit être le Projet pour l’humanité pour faire face aux défis économiques, sociétaux, sanitaires, climatiques et faire face au militarisme.</p>
<p><strong>Pour la paix, le climat, le désarmement et les droits humains le Mouvement de la paix a par ailleurs adopté un projet d’action ambitieux pour les mois à venir (<a href="https://www.mvtpaix.org/wordpress/projet-de-calendrier-dactions-pour-les-prochains-mois/">à voir sur ce lien</a>)</strong></p>
<p style="text-align: right;"><strong> </strong></p>
<p style="text-align: right;"><strong><u>Adopté par le bureau national du Mouvement de la Paix<br />
 le 23 octobre 2021</u></strong></p>
<p style="text-align: right;"> </p>
<p style="text-align: right;"><em>A Paris, le 29 octobre 2021</em><br />
 <em> <strong>Le Mouvement de la Paix</strong></em></p>
<ul>
<li><strong><a href="https://www.mvtpaix.org/wordpress/petition-pour-un-traite-dinterdiction-des-armes-nucleaires/">Signez la pétition sur l&#8217;interdiction des armes nucléaires</a></strong></li>
<li><a href="https://www.mvtpaix.org/wordpress/petition-pour-la-limitation-des-ges-militaires-appel-international/"><strong>Signez la pétition pour la limitation des gaz à effet de serre militaires</strong></a></li>
</ul>
<p>&nbsp;</p>
<p>&nbsp;</p>
<h3 style="text-align: center;"><a href="https://www.mvtpaix.org/wordpress/wp-content/uploads/2021/10/Déclaration-du-Bureau-national-du-Mouvement-de-la-Paix.pdf" target="_blank" rel="noopener"><strong>Voir cette déclaration en PDF</strong></a></h3>
<a class="synved-social-button synved-social-button-share synved-social-size-32 synved-social-resolution-single synved-social-provider-facebook nolightbox" data-provider="facebook" target="_blank" rel="nofollow" title="Partagez cette page sur Facebook" href="https://www.facebook.com/sharer.php?u=https%3A%2F%2Fwww.mvtpaix.org%2Fwordpress%2Fwp-json%2Fwp%2Fv2%2Fpages%2F115857&#038;t=%C2%AB%20Face%20%C3%A0%20une%20situation%20internationale%20marqu%C3%A9e%20par%20de%20nouvelles%20tensions%20et%20une%20exacerbation%20du%20d%C3%A9fi%20climatique%2C%20le%20Mouvement%20de%20la%20Paix%20appelle%20les%20citoyens%20%C3%A0%20se%20remobiliser%20pour%20la%20paix%2C%20le%20climat%20et%20le%20d%C3%A9sarmement%20%C2%BB&#038;s=100&#038;p&#091;url&#093;=https%3A%2F%2Fwww.mvtpaix.org%2Fwordpress%2Fwp-json%2Fwp%2Fv2%2Fpages%2F115857&#038;p&#091;images&#093;&#091;0&#093;=&#038;p&#091;title&#093;=%C2%AB%20Face%20%C3%A0%20une%20situation%20internationale%20marqu%C3%A9e%20par%20de%20nouvelles%20tensions%20et%20une%20exacerbation%20du%20d%C3%A9fi%20climatique%2C%20le%20Mouvement%20de%20la%20Paix%20appelle%20les%20citoyens%20%C3%A0%20se%20remobiliser%20pour%20la%20paix%2C%20le%20climat%20et%20le%20d%C3%A9sarmement%20%C2%BB" style="font-size: 0px; width:32px;height:32px;margin:0;margin-bottom:5px;margin-right:5px;"><img alt="Facebook" title="Partagez cette page sur Facebook" class="synved-share-image synved-social-image synved-social-image-share" width="32" height="32" style="display: inline; width:32px;height:32px; margin: 0; padding: 0; border: none; box-shadow: none;" src="https://www.mvtpaix.org/wordpress/wp-content/plugins/social-media-feather/synved-social/image/social/regular/64x64/facebook.png" /></a><a class="synved-social-button synved-social-button-share synved-social-size-32 synved-social-resolution-single synved-social-provider-twitter nolightbox" data-provider="twitter" target="_blank" rel="nofollow" title="Partagez cette page sur Twitter" href="https://twitter.com/intent/tweet?url=https%3A%2F%2Fwww.mvtpaix.org%2Fwordpress%2Fwp-json%2Fwp%2Fv2%2Fpages%2F115857&#038;text=Suivez%20le%20Mouvement%20de%20la%20Paix%20" style="font-size: 0px; width:32px;height:32px;margin:0;margin-bottom:5px;margin-right:5px;"><img alt="twitter" title="Partagez cette page sur Twitter" class="synved-share-image synved-social-image synved-social-image-share" width="32" height="32" style="display: inline; width:32px;height:32px; margin: 0; padding: 0; border: none; box-shadow: none;" src="https://www.mvtpaix.org/wordpress/wp-content/plugins/social-media-feather/synved-social/image/social/regular/64x64/twitter.png" /></a><a class="synved-social-button synved-social-button-share synved-social-size-32 synved-social-resolution-single synved-social-provider-mail nolightbox" data-provider="mail" rel="nofollow" title="Partagez-nous par email" href="mailto:?subject=%C2%AB%20Face%20%C3%A0%20une%20situation%20internationale%20marqu%C3%A9e%20par%20de%20nouvelles%20tensions%20et%20une%20exacerbation%20du%20d%C3%A9fi%20climatique%2C%20le%20Mouvement%20de%20la%20Paix%20appelle%20les%20citoyens%20%C3%A0%20se%20remobiliser%20pour%20la%20paix%2C%20le%20climat%20et%20le%20d%C3%A9sarmement%20%C2%BB&#038;body=Suivez%20le%20Mouvement%20de%20la%20Paix%20:%20https%3A%2F%2Fwww.mvtpaix.org%2Fwordpress%2Fwp-json%2Fwp%2Fv2%2Fpages%2F115857" style="font-size: 0px; width:32px;height:32px;margin:0;margin-bottom:5px;"><img alt="mail" title="Partagez-nous par email" class="synved-share-image synved-social-image synved-social-image-share" width="32" height="32" style="display: inline; width:32px;height:32px; margin: 0; padding: 0; border: none; box-shadow: none;" src="https://www.mvtpaix.org/wordpress/wp-content/plugins/social-media-feather/synved-social/image/social/regular/64x64/mail.png" /></a>

<p>La situation nationale et internationale du point de vue de la paix et des conflictualités existantes s’est aggravée. Le défi climatique devient alarmant selon les rapports du GIEC. La crise sanitaire est toujours présente. Les conflits antérieurs persistent malgré des appels de l’Onu à arrêter les combats pendant la pandémie. De nouveaux fronts de conflictualité [&hellip;]</p>
