{"id":115500,"date":"2021-06-17T18:37:45","date_gmt":"2021-06-17T16:37:45","guid":{"rendered":"http:\/\/www.mvtpaix.org\/wordpress\/?page_id=115500"},"modified":"2021-06-17T18:41:34","modified_gmt":"2021-06-17T16:41:34","slug":"le-service-national-universel-cest-toujours-non","status":"publish","type":"page","link":"https:\/\/www.mvtpaix.org\/wordpress\/le-service-national-universel-cest-toujours-non\/","title":{"rendered":"Le Service national universel : c\u2019est toujours non !"},"content":{"rendered":"<p><em>Le Collectif national contre le Service national universel a tenu une r\u00e9union le 10 juin 2021. C\u2019est l\u2019occasion pour les organisations et collectifs locaux qui le composent de r\u00e9affirmer leur refus de ce projet gouvernemental. Plus que jamais, la plateforme unitaire que nous avons adopt\u00e9e il y a deux ans est d\u2019actualit\u00e9.<\/em><\/p>\n<p><strong>Les ministres r\u00e9quisitionn\u00e9s pour aller chercher les volontaires<\/strong><\/p>\n<p>Inquiet de ne pas avoir ses 25\u00a0000 volontaires pour cette ann\u00e9e 2021, le gouvernement n\u2019a pas l\u00e9sin\u00e9 sur les moyens\u00a0: un nombre consid\u00e9rable de ministres a \u00e9t\u00e9 mis \u00e0 contribution pour aller chercher ces jeunes volontaires, \u00e0 grand renfort de r\u00e9unions organis\u00e9es dans les d\u00e9partements. L\u2019objectif gouvernemental est tout juste atteint. Les gros efforts de persuasion qui ont \u00e9t\u00e9 n\u00e9cessaires montrent \u00e0 quel point le gouvernement peine \u00e0 convaincre les jeunes des bienfaits de ce projet, a fortiori s&#8217;il est rendu obligatoire. C&#8217;est un motif important de notre opposition\u00a0!<\/p>\n<p><strong>Le SNU\u00a0: silence dans les rangs \u2026 <\/strong><\/p>\n<p>La f\u00e9d\u00e9ration nationale de la Libre pens\u00e9e, membre du collectif Non au SNU, avait demand\u00e9 \u00e0 \u00eatre re\u00e7ue par la secr\u00e9taire d\u2019Etat en charge de celui-ci. Une importante liste de questions lui avait \u00e9t\u00e9 soumise afin de pr\u00e9parer au mieux la rencontre. Madame El Ha\u00efry a d\u00e9cid\u00e9 de ne pas donner suite \u00e0 cette demande\u00a0!<\/p>\n<p><strong>Confier les jeunes \u00e0 l\u2019arm\u00e9e, c\u2019est dangereux<\/strong><\/p>\n<p>On nous pr\u00e9sente le SNU comme un moyen \u00ab\u00a0d\u2019\u00e9duquer\u00a0\u00bb les jeunes mineur\u2219es qui y seraient astreint\u2219es, de leur expliquer \u00ab\u00a0la r\u00e9publique\u00a0\u00bb \u2026 Nous ne sommes pas dupes des vraies intentions. Mais l\u2019actualit\u00e9 rappelle aussi \u00e0 quel point il serait dangereux de confier chaque ann\u00e9e ces jeunes mineur\u2219es \u00e0 l\u2019institution dont nombre de responsables de haut rang viennent encore de s\u2019illustrer \u00e0 travers un appel \u00e0 l\u2019\u00e9puration ethnique du pays et \u00e0 consolider \u00ab\u00a0l\u2019ordre social\u00a0\u00bb par un recours \u00e0 l\u2019arm\u00e9e.<\/p>\n<p><strong>Agissons contre le SNU\u00a0!<\/strong><\/p>\n<p>Les organisations membres du collectif poursuivent le travail d\u2019information sur la r\u00e9alit\u00e9 du SNU. Les collectifs locaux agissent dans les d\u00e9partements, pour sensibiliser les jeunes, les parents, les enseignantes et enseignants, les \u00e9ducatrices et \u00e9ducateurs, etc. C\u2019est ainsi que sous l\u2019impulsion du collectif unitaire de Meurthe-et-Moselle, les syndicats d\u00e9partementaux FSU, CGT Education et SUD Education ont adress\u00e9 une information sp\u00e9cifique \u00e0 40\u00a0000 travailleuses et travailleurs de l\u2019Education nationale en Lorraine\u00a0; c\u2019est un exemple parmi d\u2019autres. Nous encourageons \u00e0 d\u00e9velopper des initiatives pendant les mois d&#8217;\u00e9t\u00e9 et prendrons une initiative nationale en novembre prochain.<\/p>\n<h3><strong>Le Service national universel que le gouvernement veut rendre obligatoire pour les jeunes de 16 ans, c\u2019est :<\/strong><\/h3>\n<p><strong>Une op\u00e9ration de soumission de la jeunesse<\/strong>\u00a0: il s\u2019agit d\u2019inculquer un esprit d\u2019ob\u00e9issance aux r\u00e8gles, un respect absolu des normes\u2026 R\u00e8gles et normes qui, pour la plupart, ne visent qu\u2019\u00e0 perp\u00e9tuer les in\u00e9galit\u00e9s et injustices inh\u00e9rentes \u00e0 l\u2019organisation actuelle de la soci\u00e9t\u00e9. Cette volont\u00e9 de soumission passe aussi par un contr\u00f4le renforc\u00e9, notamment \u00e0 travers la mise en fiches de tous les jeunes de 16 \u00e0 25 ans\u00a0; on sait comment ce genre de fichier peut \u00eatre utilis\u00e9\u00a0! Volont\u00e9 de soumission, enfin, car elle ne reconna\u00eet comme \u00ab\u00a0engagement\u00a0\u00bb des jeunes que les dispositifs \u00e9tatiques.<\/p>\n<p><strong>La remise en cause des droits des travailleurs et travailleuses<\/strong>\u00a0: les jeunes du SNU seront utilis\u00e9\/es pour remplacer des emplois aujourd\u2019hui occup\u00e9s par des employ\u00e9\/es qui ont un salaire, une convention collective ou un statut, la possibilit\u00e9 de s\u2019organiser syndicalement, des droits individuels et collectifs. Avec le SNU, chaque ann\u00e9e, 800\u00a0000 jeunes seront exploit\u00e9\/es, sans aucun de ces droits, pour des dur\u00e9es variables\u00a0; ils et elles seront tr\u00e8s vivement encourag\u00e9.es \u00e0 poursuivre leur \u00ab\u00a0engagement volontaire\u00a0\u00bb par un service civique, dans les m\u00eames conditions de pr\u00e9carit\u00e9.<\/p>\n<p><strong>Des d\u00e9penses consid\u00e9rables<\/strong>\u00a0: 6 milliards \u20ac\/an, selon un rapport s\u00e9natorial de 2017. Ces milliards seraient bien plus utiles pour le service public de l\u2019\u00c9ducation, qu\u2019aux mains des militaires\u00a0!<\/p>\n<p><strong>Le renforcement de la militarisation<\/strong>. Encadrement militaire, lev\u00e9e du drapeau, chant guerrier, uniforme, parcours du combattant, raid commando, etc. contribueront \u00e0 l\u2019endoctrinement des jeunes. La propagande visera \u00e0 banaliser encore plus le r\u00f4le de l\u2019arm\u00e9e, alors que celle-ci est en pointe dans la r\u00e9pression, sur le territoire fran\u00e7ais, dans les colonies et diverses r\u00e9gions du monde. Sans surprise, il n\u2019est nullement question dans le programme de pacifisme, de non-violence, ni de remise en cause du r\u00f4le de l\u2019arm\u00e9e.<\/p>\n<p style=\"text-align: center;\"><strong>Le gouvernement nous dit\u00a0: Il faut que les jeunes s\u2019engagent.<\/strong><\/p>\n<p style=\"text-align: center;\"><strong>Mais c\u2019est d\u00e9j\u00e0 le cas\u00a0!<\/strong><\/p>\n<p style=\"text-align: center;\"><strong>Ils et elles s\u2019engagent pour lutter contre le racisme, pour que cesse la destruction de la terre, pour d\u00e9fendre leur droit \u00e0 \u00e9tudier, pour le partage des richesses, pour le droit au logement, pour l\u2019\u00e9galit\u00e9 des droits et contre les discriminations, etc.<\/strong><\/p>\n<p style=\"text-align: center;\"><strong>Ce n\u2019est pas \u00e0 l\u2019\u00c9tat de les forcer \u00e0 s\u2019engager\u00a0!<\/strong><\/p>\n<p style=\"text-align: center;\"><strong>Comment peut-on parler d\u2019apprendre la citoyennet\u00e9, lorsqu\u2019on confie l\u2019encadrement \u00e0 l\u2019arm\u00e9e (qui, par ailleurs, n\u2019\u00e9tait pas demandeuse)\u00a0?<\/strong><\/p>\n<h3 style=\"text-align: center;\"><strong>Non au SNU\u00a0! Abrogation du SNU\u00a0!<\/strong><\/h3>\n<p><em><strong><br \/>\nCampagne unitaire contre le SNU<\/strong>\u00a0: Union pacifiste, Union syndicale Solidaires, ASSO-Solidaires, Solidaires Lyc\u00e9en\u00b7nes r\u00e9gion parisienne, F\u00e9d\u00e9ration Solidaires \u00c9tudiant\u00b7e\u00b7s, F\u00e9d\u00e9ration SUD \u00e9ducation, SUNDEP Solidaires Sud Enseignement priv\u00e9, Solidaires Jeunesse et Sports, F\u00e9d\u00e9ration SUD Collectivit\u00e9s territoriales, F\u00e9d\u00e9ration \u00c9ducation de la Conf\u00e9d\u00e9ration Nationale du Travail, CNT Sant\u00e9, \u00c9ducation, Social et Territoriale de Lorraine, F\u00e9d\u00e9ration \u00e9ducation\/recherche de la CNT-SO, \u00c9mancipation tendance intersyndicale, Les Jeunesses Syndicalistes, Mouvement National Lyc\u00e9en, F\u00e9d\u00e9ration Ind\u00e9pendante et D\u00e9mocratique Lyc\u00e9enne, F\u00e9d\u00e9ration nationale de la Libre Pens\u00e9e, Droits Devant !!, Ni guerres ni \u00e9tat de guerre, Causes communes, Anciens Appel\u00e9s en Alg\u00e9rie et leurs Ami(e)s Contre la Guerre, R\u00e9seau des Centres de Recherche, d&#8217;Etude et de Formation \u00e0 l&#8217;Animation et au D\u00e9veloppement, Mouvement de la Paix, ATTAC-France, Stop Fuelling War, Abolition des Armes Nucl\u00e9aires \u2013 Maison de Vigilance, Mouvement de l\u2019Objection de Conscience Nancy, GRATLIB, \u00a0Queer Education, Parti Communiste des Ouvriers de France, Europe \u00c9cologie \u2013 Les Verts, F\u00e9d\u00e9ration Anarchiste, Union Communiste Libertaire, L\u2019insurg\u00e9, Les Jeunes \u00e9cologistes, Union des Jeunes R\u00e9volutionnaires, Union Prol\u00e9tarienne ML, Unit\u00e9 Communiste de Lyon, Groupe libertaire Jules Durand, Mouvement R\u00e9silience, Radio-Libertaire, Revue Silence, Arc en ciel th\u00e9\u00e2tre r\u00e9seau coop\u00e9ratif. Collectifs locaux unitaires Non au SNU Loire-Atlantique, Lyon, Bordeaux, Angoul\u00eame, Nancy, Chamb\u00e9ry, H\u00e9rault\u2026<\/em><\/p>\n<p>Pour rejoindre le collectif\u00a0: <strong>&#x6e;&#x6f;&#110;&#115;nu&#x40;&#x6c;&#x69;&#115;ts&#x2e;&#x72;&#x69;&#115;&#101;u&#x70;&#x2e;&#x6e;&#101;&#116;<\/strong><\/p>\n<a class=\"synved-social-button synved-social-button-share synved-social-size-32 synved-social-resolution-single synved-social-provider-facebook nolightbox\" data-provider=\"facebook\" target=\"_blank\" rel=\"nofollow\" title=\"Partagez cette page sur Facebook\" href=\"https:\/\/www.facebook.com\/sharer.php?u=https%3A%2F%2Fwww.mvtpaix.org%2Fwordpress%2Fwp-json%2Fwp%2Fv2%2Fpages%2F115500&#038;t=Le%20Service%20national%20universel%20%3A%20c%E2%80%99est%20toujours%20non%20%21&#038;s=100&#038;p&#091;url&#093;=https%3A%2F%2Fwww.mvtpaix.org%2Fwordpress%2Fwp-json%2Fwp%2Fv2%2Fpages%2F115500&#038;p&#091;images&#093;&#091;0&#093;=&#038;p&#091;title&#093;=Le%20Service%20national%20universel%20%3A%20c%E2%80%99est%20toujours%20non%20%21\" style=\"font-size: 0px; width:32px;height:32px;margin:0;margin-bottom:5px;margin-right:5px;\"><img alt=\"Facebook\" title=\"Partagez cette page sur Facebook\" class=\"synved-share-image synved-social-image synved-social-image-share\" width=\"32\" height=\"32\" style=\"display: inline; width:32px;height:32px; margin: 0; padding: 0; border: none; box-shadow: none;\" src=\"https:\/\/www.mvtpaix.org\/wordpress\/wp-content\/plugins\/social-media-feather\/synved-social\/image\/social\/regular\/64x64\/facebook.png\" \/><\/a><a class=\"synved-social-button synved-social-button-share synved-social-size-32 synved-social-resolution-single synved-social-provider-twitter nolightbox\" data-provider=\"twitter\" target=\"_blank\" rel=\"nofollow\" title=\"Partagez cette page sur Twitter\" href=\"https:\/\/twitter.com\/intent\/tweet?url=https%3A%2F%2Fwww.mvtpaix.org%2Fwordpress%2Fwp-json%2Fwp%2Fv2%2Fpages%2F115500&#038;text=Suivez%20le%20Mouvement%20de%20la%20Paix%20\" style=\"font-size: 0px; width:32px;height:32px;margin:0;margin-bottom:5px;margin-right:5px;\"><img alt=\"twitter\" title=\"Partagez cette page sur Twitter\" class=\"synved-share-image synved-social-image synved-social-image-share\" width=\"32\" height=\"32\" style=\"display: inline; width:32px;height:32px; margin: 0; padding: 0; border: none; box-shadow: none;\" src=\"https:\/\/www.mvtpaix.org\/wordpress\/wp-content\/plugins\/social-media-feather\/synved-social\/image\/social\/regular\/64x64\/twitter.png\" \/><\/a><a class=\"synved-social-button synved-social-button-share synved-social-size-32 synved-social-resolution-single synved-social-provider-mail nolightbox\" data-provider=\"mail\" rel=\"nofollow\" title=\"Partagez-nous par email\" href=\"mailto:?subject=Le%20Service%20national%20universel%20%3A%20c%E2%80%99est%20toujours%20non%20%21&#038;body=Suivez%20le%20Mouvement%20de%20la%20Paix%20:%20https%3A%2F%2Fwww.mvtpaix.org%2Fwordpress%2Fwp-json%2Fwp%2Fv2%2Fpages%2F115500\" style=\"font-size: 0px; width:32px;height:32px;margin:0;margin-bottom:5px;\"><img alt=\"mail\" title=\"Partagez-nous par email\" class=\"synved-share-image synved-social-image synved-social-image-share\" width=\"32\" height=\"32\" style=\"display: inline; width:32px;height:32px; margin: 0; padding: 0; border: none; box-shadow: none;\" src=\"https:\/\/www.mvtpaix.org\/wordpress\/wp-content\/plugins\/social-media-feather\/synved-social\/image\/social\/regular\/64x64\/mail.png\" \/><\/a>","protected":false},"excerpt":{"rendered":"<p>Le Collectif national contre le Service national universel a tenu une r\u00e9union le 10 juin 2021. C\u2019est l\u2019occasion pour les organisations et collectifs locaux qui le composent de r\u00e9affirmer leur refus de ce projet gouvernemental. Plus que jamais, la plateforme unitaire que nous avons adopt\u00e9e il y a deux ans est d\u2019actualit\u00e9. Les ministres r\u00e9quisitionn\u00e9s [&hellip;]<\/p>\n","protected":false},"author":1,"featured_media":0,"parent":0,"menu_order":0,"comment_status":"open","ping_status":"open","template":"","meta":[],"categories":[3],"tags":[1015],"_links":{"self":[{"href":"https:\/\/www.mvtpaix.org\/wordpress\/wp-json\/wp\/v2\/pages\/115500"}],"collection":[{"href":"https:\/\/www.mvtpaix.org\/wordpress\/wp-json\/wp\/v2\/pages"}],"about":[{"href":"https:\/\/www.mvtpaix.org\/wordpress\/wp-json\/wp\/v2\/types\/page"}],"author":[{"embeddable":true,"href":"https:\/\/www.mvtpaix.org\/wordpress\/wp-json\/wp\/v2\/users\/1"}],"replies":[{"embeddable":true,"href":"https:\/\/www.mvtpaix.org\/wordpress\/wp-json\/wp\/v2\/comments?post=115500"}],"version-history":[{"count":3,"href":"https:\/\/www.mvtpaix.org\/wordpress\/wp-json\/wp\/v2\/pages\/115500\/revisions"}],"predecessor-version":[{"id":115504,"href":"https:\/\/www.mvtpaix.org\/wordpress\/wp-json\/wp\/v2\/pages\/115500\/revisions\/115504"}],"wp:attachment":[{"href":"https:\/\/www.mvtpaix.org\/wordpress\/wp-json\/wp\/v2\/media?parent=115500"}],"wp:term":[{"taxonomy":"category","embeddable":true,"href":"https:\/\/www.mvtpaix.org\/wordpress\/wp-json\/wp\/v2\/categories?post=115500"},{"taxonomy":"post_tag","embeddable":true,"href":"https:\/\/www.mvtpaix.org\/wordpress\/wp-json\/wp\/v2\/tags?post=115500"}],"curies":[{"name":"wp","href":"https:\/\/api.w.org\/{rel}","templated":true}]}}

<p><em>Le Collectif national contre le Service national universel a tenu une réunion le 10 juin 2021. C’est l’occasion pour les organisations et collectifs locaux qui le composent de réaffirmer leur refus de ce projet gouvernemental. Plus que jamais, la plateforme unitaire que nous avons adoptée il y a deux ans est d’actualité.</em></p>
<p><strong>Les ministres réquisitionnés pour aller chercher les volontaires</strong></p>
<p>Inquiet de ne pas avoir ses 25 000 volontaires pour cette année 2021, le gouvernement n’a pas lésiné sur les moyens : un nombre considérable de ministres a été mis à contribution pour aller chercher ces jeunes volontaires, à grand renfort de réunions organisées dans les départements. L’objectif gouvernemental est tout juste atteint. Les gros efforts de persuasion qui ont été nécessaires montrent à quel point le gouvernement peine à convaincre les jeunes des bienfaits de ce projet, a fortiori s&#8217;il est rendu obligatoire. C&#8217;est un motif important de notre opposition !</p>
<p><strong>Le SNU : silence dans les rangs … </strong></p>
<p>La fédération nationale de la Libre pensée, membre du collectif Non au SNU, avait demandé à être reçue par la secrétaire d’Etat en charge de celui-ci. Une importante liste de questions lui avait été soumise afin de préparer au mieux la rencontre. Madame El Haïry a décidé de ne pas donner suite à cette demande !</p>
<p><strong>Confier les jeunes à l’armée, c’est dangereux</strong></p>
<p>On nous présente le SNU comme un moyen « d’éduquer » les jeunes mineur∙es qui y seraient astreint∙es, de leur expliquer « la république » … Nous ne sommes pas dupes des vraies intentions. Mais l’actualité rappelle aussi à quel point il serait dangereux de confier chaque année ces jeunes mineur∙es à l’institution dont nombre de responsables de haut rang viennent encore de s’illustrer à travers un appel à l’épuration ethnique du pays et à consolider « l’ordre social » par un recours à l’armée.</p>
<p><strong>Agissons contre le SNU !</strong></p>
<p>Les organisations membres du collectif poursuivent le travail d’information sur la réalité du SNU. Les collectifs locaux agissent dans les départements, pour sensibiliser les jeunes, les parents, les enseignantes et enseignants, les éducatrices et éducateurs, etc. C’est ainsi que sous l’impulsion du collectif unitaire de Meurthe-et-Moselle, les syndicats départementaux FSU, CGT Education et SUD Education ont adressé une information spécifique à 40 000 travailleuses et travailleurs de l’Education nationale en Lorraine ; c’est un exemple parmi d’autres. Nous encourageons à développer des initiatives pendant les mois d&#8217;été et prendrons une initiative nationale en novembre prochain.</p>
<h3><strong>Le Service national universel que le gouvernement veut rendre obligatoire pour les jeunes de 16 ans, c’est :</strong></h3>
<p><strong>Une opération de soumission de la jeunesse</strong> : il s’agit d’inculquer un esprit d’obéissance aux règles, un respect absolu des normes… Règles et normes qui, pour la plupart, ne visent qu’à perpétuer les inégalités et injustices inhérentes à l’organisation actuelle de la société. Cette volonté de soumission passe aussi par un contrôle renforcé, notamment à travers la mise en fiches de tous les jeunes de 16 à 25 ans ; on sait comment ce genre de fichier peut être utilisé ! Volonté de soumission, enfin, car elle ne reconnaît comme « engagement » des jeunes que les dispositifs étatiques.</p>
<p><strong>La remise en cause des droits des travailleurs et travailleuses</strong> : les jeunes du SNU seront utilisé/es pour remplacer des emplois aujourd’hui occupés par des employé/es qui ont un salaire, une convention collective ou un statut, la possibilité de s’organiser syndicalement, des droits individuels et collectifs. Avec le SNU, chaque année, 800 000 jeunes seront exploité/es, sans aucun de ces droits, pour des durées variables ; ils et elles seront très vivement encouragé.es à poursuivre leur « engagement volontaire » par un service civique, dans les mêmes conditions de précarité.</p>
<p><strong>Des dépenses considérables</strong> : 6 milliards €/an, selon un rapport sénatorial de 2017. Ces milliards seraient bien plus utiles pour le service public de l’Éducation, qu’aux mains des militaires !</p>
<p><strong>Le renforcement de la militarisation</strong>. Encadrement militaire, levée du drapeau, chant guerrier, uniforme, parcours du combattant, raid commando, etc. contribueront à l’endoctrinement des jeunes. La propagande visera à banaliser encore plus le rôle de l’armée, alors que celle-ci est en pointe dans la répression, sur le territoire français, dans les colonies et diverses régions du monde. Sans surprise, il n’est nullement question dans le programme de pacifisme, de non-violence, ni de remise en cause du rôle de l’armée.</p>
<p style="text-align: center;"><strong>Le gouvernement nous dit : Il faut que les jeunes s’engagent.</strong></p>
<p style="text-align: center;"><strong>Mais c’est déjà le cas !</strong></p>
<p style="text-align: center;"><strong>Ils et elles s’engagent pour lutter contre le racisme, pour que cesse la destruction de la terre, pour défendre leur droit à étudier, pour le partage des richesses, pour le droit au logement, pour l’égalité des droits et contre les discriminations, etc.</strong></p>
<p style="text-align: center;"><strong>Ce n’est pas à l’État de les forcer à s’engager !</strong></p>
<p style="text-align: center;"><strong>Comment peut-on parler d’apprendre la citoyenneté, lorsqu’on confie l’encadrement à l’armée (qui, par ailleurs, n’était pas demandeuse) ?</strong></p>
<h3 style="text-align: center;"><strong>Non au SNU ! Abrogation du SNU !</strong></h3>
<p><em><strong><br />
Campagne unitaire contre le SNU</strong> : Union pacifiste, Union syndicale Solidaires, ASSO-Solidaires, Solidaires Lycéen·nes région parisienne, Fédération Solidaires Étudiant·e·s, Fédération SUD éducation, SUNDEP Solidaires Sud Enseignement privé, Solidaires Jeunesse et Sports, Fédération SUD Collectivités territoriales, Fédération Éducation de la Confédération Nationale du Travail, CNT Santé, Éducation, Social et Territoriale de Lorraine, Fédération éducation/recherche de la CNT-SO, Émancipation tendance intersyndicale, Les Jeunesses Syndicalistes, Mouvement National Lycéen, Fédération Indépendante et Démocratique Lycéenne, Fédération nationale de la Libre Pensée, Droits Devant !!, Ni guerres ni état de guerre, Causes communes, Anciens Appelés en Algérie et leurs Ami(e)s Contre la Guerre, Réseau des Centres de Recherche, d&#8217;Etude et de Formation à l&#8217;Animation et au Développement, Mouvement de la Paix, ATTAC-France, Stop Fuelling War, Abolition des Armes Nucléaires – Maison de Vigilance, Mouvement de l’Objection de Conscience Nancy, GRATLIB,  Queer Education, Parti Communiste des Ouvriers de France, Europe Écologie – Les Verts, Fédération Anarchiste, Union Communiste Libertaire, L’insurgé, Les Jeunes écologistes, Union des Jeunes Révolutionnaires, Union Prolétarienne ML, Unité Communiste de Lyon, Groupe libertaire Jules Durand, Mouvement Résilience, Radio-Libertaire, Revue Silence, Arc en ciel théâtre réseau coopératif. Collectifs locaux unitaires Non au SNU Loire-Atlantique, Lyon, Bordeaux, Angoulême, Nancy, Chambéry, Hérault…</em></p>
<p>Pour rejoindre le collectif : <strong>&#x6e;&#x6f;&#110;&#115;nu&#x40;&#x6c;&#x69;&#115;ts&#x2e;&#x72;&#x69;&#115;&#101;u&#x70;&#x2e;&#x6e;&#101;&#116;</strong></p>
<a class="synved-social-button synved-social-button-share synved-social-size-32 synved-social-resolution-single synved-social-provider-facebook nolightbox" data-provider="facebook" target="_blank" rel="nofollow" title="Partagez cette page sur Facebook" href="https://www.facebook.com/sharer.php?u=https%3A%2F%2Fwww.mvtpaix.org%2Fwordpress%2Fwp-json%2Fwp%2Fv2%2Fpages%2F115500&#038;t=Le%20Service%20national%20universel%20%3A%20c%E2%80%99est%20toujours%20non%20%21&#038;s=100&#038;p&#091;url&#093;=https%3A%2F%2Fwww.mvtpaix.org%2Fwordpress%2Fwp-json%2Fwp%2Fv2%2Fpages%2F115500&#038;p&#091;images&#093;&#091;0&#093;=&#038;p&#091;title&#093;=Le%20Service%20national%20universel%20%3A%20c%E2%80%99est%20toujours%20non%20%21" style="font-size: 0px; width:32px;height:32px;margin:0;margin-bottom:5px;margin-right:5px;"><img alt="Facebook" title="Partagez cette page sur Facebook" class="synved-share-image synved-social-image synved-social-image-share" width="32" height="32" style="display: inline; width:32px;height:32px; margin: 0; padding: 0; border: none; box-shadow: none;" src="https://www.mvtpaix.org/wordpress/wp-content/plugins/social-media-feather/synved-social/image/social/regular/64x64/facebook.png" /></a><a class="synved-social-button synved-social-button-share synved-social-size-32 synved-social-resolution-single synved-social-provider-twitter nolightbox" data-provider="twitter" target="_blank" rel="nofollow" title="Partagez cette page sur Twitter" href="https://twitter.com/intent/tweet?url=https%3A%2F%2Fwww.mvtpaix.org%2Fwordpress%2Fwp-json%2Fwp%2Fv2%2Fpages%2F115500&#038;text=Suivez%20le%20Mouvement%20de%20la%20Paix%20" style="font-size: 0px; width:32px;height:32px;margin:0;margin-bottom:5px;margin-right:5px;"><img alt="twitter" title="Partagez cette page sur Twitter" class="synved-share-image synved-social-image synved-social-image-share" width="32" height="32" style="display: inline; width:32px;height:32px; margin: 0; padding: 0; border: none; box-shadow: none;" src="https://www.mvtpaix.org/wordpress/wp-content/plugins/social-media-feather/synved-social/image/social/regular/64x64/twitter.png" /></a><a class="synved-social-button synved-social-button-share synved-social-size-32 synved-social-resolution-single synved-social-provider-mail nolightbox" data-provider="mail" rel="nofollow" title="Partagez-nous par email" href="mailto:?subject=Le%20Service%20national%20universel%20%3A%20c%E2%80%99est%20toujours%20non%20%21&#038;body=Suivez%20le%20Mouvement%20de%20la%20Paix%20:%20https%3A%2F%2Fwww.mvtpaix.org%2Fwordpress%2Fwp-json%2Fwp%2Fv2%2Fpages%2F115500" style="font-size: 0px; width:32px;height:32px;margin:0;margin-bottom:5px;"><img alt="mail" title="Partagez-nous par email" class="synved-share-image synved-social-image synved-social-image-share" width="32" height="32" style="display: inline; width:32px;height:32px; margin: 0; padding: 0; border: none; box-shadow: none;" src="https://www.mvtpaix.org/wordpress/wp-content/plugins/social-media-feather/synved-social/image/social/regular/64x64/mail.png" /></a>

<p>Le Collectif national contre le Service national universel a tenu une réunion le 10 juin 2021. C’est l’occasion pour les organisations et collectifs locaux qui le composent de réaffirmer leur refus de ce projet gouvernemental. Plus que jamais, la plateforme unitaire que nous avons adoptée il y a deux ans est d’actualité. Les ministres réquisitionnés [&hellip;]</p>
