{"id":114632,"date":"2021-02-02T13:18:14","date_gmt":"2021-02-02T12:18:14","guid":{"rendered":"http:\/\/www.mvtpaix.org\/wordpress\/?page_id=114632"},"modified":"2021-02-02T13:32:22","modified_gmt":"2021-02-02T12:32:22","slug":"le-mouvement-de-la-paix-se-rejouit-de-la-prolongation-du-traite-new-start","status":"publish","type":"page","link":"https:\/\/www.mvtpaix.org\/wordpress\/le-mouvement-de-la-paix-se-rejouit-de-la-prolongation-du-traite-new-start\/","title":{"rendered":"Le Mouvement de la Paix se r\u00e9jouit de la prolongation du Trait\u00e9 New Start"},"content":{"rendered":"<p style=\"text-align: justify;\">D\u00e9j\u00e0 en octobre 2020, A. Guterres avait d\u00e9clar\u00e9 lors d&#8217;une r\u00e9union de haut niveau en marge de l\u2019Assembl\u00e9e g\u00e9n\u00e9rale des Nations Unies qu&#8217;il \u00e9tait \u00ab essentiel \u00bb que la Russie et les USA prolongent de 5 ans le \u00ab Nouveau trait\u00e9 START \u00bb sign\u00e9 en 2010 par Barack Obama et Dmitri Medvedev, car avait-il dit\u00a0: c\u2019est \u00ab <em>Le seul trait\u00e9 qui limite la taille des plus grands arsenaux nucl\u00e9aires du monde. Il expirera au d\u00e9but de l&#8217;ann\u00e9e prochaine, ce qui soul\u00e8ve la possibilit\u00e9 alarmante d&#8217;un retour \u00e0 une concurrence strat\u00e9gique sans restriction<\/em> \u00bb.<\/p>\n<p style=\"text-align: justify;\">Or, le mercredi 27 janvier 2021, le parlement russe a ratifi\u00e9, \u00e0 l&#8217;unanimit\u00e9, la prolongation pour 5 ans du Trait\u00e9 New Start qui arrivait \u00e0 \u00e9ch\u00e9ance le 5 f\u00e9vrier. Ce vote intervient au lendemain de la premi\u00e8re conversation t\u00e9l\u00e9phonique entre le Pr\u00e9sident de la Russie, Vladimir Poutine et le Pr\u00e9sident des USA, Joe Biden, durant laquelle ils se sont mis d\u2019accord sur le principe d&#8217;une prolongation du Trait\u00e9 New Start.<\/p>\n<p style=\"text-align: justify;\">Le Mouvement de la Paix se r\u00e9jouit de cette premi\u00e8re avanc\u00e9e diplomatique depuis des ann\u00e9es entre les USA et la Russie. C\u2019est un soulagement mais aussi un encouragement pour \u00ab nous les peuples \u00bb \u00e0 d\u00e9multiplier les actions \u00e0 travers le monde pour obtenir l\u2019arr\u00eat des programmes d\u2019armements nucl\u00e9aires en cours et\u00a0 la ratification du TIAN par tous les \u00c9tats.<\/p>\n<p>&nbsp;<\/p>\n<p style=\"text-align: right;\"><em>A Saint-Ouen, le 02\/02\/2021<\/em><\/p>\n<p style=\"text-align: right;\"><strong><em>Le Mouvement de la Paix<\/em><\/strong><\/p>\n<p>&nbsp;<\/p>\n<h3 style=\"text-align: center;\"><a href=\"https:\/\/www.mvtpaix.org\/wordpress\/wp-content\/uploads\/2021\/02\/CP-MvtPaix-Prolongation-Trait\u00e9-New-Start.pdf\" target=\"_blank\" rel=\"noopener\"><strong>Voir ce communiqu\u00e9 en PDF<\/strong><\/a><\/h3>\n<a class=\"synved-social-button synved-social-button-share synved-social-size-32 synved-social-resolution-single synved-social-provider-facebook nolightbox\" data-provider=\"facebook\" target=\"_blank\" rel=\"nofollow\" title=\"Partagez cette page sur Facebook\" href=\"https:\/\/www.facebook.com\/sharer.php?u=https%3A%2F%2Fwww.mvtpaix.org%2Fwordpress%2Fwp-json%2Fwp%2Fv2%2Fpages%2F114632&#038;t=Le%20Mouvement%20de%20la%20Paix%20se%20r%C3%A9jouit%20de%20la%20prolongation%20du%20Trait%C3%A9%20New%20Start&#038;s=100&#038;p&#091;url&#093;=https%3A%2F%2Fwww.mvtpaix.org%2Fwordpress%2Fwp-json%2Fwp%2Fv2%2Fpages%2F114632&#038;p&#091;images&#093;&#091;0&#093;=&#038;p&#091;title&#093;=Le%20Mouvement%20de%20la%20Paix%20se%20r%C3%A9jouit%20de%20la%20prolongation%20du%20Trait%C3%A9%20New%20Start\" style=\"font-size: 0px; width:32px;height:32px;margin:0;margin-bottom:5px;margin-right:5px;\"><img alt=\"Facebook\" title=\"Partagez cette page sur Facebook\" class=\"synved-share-image synved-social-image synved-social-image-share\" width=\"32\" height=\"32\" style=\"display: inline; width:32px;height:32px; margin: 0; padding: 0; border: none; box-shadow: none;\" src=\"https:\/\/www.mvtpaix.org\/wordpress\/wp-content\/plugins\/social-media-feather\/synved-social\/image\/social\/regular\/64x64\/facebook.png\" \/><\/a><a class=\"synved-social-button synved-social-button-share synved-social-size-32 synved-social-resolution-single synved-social-provider-twitter nolightbox\" data-provider=\"twitter\" target=\"_blank\" rel=\"nofollow\" title=\"Partagez cette page sur Twitter\" href=\"https:\/\/twitter.com\/intent\/tweet?url=https%3A%2F%2Fwww.mvtpaix.org%2Fwordpress%2Fwp-json%2Fwp%2Fv2%2Fpages%2F114632&#038;text=Suivez%20le%20Mouvement%20de%20la%20Paix%20\" style=\"font-size: 0px; width:32px;height:32px;margin:0;margin-bottom:5px;margin-right:5px;\"><img alt=\"twitter\" title=\"Partagez cette page sur Twitter\" class=\"synved-share-image synved-social-image synved-social-image-share\" width=\"32\" height=\"32\" style=\"display: inline; width:32px;height:32px; margin: 0; padding: 0; border: none; box-shadow: none;\" src=\"https:\/\/www.mvtpaix.org\/wordpress\/wp-content\/plugins\/social-media-feather\/synved-social\/image\/social\/regular\/64x64\/twitter.png\" \/><\/a><a class=\"synved-social-button synved-social-button-share synved-social-size-32 synved-social-resolution-single synved-social-provider-mail nolightbox\" data-provider=\"mail\" rel=\"nofollow\" title=\"Partagez-nous par email\" href=\"mailto:?subject=Le%20Mouvement%20de%20la%20Paix%20se%20r%C3%A9jouit%20de%20la%20prolongation%20du%20Trait%C3%A9%20New%20Start&#038;body=Suivez%20le%20Mouvement%20de%20la%20Paix%20:%20https%3A%2F%2Fwww.mvtpaix.org%2Fwordpress%2Fwp-json%2Fwp%2Fv2%2Fpages%2F114632\" style=\"font-size: 0px; width:32px;height:32px;margin:0;margin-bottom:5px;\"><img alt=\"mail\" title=\"Partagez-nous par email\" class=\"synved-share-image synved-social-image synved-social-image-share\" width=\"32\" height=\"32\" style=\"display: inline; width:32px;height:32px; margin: 0; padding: 0; border: none; box-shadow: none;\" src=\"https:\/\/www.mvtpaix.org\/wordpress\/wp-content\/plugins\/social-media-feather\/synved-social\/image\/social\/regular\/64x64\/mail.png\" \/><\/a>","protected":false},"excerpt":{"rendered":"<p>D\u00e9j\u00e0 en octobre 2020, A. Guterres avait d\u00e9clar\u00e9 lors d&#8217;une r\u00e9union de haut niveau en marge de l\u2019Assembl\u00e9e g\u00e9n\u00e9rale des Nations Unies qu&#8217;il \u00e9tait \u00ab essentiel \u00bb que la Russie et les USA prolongent de 5 ans le \u00ab Nouveau trait\u00e9 START \u00bb sign\u00e9 en 2010 par Barack Obama et Dmitri Medvedev, car avait-il dit\u00a0: [&hellip;]<\/p>\n","protected":false},"author":1,"featured_media":0,"parent":0,"menu_order":0,"comment_status":"open","ping_status":"open","template":"","meta":[],"categories":[3],"tags":[654,1076,633,641,1078,724],"_links":{"self":[{"href":"https:\/\/www.mvtpaix.org\/wordpress\/wp-json\/wp\/v2\/pages\/114632"}],"collection":[{"href":"https:\/\/www.mvtpaix.org\/wordpress\/wp-json\/wp\/v2\/pages"}],"about":[{"href":"https:\/\/www.mvtpaix.org\/wordpress\/wp-json\/wp\/v2\/types\/page"}],"author":[{"embeddable":true,"href":"https:\/\/www.mvtpaix.org\/wordpress\/wp-json\/wp\/v2\/users\/1"}],"replies":[{"embeddable":true,"href":"https:\/\/www.mvtpaix.org\/wordpress\/wp-json\/wp\/v2\/comments?post=114632"}],"version-history":[{"count":2,"href":"https:\/\/www.mvtpaix.org\/wordpress\/wp-json\/wp\/v2\/pages\/114632\/revisions"}],"predecessor-version":[{"id":114637,"href":"https:\/\/www.mvtpaix.org\/wordpress\/wp-json\/wp\/v2\/pages\/114632\/revisions\/114637"}],"wp:attachment":[{"href":"https:\/\/www.mvtpaix.org\/wordpress\/wp-json\/wp\/v2\/media?parent=114632"}],"wp:term":[{"taxonomy":"category","embeddable":true,"href":"https:\/\/www.mvtpaix.org\/wordpress\/wp-json\/wp\/v2\/categories?post=114632"},{"taxonomy":"post_tag","embeddable":true,"href":"https:\/\/www.mvtpaix.org\/wordpress\/wp-json\/wp\/v2\/tags?post=114632"}],"curies":[{"name":"wp","href":"https:\/\/api.w.org\/{rel}","templated":true}]}}

Le Mouvement de la Paix se réjouit de la prolongation du Traité New Start

<p style="text-align: justify;">Déjà en octobre 2020, A. Guterres avait déclaré lors d&#8217;une réunion de haut niveau en marge de l’Assemblée générale des Nations Unies qu&#8217;il était « essentiel » que la Russie et les USA prolongent de 5 ans le « Nouveau traité START » signé en 2010 par Barack Obama et Dmitri Medvedev, car avait-il dit : c’est « <em>Le seul traité qui limite la taille des plus grands arsenaux nucléaires du monde. Il expirera au début de l&#8217;année prochaine, ce qui soulève la possibilité alarmante d&#8217;un retour à une concurrence stratégique sans restriction</em> ».</p>
<p style="text-align: justify;">Or, le mercredi 27 janvier 2021, le parlement russe a ratifié, à l&#8217;unanimité, la prolongation pour 5 ans du Traité New Start qui arrivait à échéance le 5 février. Ce vote intervient au lendemain de la première conversation téléphonique entre le Président de la Russie, Vladimir Poutine et le Président des USA, Joe Biden, durant laquelle ils se sont mis d’accord sur le principe d&#8217;une prolongation du Traité New Start.</p>
<p style="text-align: justify;">Le Mouvement de la Paix se réjouit de cette première avancée diplomatique depuis des années entre les USA et la Russie. C’est un soulagement mais aussi un encouragement pour « nous les peuples » à démultiplier les actions à travers le monde pour obtenir l’arrêt des programmes d’armements nucléaires en cours et  la ratification du TIAN par tous les États.</p>
<p>&nbsp;</p>
<p style="text-align: right;"><em>A Saint-Ouen, le 02/02/2021</em></p>
<p style="text-align: right;"><strong><em>Le Mouvement de la Paix</em></strong></p>
<p>&nbsp;</p>
<h3 style="text-align: center;"><a href="https://www.mvtpaix.org/wordpress/wp-content/uploads/2021/02/CP-MvtPaix-Prolongation-Traité-New-Start.pdf" target="_blank" rel="noopener"><strong>Voir ce communiqué en PDF</strong></a></h3>
<a class="synved-social-button synved-social-button-share synved-social-size-32 synved-social-resolution-single synved-social-provider-facebook nolightbox" data-provider="facebook" target="_blank" rel="nofollow" title="Partagez cette page sur Facebook" href="https://www.facebook.com/sharer.php?u=https%3A%2F%2Fwww.mvtpaix.org%2Fwordpress%2Fwp-json%2Fwp%2Fv2%2Fpages%2F114632&#038;t=Le%20Mouvement%20de%20la%20Paix%20se%20r%C3%A9jouit%20de%20la%20prolongation%20du%20Trait%C3%A9%20New%20Start&#038;s=100&#038;p&#091;url&#093;=https%3A%2F%2Fwww.mvtpaix.org%2Fwordpress%2Fwp-json%2Fwp%2Fv2%2Fpages%2F114632&#038;p&#091;images&#093;&#091;0&#093;=&#038;p&#091;title&#093;=Le%20Mouvement%20de%20la%20Paix%20se%20r%C3%A9jouit%20de%20la%20prolongation%20du%20Trait%C3%A9%20New%20Start" style="font-size: 0px; width:32px;height:32px;margin:0;margin-bottom:5px;margin-right:5px;"><img alt="Facebook" title="Partagez cette page sur Facebook" class="synved-share-image synved-social-image synved-social-image-share" width="32" height="32" style="display: inline; width:32px;height:32px; margin: 0; padding: 0; border: none; box-shadow: none;" src="https://www.mvtpaix.org/wordpress/wp-content/plugins/social-media-feather/synved-social/image/social/regular/64x64/facebook.png" /></a><a class="synved-social-button synved-social-button-share synved-social-size-32 synved-social-resolution-single synved-social-provider-twitter nolightbox" data-provider="twitter" target="_blank" rel="nofollow" title="Partagez cette page sur Twitter" href="https://twitter.com/intent/tweet?url=https%3A%2F%2Fwww.mvtpaix.org%2Fwordpress%2Fwp-json%2Fwp%2Fv2%2Fpages%2F114632&#038;text=Suivez%20le%20Mouvement%20de%20la%20Paix%20" style="font-size: 0px; width:32px;height:32px;margin:0;margin-bottom:5px;margin-right:5px;"><img alt="twitter" title="Partagez cette page sur Twitter" class="synved-share-image synved-social-image synved-social-image-share" width="32" height="32" style="display: inline; width:32px;height:32px; margin: 0; padding: 0; border: none; box-shadow: none;" src="https://www.mvtpaix.org/wordpress/wp-content/plugins/social-media-feather/synved-social/image/social/regular/64x64/twitter.png" /></a><a class="synved-social-button synved-social-button-share synved-social-size-32 synved-social-resolution-single synved-social-provider-mail nolightbox" data-provider="mail" rel="nofollow" title="Partagez-nous par email" href="mailto:?subject=Le%20Mouvement%20de%20la%20Paix%20se%20r%C3%A9jouit%20de%20la%20prolongation%20du%20Trait%C3%A9%20New%20Start&#038;body=Suivez%20le%20Mouvement%20de%20la%20Paix%20:%20https%3A%2F%2Fwww.mvtpaix.org%2Fwordpress%2Fwp-json%2Fwp%2Fv2%2Fpages%2F114632" style="font-size: 0px; width:32px;height:32px;margin:0;margin-bottom:5px;"><img alt="mail" title="Partagez-nous par email" class="synved-share-image synved-social-image synved-social-image-share" width="32" height="32" style="display: inline; width:32px;height:32px; margin: 0; padding: 0; border: none; box-shadow: none;" src="https://www.mvtpaix.org/wordpress/wp-content/plugins/social-media-feather/synved-social/image/social/regular/64x64/mail.png" /></a>

<p>Déjà en octobre 2020, A. Guterres avait déclaré lors d&#8217;une réunion de haut niveau en marge de l’Assemblée générale des Nations Unies qu&#8217;il était « essentiel » que la Russie et les USA prolongent de 5 ans le « Nouveau traité START » signé en 2010 par Barack Obama et Dmitri Medvedev, car avait-il dit : [&hellip;]</p>
