{"id":113889,"date":"2020-06-15T16:29:35","date_gmt":"2020-06-15T14:29:35","guid":{"rendered":"http:\/\/www.mvtpaix.org\/wordpress\/?p=113889"},"modified":"2020-06-15T16:45:36","modified_gmt":"2020-06-15T14:45:36","slug":"un-resume-en-video-du-seminaire-pour-une-paix-interieure-et-exterieure-a-lonu-a-geneve","status":"publish","type":"page","link":"https:\/\/www.mvtpaix.org\/wordpress\/un-resume-en-video-du-seminaire-pour-une-paix-interieure-et-exterieure-a-lonu-a-geneve\/","title":{"rendered":"Un r\u00e9sum\u00e9 en vid\u00e9o du s\u00e9minaire pour une Paix int\u00e9rieure et ext\u00e9rieure \u00e0 l&#8217;ONU \u00e0 Gen\u00e8ve"},"content":{"rendered":"<h3 style=\"text-align: center;\"><strong>&#8220;R\u00e9aliser ensemble une paix durable, int\u00e9rieure et ext\u00e9rieure&#8221;<\/strong><\/h3>\n<p>Ce s\u00e9minaire \u00e9tait propos\u00e9 en f\u00e9vrier dernier par le Mouvement de la Paix du Grand Gen\u00e8ve, en partenariat avec l&#8217;OMAEP (Organisation Mondiale des Associations d&#8217;Education Pr\u00e9natale) l&#8217;UNESU (Union des Nations pour l&#8217;Enseignement, la Science Universelle et les droits de l&#8217;Homme ) &amp; l&#8217;ONG Paix et bienveillance en Action, avec le soutien du vid\u00e9aste Gwenivig Cornon.<\/p>\n<p style=\"text-align: center;\"><iframe loading=\"lazy\" width=\"640\" height=\"360\" src=\"https:\/\/www.youtube.com\/embed\/ReIg-V1UvW0?feature=oembed\" frameborder=\"0\" allow=\"accelerometer; autoplay; encrypted-media; gyroscope; picture-in-picture\" allowfullscreen><\/iframe><\/p>\n<p style=\"text-align: center;\">9 heures r\u00e9sum\u00e9es en 7 minutes ! C&#8217;est le d\u00e9zap&#8217; du s\u00e9minaire international pour la PAIX \u00e0 l&#8217;ONUG !<\/p>\n<p><strong><a href=\"https:\/\/les1000grues.wordpress.com\/2020\/04\/06\/un-seminaire-pour-une-paix-interieure-et-exterieure-a-lonu\/\" target=\"_blank\" rel=\"noopener\">Plus d&#8217;infos dans le blog des 1000 grues<\/a><\/strong><\/p>\n<a class=\"synved-social-button synved-social-button-share synved-social-size-32 synved-social-resolution-single synved-social-provider-facebook nolightbox\" data-provider=\"facebook\" target=\"_blank\" rel=\"nofollow\" title=\"Partagez cette page sur Facebook\" href=\"https:\/\/www.facebook.com\/sharer.php?u=https%3A%2F%2Fwww.mvtpaix.org%2Fwordpress%2Fwp-json%2Fwp%2Fv2%2Fpages%2F113889&#038;t=Un%20r%C3%A9sum%C3%A9%20en%20vid%C3%A9o%20du%20s%C3%A9minaire%20pour%20une%20Paix%20int%C3%A9rieure%20et%20ext%C3%A9rieure%20%C3%A0%20l%E2%80%99ONU%20%C3%A0%20Gen%C3%A8ve&#038;s=100&#038;p&#091;url&#093;=https%3A%2F%2Fwww.mvtpaix.org%2Fwordpress%2Fwp-json%2Fwp%2Fv2%2Fpages%2F113889&#038;p&#091;images&#093;&#091;0&#093;=&#038;p&#091;title&#093;=Un%20r%C3%A9sum%C3%A9%20en%20vid%C3%A9o%20du%20s%C3%A9minaire%20pour%20une%20Paix%20int%C3%A9rieure%20et%20ext%C3%A9rieure%20%C3%A0%20l%E2%80%99ONU%20%C3%A0%20Gen%C3%A8ve\" style=\"font-size: 0px; width:32px;height:32px;margin:0;margin-bottom:5px;margin-right:5px;\"><img alt=\"Facebook\" title=\"Partagez cette page sur Facebook\" class=\"synved-share-image synved-social-image synved-social-image-share\" width=\"32\" height=\"32\" style=\"display: inline; width:32px;height:32px; margin: 0; padding: 0; border: none; box-shadow: none;\" src=\"https:\/\/www.mvtpaix.org\/wordpress\/wp-content\/plugins\/social-media-feather\/synved-social\/image\/social\/regular\/64x64\/facebook.png\" \/><\/a><a class=\"synved-social-button synved-social-button-share synved-social-size-32 synved-social-resolution-single synved-social-provider-twitter nolightbox\" data-provider=\"twitter\" target=\"_blank\" rel=\"nofollow\" title=\"Partagez cette page sur Twitter\" href=\"https:\/\/twitter.com\/intent\/tweet?url=https%3A%2F%2Fwww.mvtpaix.org%2Fwordpress%2Fwp-json%2Fwp%2Fv2%2Fpages%2F113889&#038;text=Suivez%20le%20Mouvement%20de%20la%20Paix%20\" style=\"font-size: 0px; width:32px;height:32px;margin:0;margin-bottom:5px;margin-right:5px;\"><img alt=\"twitter\" title=\"Partagez cette page sur Twitter\" class=\"synved-share-image synved-social-image synved-social-image-share\" width=\"32\" height=\"32\" style=\"display: inline; width:32px;height:32px; margin: 0; padding: 0; border: none; box-shadow: none;\" src=\"https:\/\/www.mvtpaix.org\/wordpress\/wp-content\/plugins\/social-media-feather\/synved-social\/image\/social\/regular\/64x64\/twitter.png\" \/><\/a><a class=\"synved-social-button synved-social-button-share synved-social-size-32 synved-social-resolution-single synved-social-provider-mail nolightbox\" data-provider=\"mail\" rel=\"nofollow\" title=\"Partagez-nous par email\" href=\"mailto:?subject=Un%20r%C3%A9sum%C3%A9%20en%20vid%C3%A9o%20du%20s%C3%A9minaire%20pour%20une%20Paix%20int%C3%A9rieure%20et%20ext%C3%A9rieure%20%C3%A0%20l%E2%80%99ONU%20%C3%A0%20Gen%C3%A8ve&#038;body=Suivez%20le%20Mouvement%20de%20la%20Paix%20:%20https%3A%2F%2Fwww.mvtpaix.org%2Fwordpress%2Fwp-json%2Fwp%2Fv2%2Fpages%2F113889\" style=\"font-size: 0px; width:32px;height:32px;margin:0;margin-bottom:5px;\"><img alt=\"mail\" title=\"Partagez-nous par email\" class=\"synved-share-image synved-social-image synved-social-image-share\" width=\"32\" height=\"32\" style=\"display: inline; width:32px;height:32px; margin: 0; padding: 0; border: none; box-shadow: none;\" src=\"https:\/\/www.mvtpaix.org\/wordpress\/wp-content\/plugins\/social-media-feather\/synved-social\/image\/social\/regular\/64x64\/mail.png\" \/><\/a>","protected":false},"excerpt":{"rendered":"<p>&#8220;R\u00e9aliser ensemble une paix durable, int\u00e9rieure et ext\u00e9rieure&#8221; Ce s\u00e9minaire \u00e9tait propos\u00e9 en f\u00e9vrier dernier par le Mouvement de la Paix du Grand Gen\u00e8ve, en partenariat avec l&#8217;OMAEP (Organisation Mondiale des Associations d&#8217;Education Pr\u00e9natale) l&#8217;UNESU (Union des Nations pour l&#8217;Enseignement, la Science Universelle et les droits de l&#8217;Homme ) &amp; l&#8217;ONG Paix et bienveillance en [&hellip;]<\/p>\n","protected":false},"author":1,"featured_media":0,"parent":0,"menu_order":0,"comment_status":"open","ping_status":"open","template":"page-full-width.php","meta":[],"categories":[236,38],"tags":[841,641],"_links":{"self":[{"href":"https:\/\/www.mvtpaix.org\/wordpress\/wp-json\/wp\/v2\/pages\/113889"}],"collection":[{"href":"https:\/\/www.mvtpaix.org\/wordpress\/wp-json\/wp\/v2\/pages"}],"about":[{"href":"https:\/\/www.mvtpaix.org\/wordpress\/wp-json\/wp\/v2\/types\/page"}],"author":[{"embeddable":true,"href":"https:\/\/www.mvtpaix.org\/wordpress\/wp-json\/wp\/v2\/users\/1"}],"replies":[{"embeddable":true,"href":"https:\/\/www.mvtpaix.org\/wordpress\/wp-json\/wp\/v2\/comments?post=113889"}],"version-history":[{"count":4,"href":"https:\/\/www.mvtpaix.org\/wordpress\/wp-json\/wp\/v2\/pages\/113889\/revisions"}],"predecessor-version":[{"id":113893,"href":"https:\/\/www.mvtpaix.org\/wordpress\/wp-json\/wp\/v2\/pages\/113889\/revisions\/113893"}],"wp:attachment":[{"href":"https:\/\/www.mvtpaix.org\/wordpress\/wp-json\/wp\/v2\/media?parent=113889"}],"wp:term":[{"taxonomy":"category","embeddable":true,"href":"https:\/\/www.mvtpaix.org\/wordpress\/wp-json\/wp\/v2\/categories?post=113889"},{"taxonomy":"post_tag","embeddable":true,"href":"https:\/\/www.mvtpaix.org\/wordpress\/wp-json\/wp\/v2\/tags?post=113889"}],"curies":[{"name":"wp","href":"https:\/\/api.w.org\/{rel}","templated":true}]}}

Un résumé en vidéo du séminaire pour une Paix intérieure et extérieure à l&#8217;ONU à Genève

<h3 style="text-align: center;"><strong>&#8220;Réaliser ensemble une paix durable, intérieure et extérieure&#8221;</strong></h3>
<p>Ce séminaire était proposé en février dernier par le Mouvement de la Paix du Grand Genève, en partenariat avec l&#8217;OMAEP (Organisation Mondiale des Associations d&#8217;Education Prénatale) l&#8217;UNESU (Union des Nations pour l&#8217;Enseignement, la Science Universelle et les droits de l&#8217;Homme ) &amp; l&#8217;ONG Paix et bienveillance en Action, avec le soutien du vidéaste Gwenivig Cornon.</p>
<p style="text-align: center;"><iframe loading="lazy" width="640" height="360" src="https://www.youtube.com/embed/ReIg-V1UvW0?feature=oembed" frameborder="0" allow="accelerometer; autoplay; encrypted-media; gyroscope; picture-in-picture" allowfullscreen></iframe></p>
<p style="text-align: center;">9 heures résumées en 7 minutes ! C&#8217;est le dézap&#8217; du séminaire international pour la PAIX à l&#8217;ONUG !</p>
<p><strong><a href="https://les1000grues.wordpress.com/2020/04/06/un-seminaire-pour-une-paix-interieure-et-exterieure-a-lonu/" target="_blank" rel="noopener">Plus d&#8217;infos dans le blog des 1000 grues</a></strong></p>
<a class="synved-social-button synved-social-button-share synved-social-size-32 synved-social-resolution-single synved-social-provider-facebook nolightbox" data-provider="facebook" target="_blank" rel="nofollow" title="Partagez cette page sur Facebook" href="https://www.facebook.com/sharer.php?u=https%3A%2F%2Fwww.mvtpaix.org%2Fwordpress%2Fwp-json%2Fwp%2Fv2%2Fpages%2F113889&#038;t=Un%20r%C3%A9sum%C3%A9%20en%20vid%C3%A9o%20du%20s%C3%A9minaire%20pour%20une%20Paix%20int%C3%A9rieure%20et%20ext%C3%A9rieure%20%C3%A0%20l%E2%80%99ONU%20%C3%A0%20Gen%C3%A8ve&#038;s=100&#038;p&#091;url&#093;=https%3A%2F%2Fwww.mvtpaix.org%2Fwordpress%2Fwp-json%2Fwp%2Fv2%2Fpages%2F113889&#038;p&#091;images&#093;&#091;0&#093;=&#038;p&#091;title&#093;=Un%20r%C3%A9sum%C3%A9%20en%20vid%C3%A9o%20du%20s%C3%A9minaire%20pour%20une%20Paix%20int%C3%A9rieure%20et%20ext%C3%A9rieure%20%C3%A0%20l%E2%80%99ONU%20%C3%A0%20Gen%C3%A8ve" style="font-size: 0px; width:32px;height:32px;margin:0;margin-bottom:5px;margin-right:5px;"><img alt="Facebook" title="Partagez cette page sur Facebook" class="synved-share-image synved-social-image synved-social-image-share" width="32" height="32" style="display: inline; width:32px;height:32px; margin: 0; padding: 0; border: none; box-shadow: none;" src="https://www.mvtpaix.org/wordpress/wp-content/plugins/social-media-feather/synved-social/image/social/regular/64x64/facebook.png" /></a><a class="synved-social-button synved-social-button-share synved-social-size-32 synved-social-resolution-single synved-social-provider-twitter nolightbox" data-provider="twitter" target="_blank" rel="nofollow" title="Partagez cette page sur Twitter" href="https://twitter.com/intent/tweet?url=https%3A%2F%2Fwww.mvtpaix.org%2Fwordpress%2Fwp-json%2Fwp%2Fv2%2Fpages%2F113889&#038;text=Suivez%20le%20Mouvement%20de%20la%20Paix%20" style="font-size: 0px; width:32px;height:32px;margin:0;margin-bottom:5px;margin-right:5px;"><img alt="twitter" title="Partagez cette page sur Twitter" class="synved-share-image synved-social-image synved-social-image-share" width="32" height="32" style="display: inline; width:32px;height:32px; margin: 0; padding: 0; border: none; box-shadow: none;" src="https://www.mvtpaix.org/wordpress/wp-content/plugins/social-media-feather/synved-social/image/social/regular/64x64/twitter.png" /></a><a class="synved-social-button synved-social-button-share synved-social-size-32 synved-social-resolution-single synved-social-provider-mail nolightbox" data-provider="mail" rel="nofollow" title="Partagez-nous par email" href="mailto:?subject=Un%20r%C3%A9sum%C3%A9%20en%20vid%C3%A9o%20du%20s%C3%A9minaire%20pour%20une%20Paix%20int%C3%A9rieure%20et%20ext%C3%A9rieure%20%C3%A0%20l%E2%80%99ONU%20%C3%A0%20Gen%C3%A8ve&#038;body=Suivez%20le%20Mouvement%20de%20la%20Paix%20:%20https%3A%2F%2Fwww.mvtpaix.org%2Fwordpress%2Fwp-json%2Fwp%2Fv2%2Fpages%2F113889" style="font-size: 0px; width:32px;height:32px;margin:0;margin-bottom:5px;"><img alt="mail" title="Partagez-nous par email" class="synved-share-image synved-social-image synved-social-image-share" width="32" height="32" style="display: inline; width:32px;height:32px; margin: 0; padding: 0; border: none; box-shadow: none;" src="https://www.mvtpaix.org/wordpress/wp-content/plugins/social-media-feather/synved-social/image/social/regular/64x64/mail.png" /></a>

<p>&#8220;Réaliser ensemble une paix durable, intérieure et extérieure&#8221; Ce séminaire était proposé en février dernier par le Mouvement de la Paix du Grand Genève, en partenariat avec l&#8217;OMAEP (Organisation Mondiale des Associations d&#8217;Education Prénatale) l&#8217;UNESU (Union des Nations pour l&#8217;Enseignement, la Science Universelle et les droits de l&#8217;Homme ) &amp; l&#8217;ONG Paix et bienveillance en [&hellip;]</p>
