{"id":110297,"date":"2018-09-06T14:16:18","date_gmt":"2018-09-06T12:16:18","guid":{"rendered":"http:\/\/www.mvtpaix.org\/wordpress\/?page_id=110297"},"modified":"2018-09-06T14:17:07","modified_gmt":"2018-09-06T12:17:07","slug":"cr-de-la-commemoration-du-6-9-aout-1945-a-bordeaux-lac","status":"publish","type":"page","link":"https:\/\/www.mvtpaix.org\/wordpress\/cr-de-la-commemoration-du-6-9-aout-1945-a-bordeaux-lac\/","title":{"rendered":"CR de la comm\u00e9moration du 6-9 Ao\u00fbt 1945 \u00e0 Bordeaux-Lac"},"content":{"rendered":"<h3><strong>Appel des cent de Gironde<\/strong><\/h3>\n<p><div style=\"display:block\">\n<!-- FlowPaper PDF flipbook plugin v.2.0.6 wordpress.org\/plugins\/flowpaper\/ -->\n<iframe title=\"FlowPaper flipbook pdf viewer\" width=\"100%\" height=\"700\" scrolling=\"no\" class=\"flowpaper-class\" frameborder=\"0\" allowFullScreen=\"true\" lightbox=\"false\" cover id src = \"https:\/\/flowpaper.com\/flipbook\/?pdf=https:\/\/www.mvtpaix.org\/wordpress\/wp-content\/uploads\/2018\/09\/Appel-des-Cent-CR-commemoration-06-09-08-1945-\u00e0-Bordeaux-2018.pdf?wp-hosted=1&title=&header=Appel%20des%20cent%20de%20Gironde&theme=&singlepage=&thumbs=1&modified=180906217\" seamless=\"seamless\" style=\"margin-bottom:0;display:block;\">Your browser does not seem to support iframes. <a href=\"https:\/\/flowpaper.com\/flipbook\/?pdf=https:\/\/www.mvtpaix.org\/wordpress\/wp-content\/uploads\/2018\/09\/Appel-des-Cent-CR-commemoration-06-09-08-1945-\u00e0-Bordeaux-2018.pdf?wp-hosted=1\" target=\"_blank\">Click here to read this PDF<\/a>.<\/iframe>\n<div id=\"flowpaper-logo-bottom\" class=\"flowpaper-logo-bg\" style=\"background:linear-gradient(to right, rgba(0,0,0,0.65) 0%,rgba(0,0,0,0) 200px);width:100%;height:19px; padding-bottom: 1px; padding-left: 5px; padding-right: 10px; display: flex; align-items: center;z-index:9999\"><span style=\"height: 37px; padding-left: 6px;width:90%\"> <a id=\"flowpaper-link\" style=\"fill: #fff\" alt=\"FlowPaper logotype\" title=\"FlowPaper logotype\" href=\"https:\/\/flowpaper.com\" target=\"_blank\"> <img alt=\"Publish PDF flipbooks online\" style=\"height:17px;width:auto;margin-top:11px;\" src=\"https:\/\/www.mvtpaix.org\/wordpress\/wp-content\/plugins\/flowpaper-lite-pdf-flipbook\/assets\/flowpaper-logo.png\" border=\"0\"> <\/a> <\/span><span style=\" float: right; right: 0; font-size: 10px; white-space: nowrap; opacity:0.8\"><a href=\"https:\/\/flowpaper.com\/flipbook-maker\/\" target=\"_new\" style=\"text-decoration:none;border-bottom:none;\">Created using FlowPaper Flipbook Maker &#8599;<\/a><\/span><\/div><\/div>\r\n                <script>\r\n                document.addEventListener(\"DOMContentLoaded\", function(){\r\n                    var target_element, iframe_element;\r\n                    iframe_element = document.querySelector(\"iframe.flowpaper-class\");\r\n                    target_element = document.querySelector(\"\");\r\n                    iframe_element.style.height = target_element.offsetHeight + \"px\";\r\n                });\r\n                <\/script>\r\n            <\/p>\n<p>&nbsp;<\/p>\n<a class=\"synved-social-button synved-social-button-share synved-social-size-32 synved-social-resolution-single synved-social-provider-facebook nolightbox\" data-provider=\"facebook\" target=\"_blank\" rel=\"nofollow\" title=\"Partagez cette page sur Facebook\" href=\"https:\/\/www.facebook.com\/sharer.php?u=https%3A%2F%2Fwww.mvtpaix.org%2Fwordpress%2Fwp-json%2Fwp%2Fv2%2Fpages%2F110297&#038;t=CR%20de%20la%20comm%C3%A9moration%20du%206-9%20Ao%C3%BBt%201945%20%C3%A0%20Bordeaux-Lac&#038;s=100&#038;p&#091;url&#093;=https%3A%2F%2Fwww.mvtpaix.org%2Fwordpress%2Fwp-json%2Fwp%2Fv2%2Fpages%2F110297&#038;p&#091;images&#093;&#091;0&#093;=&#038;p&#091;title&#093;=CR%20de%20la%20comm%C3%A9moration%20du%206-9%20Ao%C3%BBt%201945%20%C3%A0%20Bordeaux-Lac\" style=\"font-size: 0px; width:32px;height:32px;margin:0;margin-bottom:5px;margin-right:5px;\"><img alt=\"Facebook\" title=\"Partagez cette page sur Facebook\" class=\"synved-share-image synved-social-image synved-social-image-share\" width=\"32\" height=\"32\" style=\"display: inline; width:32px;height:32px; margin: 0; padding: 0; border: none; box-shadow: none;\" src=\"https:\/\/www.mvtpaix.org\/wordpress\/wp-content\/plugins\/social-media-feather\/synved-social\/image\/social\/regular\/64x64\/facebook.png\" \/><\/a><a class=\"synved-social-button synved-social-button-share synved-social-size-32 synved-social-resolution-single synved-social-provider-twitter nolightbox\" data-provider=\"twitter\" target=\"_blank\" rel=\"nofollow\" title=\"Partagez cette page sur Twitter\" href=\"https:\/\/twitter.com\/intent\/tweet?url=https%3A%2F%2Fwww.mvtpaix.org%2Fwordpress%2Fwp-json%2Fwp%2Fv2%2Fpages%2F110297&#038;text=Suivez%20le%20Mouvement%20de%20la%20Paix%20\" style=\"font-size: 0px; width:32px;height:32px;margin:0;margin-bottom:5px;margin-right:5px;\"><img alt=\"twitter\" title=\"Partagez cette page sur Twitter\" class=\"synved-share-image synved-social-image synved-social-image-share\" width=\"32\" height=\"32\" style=\"display: inline; width:32px;height:32px; margin: 0; padding: 0; border: none; box-shadow: none;\" src=\"https:\/\/www.mvtpaix.org\/wordpress\/wp-content\/plugins\/social-media-feather\/synved-social\/image\/social\/regular\/64x64\/twitter.png\" \/><\/a><a class=\"synved-social-button synved-social-button-share synved-social-size-32 synved-social-resolution-single synved-social-provider-mail nolightbox\" data-provider=\"mail\" rel=\"nofollow\" title=\"Partagez-nous par email\" href=\"mailto:?subject=CR%20de%20la%20comm%C3%A9moration%20du%206-9%20Ao%C3%BBt%201945%20%C3%A0%20Bordeaux-Lac&#038;body=Suivez%20le%20Mouvement%20de%20la%20Paix%20:%20https%3A%2F%2Fwww.mvtpaix.org%2Fwordpress%2Fwp-json%2Fwp%2Fv2%2Fpages%2F110297\" style=\"font-size: 0px; width:32px;height:32px;margin:0;margin-bottom:5px;\"><img alt=\"mail\" title=\"Partagez-nous par email\" class=\"synved-share-image synved-social-image synved-social-image-share\" width=\"32\" height=\"32\" style=\"display: inline; width:32px;height:32px; margin: 0; padding: 0; border: none; box-shadow: none;\" src=\"https:\/\/www.mvtpaix.org\/wordpress\/wp-content\/plugins\/social-media-feather\/synved-social\/image\/social\/regular\/64x64\/mail.png\" \/><\/a>","protected":false},"excerpt":{"rendered":"<p>Appel des cent de Gironde &nbsp;<\/p>\n","protected":false},"author":1,"featured_media":0,"parent":0,"menu_order":0,"comment_status":"open","ping_status":"open","template":"page-full-width.php","meta":[],"categories":[236],"tags":[635],"_links":{"self":[{"href":"https:\/\/www.mvtpaix.org\/wordpress\/wp-json\/wp\/v2\/pages\/110297"}],"collection":[{"href":"https:\/\/www.mvtpaix.org\/wordpress\/wp-json\/wp\/v2\/pages"}],"about":[{"href":"https:\/\/www.mvtpaix.org\/wordpress\/wp-json\/wp\/v2\/types\/page"}],"author":[{"embeddable":true,"href":"https:\/\/www.mvtpaix.org\/wordpress\/wp-json\/wp\/v2\/users\/1"}],"replies":[{"embeddable":true,"href":"https:\/\/www.mvtpaix.org\/wordpress\/wp-json\/wp\/v2\/comments?post=110297"}],"version-history":[{"count":2,"href":"https:\/\/www.mvtpaix.org\/wordpress\/wp-json\/wp\/v2\/pages\/110297\/revisions"}],"predecessor-version":[{"id":110300,"href":"https:\/\/www.mvtpaix.org\/wordpress\/wp-json\/wp\/v2\/pages\/110297\/revisions\/110300"}],"wp:attachment":[{"href":"https:\/\/www.mvtpaix.org\/wordpress\/wp-json\/wp\/v2\/media?parent=110297"}],"wp:term":[{"taxonomy":"category","embeddable":true,"href":"https:\/\/www.mvtpaix.org\/wordpress\/wp-json\/wp\/v2\/categories?post=110297"},{"taxonomy":"post_tag","embeddable":true,"href":"https:\/\/www.mvtpaix.org\/wordpress\/wp-json\/wp\/v2\/tags?post=110297"}],"curies":[{"name":"wp","href":"https:\/\/api.w.org\/{rel}","templated":true}]}}

CR de la commémoration du 6-9 Août 1945 à Bordeaux-Lac

<h3><strong>Appel des cent de Gironde</strong></h3>
<p><div style="display:block">
<!-- FlowPaper PDF flipbook plugin v.2.0.6 wordpress.org/plugins/flowpaper/ -->
<iframe title="FlowPaper flipbook pdf viewer" width="100%" height="700" scrolling="no" class="flowpaper-class" frameborder="0" allowFullScreen="true" lightbox="false" cover id src = "https://flowpaper.com/flipbook/?pdf=https://www.mvtpaix.org/wordpress/wp-content/uploads/2018/09/Appel-des-Cent-CR-commemoration-06-09-08-1945-à-Bordeaux-2018.pdf?wp-hosted=1&title=&header=Appel%20des%20cent%20de%20Gironde&theme=&singlepage=&thumbs=1&modified=180906217" seamless="seamless" style="margin-bottom:0;display:block;">Your browser does not seem to support iframes. <a href="https://flowpaper.com/flipbook/?pdf=https://www.mvtpaix.org/wordpress/wp-content/uploads/2018/09/Appel-des-Cent-CR-commemoration-06-09-08-1945-à-Bordeaux-2018.pdf?wp-hosted=1" target="_blank">Click here to read this PDF</a>.</iframe>
<div id="flowpaper-logo-bottom" class="flowpaper-logo-bg" style="background:linear-gradient(to right, rgba(0,0,0,0.65) 0%,rgba(0,0,0,0) 200px);width:100%;height:19px; padding-bottom: 1px; padding-left: 5px; padding-right: 10px; display: flex; align-items: center;z-index:9999"><span style="height: 37px; padding-left: 6px;width:90%"> <a id="flowpaper-link" style="fill: #fff" alt="FlowPaper logotype" title="FlowPaper logotype" href="https://flowpaper.com" target="_blank"> <img alt="Publish PDF flipbooks online" style="height:17px;width:auto;margin-top:11px;" src="https://www.mvtpaix.org/wordpress/wp-content/plugins/flowpaper-lite-pdf-flipbook/assets/flowpaper-logo.png" border="0"> </a> </span><span style=" float: right; right: 0; font-size: 10px; white-space: nowrap; opacity:0.8"><a href="https://flowpaper.com/flipbook-maker/" target="_new" style="text-decoration:none;border-bottom:none;">Created using FlowPaper Flipbook Maker &#8599;</a></span></div></div>
                <script>
                document.addEventListener("DOMContentLoaded", function(){
                    var target_element, iframe_element;
                    iframe_element = document.querySelector("iframe.flowpaper-class");
                    target_element = document.querySelector("");
                    iframe_element.style.height = target_element.offsetHeight + "px";
                });
                </script>
            </p>
<p>&nbsp;</p>
<a class="synved-social-button synved-social-button-share synved-social-size-32 synved-social-resolution-single synved-social-provider-facebook nolightbox" data-provider="facebook" target="_blank" rel="nofollow" title="Partagez cette page sur Facebook" href="https://www.facebook.com/sharer.php?u=https%3A%2F%2Fwww.mvtpaix.org%2Fwordpress%2Fwp-json%2Fwp%2Fv2%2Fpages%2F110297&#038;t=CR%20de%20la%20comm%C3%A9moration%20du%206-9%20Ao%C3%BBt%201945%20%C3%A0%20Bordeaux-Lac&#038;s=100&#038;p&#091;url&#093;=https%3A%2F%2Fwww.mvtpaix.org%2Fwordpress%2Fwp-json%2Fwp%2Fv2%2Fpages%2F110297&#038;p&#091;images&#093;&#091;0&#093;=&#038;p&#091;title&#093;=CR%20de%20la%20comm%C3%A9moration%20du%206-9%20Ao%C3%BBt%201945%20%C3%A0%20Bordeaux-Lac" style="font-size: 0px; width:32px;height:32px;margin:0;margin-bottom:5px;margin-right:5px;"><img alt="Facebook" title="Partagez cette page sur Facebook" class="synved-share-image synved-social-image synved-social-image-share" width="32" height="32" style="display: inline; width:32px;height:32px; margin: 0; padding: 0; border: none; box-shadow: none;" src="https://www.mvtpaix.org/wordpress/wp-content/plugins/social-media-feather/synved-social/image/social/regular/64x64/facebook.png" /></a><a class="synved-social-button synved-social-button-share synved-social-size-32 synved-social-resolution-single synved-social-provider-twitter nolightbox" data-provider="twitter" target="_blank" rel="nofollow" title="Partagez cette page sur Twitter" href="https://twitter.com/intent/tweet?url=https%3A%2F%2Fwww.mvtpaix.org%2Fwordpress%2Fwp-json%2Fwp%2Fv2%2Fpages%2F110297&#038;text=Suivez%20le%20Mouvement%20de%20la%20Paix%20" style="font-size: 0px; width:32px;height:32px;margin:0;margin-bottom:5px;margin-right:5px;"><img alt="twitter" title="Partagez cette page sur Twitter" class="synved-share-image synved-social-image synved-social-image-share" width="32" height="32" style="display: inline; width:32px;height:32px; margin: 0; padding: 0; border: none; box-shadow: none;" src="https://www.mvtpaix.org/wordpress/wp-content/plugins/social-media-feather/synved-social/image/social/regular/64x64/twitter.png" /></a><a class="synved-social-button synved-social-button-share synved-social-size-32 synved-social-resolution-single synved-social-provider-mail nolightbox" data-provider="mail" rel="nofollow" title="Partagez-nous par email" href="mailto:?subject=CR%20de%20la%20comm%C3%A9moration%20du%206-9%20Ao%C3%BBt%201945%20%C3%A0%20Bordeaux-Lac&#038;body=Suivez%20le%20Mouvement%20de%20la%20Paix%20:%20https%3A%2F%2Fwww.mvtpaix.org%2Fwordpress%2Fwp-json%2Fwp%2Fv2%2Fpages%2F110297" style="font-size: 0px; width:32px;height:32px;margin:0;margin-bottom:5px;"><img alt="mail" title="Partagez-nous par email" class="synved-share-image synved-social-image synved-social-image-share" width="32" height="32" style="display: inline; width:32px;height:32px; margin: 0; padding: 0; border: none; box-shadow: none;" src="https://www.mvtpaix.org/wordpress/wp-content/plugins/social-media-feather/synved-social/image/social/regular/64x64/mail.png" /></a>
