{"id":109619,"date":"2018-05-23T16:41:45","date_gmt":"2018-05-23T14:41:45","guid":{"rendered":"http:\/\/www.mvtpaix.org\/wordpress\/?page_id=109619"},"modified":"2018-05-23T16:47:37","modified_gmt":"2018-05-23T14:47:37","slug":"le-mouvement-de-la-paix-et-la-maree-populaire-du-26-mai","status":"publish","type":"page","link":"https:\/\/www.mvtpaix.org\/wordpress\/le-mouvement-de-la-paix-et-la-maree-populaire-du-26-mai\/","title":{"rendered":"Le Mouvement de la Paix et la mar\u00e9e populaire du 26 mai"},"content":{"rendered":"<p style=\"text-align: justify;\">Le 26 mai, un grand nombre d\u2019organisations syndicales, d\u2019associations et de partis politiques, dans une grande diversit\u00e9, manifesteront contre des atteintes graves aux fondements d\u2019une soci\u00e9t\u00e9 libre, d\u00e9mocratique et populaire.<\/p>\n<p> Dans l\u2019appel commun est exprim\u00e9e clairement la volont\u00e9 de construire une <em>\u00ab soci\u00e9t\u00e9 plus juste, plus solidaire, plus d\u00e9mocratique, plus \u00e9galitaire \u00bb<\/em> qui refuse une <em>\u00ab politique militariste au niveau international \u00bb<\/em>. Le Mouvement de la Paix a donc toute sa place dans cette mar\u00e9e populaire d\u2019autant plus qu\u2019il n\u2019y aura jamais de politique sociale dans un monde de guerre et que les conditions d\u2019un monde de paix sont d\u00e9lib\u00e9r\u00e9ment occult\u00e9es.<\/p>\n<p> L\u2019OIT (Organisation Internationale du Travail) elle-m\u00eame, dans son pr\u00e9ambule, affirme qu\u2019 <em>\u00ab une paix universelle et durable ne peut \u00eatre fond\u00e9e que sur la base de la justice sociale \u00bb.<\/em><\/p>\n<p> Le Mouvement de la Paix, dans le respect des champs d\u2019interventions de chacun, participera au rassemblement de toutes les forces sociales, syndicales, associatives, politiques, pour construire et r\u00e9ussir ensemble un grand rendez-vous citoyen, aider \u00e0 l\u2019\u00e9radication de la culture de guerre dont sont victimes les peuples et l\u2019\u00e9laboration de la culture de paix dont le monde a besoin pour sa survie et son avenir.<\/p>\n<p style=\"text-align: right;\"><em>Le 23 mai 2018<\/em><\/p>\n<p style=\"text-align: right;\"><em>Le Mouvement de la Paix<\/em><\/p>\n<p style=\"text-align: center;\"><a href=\"https:\/\/www.mvtpaix.org\/wordpress\/wp-content\/uploads\/2018\/05\/Banderole-5m-x-1m_solidarite-juste-solidaire-mai-2018-1200.jpg\"><img loading=\"lazy\" class=\"aligncenter wp-image-109618 size-large\" src=\"https:\/\/www.mvtpaix.org\/wordpress\/wp-content\/uploads\/2018\/05\/Banderole-5m-x-1m_solidarite-juste-solidaire-mai-2018-1200-1024x205.jpg\" alt=\"\" width=\"640\" height=\"128\" srcset=\"https:\/\/www.mvtpaix.org\/wordpress\/wp-content\/uploads\/2018\/05\/Banderole-5m-x-1m_solidarite-juste-solidaire-mai-2018-1200-1024x205.jpg 1024w, https:\/\/www.mvtpaix.org\/wordpress\/wp-content\/uploads\/2018\/05\/Banderole-5m-x-1m_solidarite-juste-solidaire-mai-2018-1200-300x60.jpg 300w, https:\/\/www.mvtpaix.org\/wordpress\/wp-content\/uploads\/2018\/05\/Banderole-5m-x-1m_solidarite-juste-solidaire-mai-2018-1200-768x154.jpg 768w, https:\/\/www.mvtpaix.org\/wordpress\/wp-content\/uploads\/2018\/05\/Banderole-5m-x-1m_solidarite-juste-solidaire-mai-2018-1200.jpg 1200w\" sizes=\"(max-width: 640px) 100vw, 640px\" \/><\/a><\/p>\n<p>&nbsp;<\/p>\n<p>* Site de l\u2019\u00e9v\u00e8nement \u00ab\u00a0mar\u00e9e populaire\u00a0le 26 mai\u00a0! \u00bb avec l\u2019appel soutenu par plusieurs organisations\u00a0dont Le Mouvement de la Paix : <strong><a href=\"http:\/\/mareepopulaire.fr\" target=\"_blank\" rel=\"noopener\">mareepopulaire.fr<\/a><\/strong><\/p>\n<p>&nbsp;<\/p>\n<h3 style=\"text-align: center;\"><a href=\"https:\/\/www.mvtpaix.org\/wordpress\/wp-content\/uploads\/2018\/05\/Mar\u00e9e-populaire-26-mai-2018.pdf\"><strong>T\u00e9l\u00e9charger ce communiqu\u00e9 en PDF<\/strong><\/a><\/h3>\n<a class=\"synved-social-button synved-social-button-share synved-social-size-32 synved-social-resolution-single synved-social-provider-facebook nolightbox\" data-provider=\"facebook\" target=\"_blank\" rel=\"nofollow\" title=\"Partagez cette page sur Facebook\" href=\"https:\/\/www.facebook.com\/sharer.php?u=https%3A%2F%2Fwww.mvtpaix.org%2Fwordpress%2Fwp-json%2Fwp%2Fv2%2Fpages%2F109619&#038;t=Le%20Mouvement%20de%20la%20Paix%20et%20la%20mar%C3%A9e%20populaire%20du%2026%20mai&#038;s=100&#038;p&#091;url&#093;=https%3A%2F%2Fwww.mvtpaix.org%2Fwordpress%2Fwp-json%2Fwp%2Fv2%2Fpages%2F109619&#038;p&#091;images&#093;&#091;0&#093;=https%3A%2F%2Fwww.mvtpaix.org%2Fwordpress%2Fwp-content%2Fuploads%2F2018%2F05%2FBanderole-5m-x-1m_solidarite-juste-solidaire-mai-2018-1200-1024x205.jpg&#038;p&#091;title&#093;=Le%20Mouvement%20de%20la%20Paix%20et%20la%20mar%C3%A9e%20populaire%20du%2026%20mai\" style=\"font-size: 0px; width:32px;height:32px;margin:0;margin-bottom:5px;margin-right:5px;\"><img alt=\"Facebook\" title=\"Partagez cette page sur Facebook\" class=\"synved-share-image synved-social-image synved-social-image-share\" width=\"32\" height=\"32\" style=\"display: inline; width:32px;height:32px; margin: 0; padding: 0; border: none; box-shadow: none;\" src=\"https:\/\/www.mvtpaix.org\/wordpress\/wp-content\/plugins\/social-media-feather\/synved-social\/image\/social\/regular\/64x64\/facebook.png\" \/><\/a><a class=\"synved-social-button synved-social-button-share synved-social-size-32 synved-social-resolution-single synved-social-provider-twitter nolightbox\" data-provider=\"twitter\" target=\"_blank\" rel=\"nofollow\" title=\"Partagez cette page sur Twitter\" href=\"https:\/\/twitter.com\/intent\/tweet?url=https%3A%2F%2Fwww.mvtpaix.org%2Fwordpress%2Fwp-json%2Fwp%2Fv2%2Fpages%2F109619&#038;text=Suivez%20le%20Mouvement%20de%20la%20Paix%20\" style=\"font-size: 0px; width:32px;height:32px;margin:0;margin-bottom:5px;margin-right:5px;\"><img alt=\"twitter\" title=\"Partagez cette page sur Twitter\" class=\"synved-share-image synved-social-image synved-social-image-share\" width=\"32\" height=\"32\" style=\"display: inline; width:32px;height:32px; margin: 0; padding: 0; border: none; box-shadow: none;\" src=\"https:\/\/www.mvtpaix.org\/wordpress\/wp-content\/plugins\/social-media-feather\/synved-social\/image\/social\/regular\/64x64\/twitter.png\" \/><\/a><a class=\"synved-social-button synved-social-button-share synved-social-size-32 synved-social-resolution-single synved-social-provider-mail nolightbox\" data-provider=\"mail\" rel=\"nofollow\" title=\"Partagez-nous par email\" href=\"mailto:?subject=Le%20Mouvement%20de%20la%20Paix%20et%20la%20mar%C3%A9e%20populaire%20du%2026%20mai&#038;body=Suivez%20le%20Mouvement%20de%20la%20Paix%20:%20https%3A%2F%2Fwww.mvtpaix.org%2Fwordpress%2Fwp-json%2Fwp%2Fv2%2Fpages%2F109619\" style=\"font-size: 0px; width:32px;height:32px;margin:0;margin-bottom:5px;\"><img alt=\"mail\" title=\"Partagez-nous par email\" class=\"synved-share-image synved-social-image synved-social-image-share\" width=\"32\" height=\"32\" style=\"display: inline; width:32px;height:32px; margin: 0; padding: 0; border: none; box-shadow: none;\" src=\"https:\/\/www.mvtpaix.org\/wordpress\/wp-content\/plugins\/social-media-feather\/synved-social\/image\/social\/regular\/64x64\/mail.png\" \/><\/a>","protected":false},"excerpt":{"rendered":"<p>Le 26 mai, un grand nombre d\u2019organisations syndicales, d\u2019associations et de partis politiques, dans une grande diversit\u00e9, manifesteront contre des atteintes graves aux fondements d\u2019une soci\u00e9t\u00e9 libre, d\u00e9mocratique et populaire. Dans l\u2019appel commun est exprim\u00e9e clairement la volont\u00e9 de construire une \u00ab soci\u00e9t\u00e9 plus juste, plus solidaire, plus d\u00e9mocratique, plus \u00e9galitaire \u00bb qui refuse une [&hellip;]<\/p>\n","protected":false},"author":1,"featured_media":0,"parent":0,"menu_order":0,"comment_status":"open","ping_status":"open","template":"","meta":[],"categories":[3],"tags":[246,846],"_links":{"self":[{"href":"https:\/\/www.mvtpaix.org\/wordpress\/wp-json\/wp\/v2\/pages\/109619"}],"collection":[{"href":"https:\/\/www.mvtpaix.org\/wordpress\/wp-json\/wp\/v2\/pages"}],"about":[{"href":"https:\/\/www.mvtpaix.org\/wordpress\/wp-json\/wp\/v2\/types\/page"}],"author":[{"embeddable":true,"href":"https:\/\/www.mvtpaix.org\/wordpress\/wp-json\/wp\/v2\/users\/1"}],"replies":[{"embeddable":true,"href":"https:\/\/www.mvtpaix.org\/wordpress\/wp-json\/wp\/v2\/comments?post=109619"}],"version-history":[{"count":2,"href":"https:\/\/www.mvtpaix.org\/wordpress\/wp-json\/wp\/v2\/pages\/109619\/revisions"}],"predecessor-version":[{"id":109623,"href":"https:\/\/www.mvtpaix.org\/wordpress\/wp-json\/wp\/v2\/pages\/109619\/revisions\/109623"}],"wp:attachment":[{"href":"https:\/\/www.mvtpaix.org\/wordpress\/wp-json\/wp\/v2\/media?parent=109619"}],"wp:term":[{"taxonomy":"category","embeddable":true,"href":"https:\/\/www.mvtpaix.org\/wordpress\/wp-json\/wp\/v2\/categories?post=109619"},{"taxonomy":"post_tag","embeddable":true,"href":"https:\/\/www.mvtpaix.org\/wordpress\/wp-json\/wp\/v2\/tags?post=109619"}],"curies":[{"name":"wp","href":"https:\/\/api.w.org\/{rel}","templated":true}]}}

Le Mouvement de la Paix et la marée populaire du 26 mai

<p style="text-align: justify;">Le 26 mai, un grand nombre d’organisations syndicales, d’associations et de partis politiques, dans une grande diversité, manifesteront contre des atteintes graves aux fondements d’une société libre, démocratique et populaire.</p>
<p> Dans l’appel commun est exprimée clairement la volonté de construire une <em>« société plus juste, plus solidaire, plus démocratique, plus égalitaire »</em> qui refuse une <em>« politique militariste au niveau international »</em>. Le Mouvement de la Paix a donc toute sa place dans cette marée populaire d’autant plus qu’il n’y aura jamais de politique sociale dans un monde de guerre et que les conditions d’un monde de paix sont délibérément occultées.</p>
<p> L’OIT (Organisation Internationale du Travail) elle-même, dans son préambule, affirme qu’ <em>« une paix universelle et durable ne peut être fondée que sur la base de la justice sociale ».</em></p>
<p> Le Mouvement de la Paix, dans le respect des champs d’interventions de chacun, participera au rassemblement de toutes les forces sociales, syndicales, associatives, politiques, pour construire et réussir ensemble un grand rendez-vous citoyen, aider à l’éradication de la culture de guerre dont sont victimes les peuples et l’élaboration de la culture de paix dont le monde a besoin pour sa survie et son avenir.</p>
<p style="text-align: right;"><em>Le 23 mai 2018</em></p>
<p style="text-align: right;"><em>Le Mouvement de la Paix</em></p>
<p style="text-align: center;"><a href="https://www.mvtpaix.org/wordpress/wp-content/uploads/2018/05/Banderole-5m-x-1m_solidarite-juste-solidaire-mai-2018-1200.jpg"><img loading="lazy" class="aligncenter wp-image-109618 size-large" src="https://www.mvtpaix.org/wordpress/wp-content/uploads/2018/05/Banderole-5m-x-1m_solidarite-juste-solidaire-mai-2018-1200-1024x205.jpg" alt="" width="640" height="128" srcset="https://www.mvtpaix.org/wordpress/wp-content/uploads/2018/05/Banderole-5m-x-1m_solidarite-juste-solidaire-mai-2018-1200-1024x205.jpg 1024w, https://www.mvtpaix.org/wordpress/wp-content/uploads/2018/05/Banderole-5m-x-1m_solidarite-juste-solidaire-mai-2018-1200-300x60.jpg 300w, https://www.mvtpaix.org/wordpress/wp-content/uploads/2018/05/Banderole-5m-x-1m_solidarite-juste-solidaire-mai-2018-1200-768x154.jpg 768w, https://www.mvtpaix.org/wordpress/wp-content/uploads/2018/05/Banderole-5m-x-1m_solidarite-juste-solidaire-mai-2018-1200.jpg 1200w" sizes="(max-width: 640px) 100vw, 640px" /></a></p>
<p>&nbsp;</p>
<p>* Site de l’évènement « marée populaire le 26 mai ! » avec l’appel soutenu par plusieurs organisations dont Le Mouvement de la Paix : <strong><a href="http://mareepopulaire.fr" target="_blank" rel="noopener">mareepopulaire.fr</a></strong></p>
<p>&nbsp;</p>
<h3 style="text-align: center;"><a href="https://www.mvtpaix.org/wordpress/wp-content/uploads/2018/05/Marée-populaire-26-mai-2018.pdf"><strong>Télécharger ce communiqué en PDF</strong></a></h3>
<a class="synved-social-button synved-social-button-share synved-social-size-32 synved-social-resolution-single synved-social-provider-facebook nolightbox" data-provider="facebook" target="_blank" rel="nofollow" title="Partagez cette page sur Facebook" href="https://www.facebook.com/sharer.php?u=https%3A%2F%2Fwww.mvtpaix.org%2Fwordpress%2Fwp-json%2Fwp%2Fv2%2Fpages%2F109619&#038;t=Le%20Mouvement%20de%20la%20Paix%20et%20la%20mar%C3%A9e%20populaire%20du%2026%20mai&#038;s=100&#038;p&#091;url&#093;=https%3A%2F%2Fwww.mvtpaix.org%2Fwordpress%2Fwp-json%2Fwp%2Fv2%2Fpages%2F109619&#038;p&#091;images&#093;&#091;0&#093;=https%3A%2F%2Fwww.mvtpaix.org%2Fwordpress%2Fwp-content%2Fuploads%2F2018%2F05%2FBanderole-5m-x-1m_solidarite-juste-solidaire-mai-2018-1200-1024x205.jpg&#038;p&#091;title&#093;=Le%20Mouvement%20de%20la%20Paix%20et%20la%20mar%C3%A9e%20populaire%20du%2026%20mai" style="font-size: 0px; width:32px;height:32px;margin:0;margin-bottom:5px;margin-right:5px;"><img alt="Facebook" title="Partagez cette page sur Facebook" class="synved-share-image synved-social-image synved-social-image-share" width="32" height="32" style="display: inline; width:32px;height:32px; margin: 0; padding: 0; border: none; box-shadow: none;" src="https://www.mvtpaix.org/wordpress/wp-content/plugins/social-media-feather/synved-social/image/social/regular/64x64/facebook.png" /></a><a class="synved-social-button synved-social-button-share synved-social-size-32 synved-social-resolution-single synved-social-provider-twitter nolightbox" data-provider="twitter" target="_blank" rel="nofollow" title="Partagez cette page sur Twitter" href="https://twitter.com/intent/tweet?url=https%3A%2F%2Fwww.mvtpaix.org%2Fwordpress%2Fwp-json%2Fwp%2Fv2%2Fpages%2F109619&#038;text=Suivez%20le%20Mouvement%20de%20la%20Paix%20" style="font-size: 0px; width:32px;height:32px;margin:0;margin-bottom:5px;margin-right:5px;"><img alt="twitter" title="Partagez cette page sur Twitter" class="synved-share-image synved-social-image synved-social-image-share" width="32" height="32" style="display: inline; width:32px;height:32px; margin: 0; padding: 0; border: none; box-shadow: none;" src="https://www.mvtpaix.org/wordpress/wp-content/plugins/social-media-feather/synved-social/image/social/regular/64x64/twitter.png" /></a><a class="synved-social-button synved-social-button-share synved-social-size-32 synved-social-resolution-single synved-social-provider-mail nolightbox" data-provider="mail" rel="nofollow" title="Partagez-nous par email" href="mailto:?subject=Le%20Mouvement%20de%20la%20Paix%20et%20la%20mar%C3%A9e%20populaire%20du%2026%20mai&#038;body=Suivez%20le%20Mouvement%20de%20la%20Paix%20:%20https%3A%2F%2Fwww.mvtpaix.org%2Fwordpress%2Fwp-json%2Fwp%2Fv2%2Fpages%2F109619" style="font-size: 0px; width:32px;height:32px;margin:0;margin-bottom:5px;"><img alt="mail" title="Partagez-nous par email" class="synved-share-image synved-social-image synved-social-image-share" width="32" height="32" style="display: inline; width:32px;height:32px; margin: 0; padding: 0; border: none; box-shadow: none;" src="https://www.mvtpaix.org/wordpress/wp-content/plugins/social-media-feather/synved-social/image/social/regular/64x64/mail.png" /></a>

<p>Le 26 mai, un grand nombre d’organisations syndicales, d’associations et de partis politiques, dans une grande diversité, manifesteront contre des atteintes graves aux fondements d’une société libre, démocratique et populaire. Dans l’appel commun est exprimée clairement la volonté de construire une « société plus juste, plus solidaire, plus démocratique, plus égalitaire » qui refuse une [&hellip;]</p>
