{"id":108196,"date":"2017-11-10T13:22:47","date_gmt":"2017-11-10T12:22:47","guid":{"rendered":"http:\/\/www.mvtpaix.org\/wordpress\/?page_id=108196"},"modified":"2017-11-13T12:25:33","modified_gmt":"2017-11-13T11:25:33","slug":"monsieur-le-president-agissez-pour-la-liberation-immediate-de-salah-hamouri","status":"publish","type":"page","link":"https:\/\/www.mvtpaix.org\/wordpress\/monsieur-le-president-agissez-pour-la-liberation-immediate-de-salah-hamouri\/","title":{"rendered":"Monsieur le Pr\u00e9sident, agissez pour la lib\u00e9ration imm\u00e9diate de Salah Hamouri !"},"content":{"rendered":"<p>Monsieur le pr\u00e9sident de la R\u00e9publique,<\/p>\n<p style=\"text-align: justify;\"><a href=\"https:\/\/www.mvtpaix.org\/wordpress\/wp-content\/uploads\/2017\/11\/badge_hamouri.jpg\"><img loading=\"lazy\" class=\"alignright wp-image-108199 size-medium\" src=\"https:\/\/www.mvtpaix.org\/wordpress\/wp-content\/uploads\/2017\/11\/badge_hamouri-300x296.jpg\" alt=\"\" width=\"300\" height=\"296\" srcset=\"https:\/\/www.mvtpaix.org\/wordpress\/wp-content\/uploads\/2017\/11\/badge_hamouri-300x296.jpg 300w, https:\/\/www.mvtpaix.org\/wordpress\/wp-content\/uploads\/2017\/11\/badge_hamouri-768x757.jpg 768w, https:\/\/www.mvtpaix.org\/wordpress\/wp-content\/uploads\/2017\/11\/badge_hamouri-45x45.jpg 45w, https:\/\/www.mvtpaix.org\/wordpress\/wp-content\/uploads\/2017\/11\/badge_hamouri.jpg 940w\" sizes=\"(max-width: 300px) 100vw, 300px\" \/><\/a>Salah Hamouri, avocat franco-palestinien\u00a0a \u00e9t\u00e9 arr\u00eat\u00e9 par les autorit\u00e9s isra\u00e9liennes le 23 ao\u00fbt. Il en est \u00e0 plus de 70 jours de d\u00e9tention sous le statut de d\u00e9tention administrative, sans jugement, sans que les motifs d&#8217;accusation lui soient communiqu\u00e9s.\u00a0<\/p>\n<p style=\"text-align: justify;\">Actuellement, tous les recours judiciaires sont\u00a0 \u00e9puis\u00e9s. Salah Hamouri est condamn\u00e9 \u00e0 6 mois de prison renouvelables. Il a d\u00e9j\u00e0 fait 7 ans de prison et est victime d&#8217;un acharnement inique.<\/p>\n<p style=\"text-align: justify;\">Lors de l&#8217;entretien que sa femme Elsa et des membres\u00a0 de son comit\u00e9 de soutien ont eu avec la cellule diplomatique de l&#8217;\u00c9lys\u00e9e, vos services ont rappel\u00e9 que Salah b\u00e9n\u00e9ficie de la protection consulaire, comme tout citoyen fran\u00e7ais. De plus, l&#8217;\u00c9lys\u00e9e s&#8217;est engag\u00e9e \u00e0 exiger sa lib\u00e9ration aupr\u00e8s du gouvernement isra\u00e9lien.<\/p>\n<p style=\"text-align: justify;\"><strong>Le Mouvement de la Paix, r\u00e9uni en Congr\u00e8s national les 3 et 4 novembre derniers, vous demande instamment de tout mettre en \u0153uvre pour obtenir du gouvernement isra\u00e9lien la lib\u00e9ration imm\u00e9diate de notre concitoyen. <\/strong><\/p>\n<p style=\"text-align: justify;\"><strong>Nous vous demandons de nous tenir inform\u00e9s des d\u00e9marches effectu\u00e9es par le gouvernement fran\u00e7ais.<\/strong><\/p>\n<p style=\"text-align: justify;\">Dans l&#8217;attente de votre r\u00e9ponse, nous\u00a0 vous remercions par avance et vous prions de recevoir, Monsieur le pr\u00e9sident de la R\u00e9publique, l&#8217;expression de notre haute consid\u00e9ration.<\/p>\n<p style=\"text-align: right;\">Saint-Ouen, le 9 novembre 2017<br \/>\n Le Mouvement de la Paix<\/p>\n<p>&nbsp;<\/p>\n<p style=\"text-align: right;\">Copie :<br \/>\n Minist\u00e8re de l\u2019Europe et des Affaires \u00e9trang\u00e8res<br \/>\n Consulat de France en Isra\u00ebl <br \/>\n Consulat de France \u00e0 J\u00e9rusalem <br \/>\n Ambassade d&#8217;Isra\u00ebl en France<\/p>\n<h3>\u00a0<\/h3>\n<p style=\"padding-left: 30px;\"><strong>Sachez que vous pouvez exp\u00e9dier cette lettre gratuitement &#8211; les envois \u00e0 l\u2019\u00c9lys\u00e9e n&#8217;impliquent pas d&#8217;affranchissement en dessous de 20g &#8211; et\/ou que vous pouvez aussi utiliser le format <a href=\"http:\/\/www.elysee.fr\/ecrire-au-president-de-la-republique\" target=\"_blank\" rel=\"noopener\">&#8220;courrier num\u00e9rique \u00e0 l\u2019\u00c9lys\u00e9e&#8221; en cliquant ici<\/a>.<\/strong><\/p>\n<p style=\"padding-left: 30px;\"><strong>Adresse postale (envoi gratuit) : <\/strong><br \/>\n <strong> Monsieur le Pr\u00e9sident de la R\u00e9publique<\/strong><br \/>\n <strong> Palais de l\u2019\u00c9lys\u00e9e<\/strong><br \/>\n <strong> 55 rue du Faubourg Saint-Honor\u00e9 <\/strong><br \/>\n <strong> 75008 Paris<\/strong><\/p>\n<p>&nbsp;<\/p>\n<h3 style=\"text-align: center;\"><a href=\"https:\/\/www.mvtpaix.org\/wordpress\/wp-content\/uploads\/2017\/11\/Lettre-Pr\u00e9sident-Salah-Hamouri-Nov-2017.pdf\"><strong>T\u00e9l\u00e9charger la lettre pour la lib\u00e9ration de Salah Hamouri, en PDF<\/strong><\/a><\/h3>\n<a class=\"synved-social-button synved-social-button-share synved-social-size-32 synved-social-resolution-single synved-social-provider-facebook nolightbox\" data-provider=\"facebook\" target=\"_blank\" rel=\"nofollow\" title=\"Partagez cette page sur Facebook\" href=\"https:\/\/www.facebook.com\/sharer.php?u=https%3A%2F%2Fwww.mvtpaix.org%2Fwordpress%2Fwp-json%2Fwp%2Fv2%2Fpages%2F108196&#038;t=Monsieur%20le%20Pr%C3%A9sident%2C%20agissez%20pour%20la%20lib%C3%A9ration%20imm%C3%A9diate%20de%20Salah%20Hamouri%20%21&#038;s=100&#038;p&#091;url&#093;=https%3A%2F%2Fwww.mvtpaix.org%2Fwordpress%2Fwp-json%2Fwp%2Fv2%2Fpages%2F108196&#038;p&#091;images&#093;&#091;0&#093;=https%3A%2F%2Fwww.mvtpaix.org%2Fwordpress%2Fwp-content%2Fuploads%2F2017%2F11%2Fbadge_hamouri-300x296.jpg&#038;p&#091;title&#093;=Monsieur%20le%20Pr%C3%A9sident%2C%20agissez%20pour%20la%20lib%C3%A9ration%20imm%C3%A9diate%20de%20Salah%20Hamouri%20%21\" style=\"font-size: 0px; width:32px;height:32px;margin:0;margin-bottom:5px;margin-right:5px;\"><img alt=\"Facebook\" title=\"Partagez cette page sur Facebook\" class=\"synved-share-image synved-social-image synved-social-image-share\" width=\"32\" height=\"32\" style=\"display: inline; width:32px;height:32px; margin: 0; padding: 0; border: none; box-shadow: none;\" src=\"https:\/\/www.mvtpaix.org\/wordpress\/wp-content\/plugins\/social-media-feather\/synved-social\/image\/social\/regular\/64x64\/facebook.png\" \/><\/a><a class=\"synved-social-button synved-social-button-share synved-social-size-32 synved-social-resolution-single synved-social-provider-twitter nolightbox\" data-provider=\"twitter\" target=\"_blank\" rel=\"nofollow\" title=\"Partagez cette page sur Twitter\" href=\"https:\/\/twitter.com\/intent\/tweet?url=https%3A%2F%2Fwww.mvtpaix.org%2Fwordpress%2Fwp-json%2Fwp%2Fv2%2Fpages%2F108196&#038;text=Suivez%20le%20Mouvement%20de%20la%20Paix%20\" style=\"font-size: 0px; width:32px;height:32px;margin:0;margin-bottom:5px;margin-right:5px;\"><img alt=\"twitter\" title=\"Partagez cette page sur Twitter\" class=\"synved-share-image synved-social-image synved-social-image-share\" width=\"32\" height=\"32\" style=\"display: inline; width:32px;height:32px; margin: 0; padding: 0; border: none; box-shadow: none;\" src=\"https:\/\/www.mvtpaix.org\/wordpress\/wp-content\/plugins\/social-media-feather\/synved-social\/image\/social\/regular\/64x64\/twitter.png\" \/><\/a><a class=\"synved-social-button synved-social-button-share synved-social-size-32 synved-social-resolution-single synved-social-provider-mail nolightbox\" data-provider=\"mail\" rel=\"nofollow\" title=\"Partagez-nous par email\" href=\"mailto:?subject=Monsieur%20le%20Pr%C3%A9sident%2C%20agissez%20pour%20la%20lib%C3%A9ration%20imm%C3%A9diate%20de%20Salah%20Hamouri%20%21&#038;body=Suivez%20le%20Mouvement%20de%20la%20Paix%20:%20https%3A%2F%2Fwww.mvtpaix.org%2Fwordpress%2Fwp-json%2Fwp%2Fv2%2Fpages%2F108196\" style=\"font-size: 0px; width:32px;height:32px;margin:0;margin-bottom:5px;\"><img alt=\"mail\" title=\"Partagez-nous par email\" class=\"synved-share-image synved-social-image synved-social-image-share\" width=\"32\" height=\"32\" style=\"display: inline; width:32px;height:32px; margin: 0; padding: 0; border: none; box-shadow: none;\" src=\"https:\/\/www.mvtpaix.org\/wordpress\/wp-content\/plugins\/social-media-feather\/synved-social\/image\/social\/regular\/64x64\/mail.png\" \/><\/a>","protected":false},"excerpt":{"rendered":"<p>Monsieur le pr\u00e9sident de la R\u00e9publique, Salah Hamouri, avocat franco-palestinien\u00a0a \u00e9t\u00e9 arr\u00eat\u00e9 par les autorit\u00e9s isra\u00e9liennes le 23 ao\u00fbt. Il en est \u00e0 plus de 70 jours de d\u00e9tention sous le statut de d\u00e9tention administrative, sans jugement, sans que les motifs d&#8217;accusation lui soient communiqu\u00e9s.\u00a0 Actuellement, tous les recours judiciaires sont\u00a0 \u00e9puis\u00e9s. Salah Hamouri est [&hellip;]<\/p>\n","protected":false},"author":1,"featured_media":0,"parent":0,"menu_order":0,"comment_status":"closed","ping_status":"closed","template":"page-full-width.php","meta":[],"categories":[156],"tags":[303,636,792],"_links":{"self":[{"href":"https:\/\/www.mvtpaix.org\/wordpress\/wp-json\/wp\/v2\/pages\/108196"}],"collection":[{"href":"https:\/\/www.mvtpaix.org\/wordpress\/wp-json\/wp\/v2\/pages"}],"about":[{"href":"https:\/\/www.mvtpaix.org\/wordpress\/wp-json\/wp\/v2\/types\/page"}],"author":[{"embeddable":true,"href":"https:\/\/www.mvtpaix.org\/wordpress\/wp-json\/wp\/v2\/users\/1"}],"replies":[{"embeddable":true,"href":"https:\/\/www.mvtpaix.org\/wordpress\/wp-json\/wp\/v2\/comments?post=108196"}],"version-history":[{"count":7,"href":"https:\/\/www.mvtpaix.org\/wordpress\/wp-json\/wp\/v2\/pages\/108196\/revisions"}],"predecessor-version":[{"id":108415,"href":"https:\/\/www.mvtpaix.org\/wordpress\/wp-json\/wp\/v2\/pages\/108196\/revisions\/108415"}],"wp:attachment":[{"href":"https:\/\/www.mvtpaix.org\/wordpress\/wp-json\/wp\/v2\/media?parent=108196"}],"wp:term":[{"taxonomy":"category","embeddable":true,"href":"https:\/\/www.mvtpaix.org\/wordpress\/wp-json\/wp\/v2\/categories?post=108196"},{"taxonomy":"post_tag","embeddable":true,"href":"https:\/\/www.mvtpaix.org\/wordpress\/wp-json\/wp\/v2\/tags?post=108196"}],"curies":[{"name":"wp","href":"https:\/\/api.w.org\/{rel}","templated":true}]}}

Monsieur le Président, agissez pour la libération immédiate de Salah Hamouri !

<p>Monsieur le président de la République,</p>
<p style="text-align: justify;"><a href="https://www.mvtpaix.org/wordpress/wp-content/uploads/2017/11/badge_hamouri.jpg"><img loading="lazy" class="alignright wp-image-108199 size-medium" src="https://www.mvtpaix.org/wordpress/wp-content/uploads/2017/11/badge_hamouri-300x296.jpg" alt="" width="300" height="296" srcset="https://www.mvtpaix.org/wordpress/wp-content/uploads/2017/11/badge_hamouri-300x296.jpg 300w, https://www.mvtpaix.org/wordpress/wp-content/uploads/2017/11/badge_hamouri-768x757.jpg 768w, https://www.mvtpaix.org/wordpress/wp-content/uploads/2017/11/badge_hamouri-45x45.jpg 45w, https://www.mvtpaix.org/wordpress/wp-content/uploads/2017/11/badge_hamouri.jpg 940w" sizes="(max-width: 300px) 100vw, 300px" /></a>Salah Hamouri, avocat franco-palestinien a été arrêté par les autorités israéliennes le 23 août. Il en est à plus de 70 jours de détention sous le statut de détention administrative, sans jugement, sans que les motifs d&#8217;accusation lui soient communiqués. </p>
<p style="text-align: justify;">Actuellement, tous les recours judiciaires sont  épuisés. Salah Hamouri est condamné à 6 mois de prison renouvelables. Il a déjà fait 7 ans de prison et est victime d&#8217;un acharnement inique.</p>
<p style="text-align: justify;">Lors de l&#8217;entretien que sa femme Elsa et des membres  de son comité de soutien ont eu avec la cellule diplomatique de l&#8217;Élysée, vos services ont rappelé que Salah bénéficie de la protection consulaire, comme tout citoyen français. De plus, l&#8217;Élysée s&#8217;est engagée à exiger sa libération auprès du gouvernement israélien.</p>
<p style="text-align: justify;"><strong>Le Mouvement de la Paix, réuni en Congrès national les 3 et 4 novembre derniers, vous demande instamment de tout mettre en œuvre pour obtenir du gouvernement israélien la libération immédiate de notre concitoyen. </strong></p>
<p style="text-align: justify;"><strong>Nous vous demandons de nous tenir informés des démarches effectuées par le gouvernement français.</strong></p>
<p style="text-align: justify;">Dans l&#8217;attente de votre réponse, nous  vous remercions par avance et vous prions de recevoir, Monsieur le président de la République, l&#8217;expression de notre haute considération.</p>
<p style="text-align: right;">Saint-Ouen, le 9 novembre 2017<br />
 Le Mouvement de la Paix</p>
<p>&nbsp;</p>
<p style="text-align: right;">Copie :<br />
 Ministère de l’Europe et des Affaires étrangères<br />
 Consulat de France en Israël <br />
 Consulat de France à Jérusalem <br />
 Ambassade d&#8217;Israël en France</p>
<h3> </h3>
<p style="padding-left: 30px;"><strong>Sachez que vous pouvez expédier cette lettre gratuitement &#8211; les envois à l’Élysée n&#8217;impliquent pas d&#8217;affranchissement en dessous de 20g &#8211; et/ou que vous pouvez aussi utiliser le format <a href="http://www.elysee.fr/ecrire-au-president-de-la-republique" target="_blank" rel="noopener">&#8220;courrier numérique à l’Élysée&#8221; en cliquant ici</a>.</strong></p>
<p style="padding-left: 30px;"><strong>Adresse postale (envoi gratuit) : </strong><br />
 <strong> Monsieur le Président de la République</strong><br />
 <strong> Palais de l’Élysée</strong><br />
 <strong> 55 rue du Faubourg Saint-Honoré </strong><br />
 <strong> 75008 Paris</strong></p>
<p>&nbsp;</p>
<h3 style="text-align: center;"><a href="https://www.mvtpaix.org/wordpress/wp-content/uploads/2017/11/Lettre-Président-Salah-Hamouri-Nov-2017.pdf"><strong>Télécharger la lettre pour la libération de Salah Hamouri, en PDF</strong></a></h3>
<a class="synved-social-button synved-social-button-share synved-social-size-32 synved-social-resolution-single synved-social-provider-facebook nolightbox" data-provider="facebook" target="_blank" rel="nofollow" title="Partagez cette page sur Facebook" href="https://www.facebook.com/sharer.php?u=https%3A%2F%2Fwww.mvtpaix.org%2Fwordpress%2Fwp-json%2Fwp%2Fv2%2Fpages%2F108196&#038;t=Monsieur%20le%20Pr%C3%A9sident%2C%20agissez%20pour%20la%20lib%C3%A9ration%20imm%C3%A9diate%20de%20Salah%20Hamouri%20%21&#038;s=100&#038;p&#091;url&#093;=https%3A%2F%2Fwww.mvtpaix.org%2Fwordpress%2Fwp-json%2Fwp%2Fv2%2Fpages%2F108196&#038;p&#091;images&#093;&#091;0&#093;=https%3A%2F%2Fwww.mvtpaix.org%2Fwordpress%2Fwp-content%2Fuploads%2F2017%2F11%2Fbadge_hamouri-300x296.jpg&#038;p&#091;title&#093;=Monsieur%20le%20Pr%C3%A9sident%2C%20agissez%20pour%20la%20lib%C3%A9ration%20imm%C3%A9diate%20de%20Salah%20Hamouri%20%21" style="font-size: 0px; width:32px;height:32px;margin:0;margin-bottom:5px;margin-right:5px;"><img alt="Facebook" title="Partagez cette page sur Facebook" class="synved-share-image synved-social-image synved-social-image-share" width="32" height="32" style="display: inline; width:32px;height:32px; margin: 0; padding: 0; border: none; box-shadow: none;" src="https://www.mvtpaix.org/wordpress/wp-content/plugins/social-media-feather/synved-social/image/social/regular/64x64/facebook.png" /></a><a class="synved-social-button synved-social-button-share synved-social-size-32 synved-social-resolution-single synved-social-provider-twitter nolightbox" data-provider="twitter" target="_blank" rel="nofollow" title="Partagez cette page sur Twitter" href="https://twitter.com/intent/tweet?url=https%3A%2F%2Fwww.mvtpaix.org%2Fwordpress%2Fwp-json%2Fwp%2Fv2%2Fpages%2F108196&#038;text=Suivez%20le%20Mouvement%20de%20la%20Paix%20" style="font-size: 0px; width:32px;height:32px;margin:0;margin-bottom:5px;margin-right:5px;"><img alt="twitter" title="Partagez cette page sur Twitter" class="synved-share-image synved-social-image synved-social-image-share" width="32" height="32" style="display: inline; width:32px;height:32px; margin: 0; padding: 0; border: none; box-shadow: none;" src="https://www.mvtpaix.org/wordpress/wp-content/plugins/social-media-feather/synved-social/image/social/regular/64x64/twitter.png" /></a><a class="synved-social-button synved-social-button-share synved-social-size-32 synved-social-resolution-single synved-social-provider-mail nolightbox" data-provider="mail" rel="nofollow" title="Partagez-nous par email" href="mailto:?subject=Monsieur%20le%20Pr%C3%A9sident%2C%20agissez%20pour%20la%20lib%C3%A9ration%20imm%C3%A9diate%20de%20Salah%20Hamouri%20%21&#038;body=Suivez%20le%20Mouvement%20de%20la%20Paix%20:%20https%3A%2F%2Fwww.mvtpaix.org%2Fwordpress%2Fwp-json%2Fwp%2Fv2%2Fpages%2F108196" style="font-size: 0px; width:32px;height:32px;margin:0;margin-bottom:5px;"><img alt="mail" title="Partagez-nous par email" class="synved-share-image synved-social-image synved-social-image-share" width="32" height="32" style="display: inline; width:32px;height:32px; margin: 0; padding: 0; border: none; box-shadow: none;" src="https://www.mvtpaix.org/wordpress/wp-content/plugins/social-media-feather/synved-social/image/social/regular/64x64/mail.png" /></a>

<p>Monsieur le président de la République, Salah Hamouri, avocat franco-palestinien a été arrêté par les autorités israéliennes le 23 août. Il en est à plus de 70 jours de détention sous le statut de détention administrative, sans jugement, sans que les motifs d&#8217;accusation lui soient communiqués.  Actuellement, tous les recours judiciaires sont  épuisés. Salah Hamouri est [&hellip;]</p>
